{"id":1016,"date":"2021-10-01T17:21:13","date_gmt":"2021-10-01T15:21:13","guid":{"rendered":"https:\/\/www.annonces-legales.org\/blog\/?page_id=1016"},"modified":"2022-01-26T11:51:54","modified_gmt":"2022-01-26T10:51:54","slug":"journal-de-saint-barth","status":"publish","type":"page","link":"https:\/\/www.annonces-legales.org\/blog\/journal-de-saint-barth\/","title":{"rendered":"Journal de Saint Barth"},"content":{"rendered":"<p><img loading=\"lazy\" decoding=\"async\" class=\"aligncenter size-full wp-image-1018\" src=\"https:\/\/www.annonces-legales.org\/blog\/wp-content\/uploads\/2021\/10\/Journal-de-Saint-Barth.png\" alt=\"\" width=\"350\" height=\"111\" srcset=\"https:\/\/www.annonces-legales.org\/blog\/wp-content\/uploads\/2021\/10\/Journal-de-Saint-Barth.png 350w, https:\/\/www.annonces-legales.org\/blog\/wp-content\/uploads\/2021\/10\/Journal-de-Saint-Barth-300x95.png 300w\" sizes=\"auto, (max-width: 350px) 100vw, 350px\" \/><\/p>\n<p>Le Journal de Saint Barth est un hebdomadaire situ\u00e9 en Guadeloupe. Il para\u00eet tous les jeudis. Il propose des actualit\u00e9s de Saint Barth et des communes environnantes. Il est possible de le t\u00e9l\u00e9charger gratuitement sur son site Internet.<\/p>\n<p>Le Journal de Saint Barth poss\u00e8de une habilitation pour d\u00e9poser des annonces l\u00e9gales dans le d\u00e9partement de la Guadeloupe.<\/p>\n<p>L&rsquo;adresse du journal : Les Mangliers, Saint-Barth\u00e9lemy 97098.<br \/>\nT\u00e9l\u00e9phone : 05 90 27 65 19.<\/p>\n<p>&nbsp;<\/p>\n<h2>Histoire du journal de Saint Barth<\/h2>\n<p>Le journal a \u00e9t\u00e9 fond\u00e9 en 1991 par le groupe de presse France-Antilles. Le premier num\u00e9ro du journal \u00e0 consacr\u00e9 au dossier sur le plan d&rsquo;occupation des sols Qui a provoqu\u00e9 une controverse mais qui a apport\u00e9 une grande notori\u00e9t\u00e9 au journal.<br \/>\nTout d&rsquo;abord mensuel, le journal devient hebdomadaire \u00e0 la fin de l&rsquo;ann\u00e9e 1992. Le journal est imprim\u00e9 par l&rsquo;imprimerie du Daily Herald, un journal n\u00e9erlandais de l&rsquo;\u00eele de Saint-Martin.<\/p>\n<p>&nbsp;<\/p>\n<br\/><br\/><div class=\"entry-content notopmargin\">\n\t<img decoding=\"async\" class=\"img-fluid fleft\" src=\"https:\/\/www.annonces-legales.org\/images\/rapide-economique-tout-departement.png\" alt=\"Journal d'annonce l\u00e9gale de Saint Barth \"><a href=\"https:\/\/www.annonces-legales.org\/publication-annonce-legale.html\" class=\"button button-desc fright mtop30\"><div>Je publie<br> mon annonce<br> l\u00e9gale<\/div><span>dans un journal de Saint Barth !<\/span><\/a>\n<\/div><div class=\"clrbth\"><\/div><br\/><br\/>\n<p>&nbsp;<\/p>\n<h2>Annonces officielles en Guadeloupe<\/h2>\n<p>Vous devez faire une annonce officielle ou un avis de cr\u00e9ation dans dans un <strong>JAL de Guadeloupe 971<\/strong> ?<\/p>\n<p>Nous vous invitons \u00e0 r\u00e9aliser une demande de prix pour votre publicit\u00e9 l\u00e9gale sur notre site web pour profiter de notre expertise et pour b\u00e9n\u00e9ficier du meilleur prix possible.<\/p>\n<p>&nbsp;<\/p>\n<h2>Quels sont les crit\u00e8res pour qu&rsquo;un journal de Guadeloupe devienne un organe de publication officiel ?<\/h2>\n<p>Seuls les journaux papier reconnu dans la r\u00e9gion Guadeloup\u00e9enne\u00a0 ont le droit de publier une annonce dans ce d\u00e9partement. Cela peut \u00eatre des journaux uniquement locaux ou des journaux nationaux qui ont une \u00e9dition locale.<\/p>\n<p>Le journal doit ob\u00e9ir \u00e0 un certain nombre de conditions et doit \u00eatre valid\u00e9 par la pr\u00e9fecture de Guadeloupe situ\u00e9e \u00e0 Basse-Terre. L&rsquo;habilitation est donn\u00e9e pour un an. Elle doit \u00eatre renouvel\u00e9e par le journal tous les ans.<\/p>\n","protected":false},"excerpt":{"rendered":"<p>Le Journal de Saint Barth est un hebdomadaire situ\u00e9 en Guadeloupe. Il para\u00eet tous les jeudis. Il propose des actualit\u00e9s [&hellip;]<\/p>\n","protected":false},"author":1,"featured_media":0,"parent":351,"menu_order":0,"comment_status":"closed","ping_status":"closed","template":"","meta":{"inline_featured_image":false,"footnotes":""},"class_list":["post-1016","page","type-page","status-publish","hentry"],"yoast_head":"<!-- This site is optimized with the Yoast SEO plugin v26.8 - https:\/\/yoast.com\/product\/yoast-seo-wordpress\/ -->\n<title>Journal de Saint Barth - Actualit\u00e9 des entreprises<\/title>\n<meta name=\"robots\" content=\"index, follow, max-snippet:-1, max-image-preview:large, max-video-preview:-1\" \/>\n<link rel=\"canonical\" href=\"https:\/\/www.annonces-legales.org\/blog\/journal-de-saint-barth\/\" \/>\n<meta property=\"og:locale\" content=\"fr_FR\" \/>\n<meta property=\"og:type\" content=\"article\" \/>\n<meta property=\"og:title\" content=\"Journal de Saint Barth - Actualit\u00e9 des entreprises\" \/>\n<meta property=\"og:description\" content=\"Le Journal de Saint Barth est un hebdomadaire situ\u00e9 en Guadeloupe. Il para\u00eet tous les jeudis. Il propose des actualit\u00e9s [&hellip;]\" \/>\n<meta property=\"og:url\" content=\"https:\/\/www.annonces-legales.org\/blog\/journal-de-saint-barth\/\" \/>\n<meta property=\"og:site_name\" content=\"Actualit\u00e9 des entreprises\" \/>\n<meta property=\"article:modified_time\" content=\"2022-01-26T10:51:54+00:00\" \/>\n<meta property=\"og:image\" content=\"https:\/\/www.annonces-legales.org\/blog\/wp-content\/uploads\/2021\/10\/Journal-de-Saint-Barth.png\" \/>\n\t<meta property=\"og:image:width\" content=\"350\" \/>\n\t<meta property=\"og:image:height\" content=\"111\" \/>\n\t<meta property=\"og:image:type\" content=\"image\/png\" \/>\n<meta name=\"twitter:card\" content=\"summary_large_image\" \/>\n<meta name=\"twitter:label1\" content=\"Dur\u00e9e de lecture estim\u00e9e\" \/>\n\t<meta name=\"twitter:data1\" content=\"2 minutes\" \/>\n<script type=\"application\/ld+json\" class=\"yoast-schema-graph\">{\"@context\":\"https:\/\/schema.org\",\"@graph\":[{\"@type\":\"WebPage\",\"@id\":\"https:\/\/www.annonces-legales.org\/blog\/journal-de-saint-barth\/\",\"url\":\"https:\/\/www.annonces-legales.org\/blog\/journal-de-saint-barth\/\",\"name\":\"Journal de Saint Barth - Actualit\u00e9 des entreprises\",\"isPartOf\":{\"@id\":\"https:\/\/www.annonces-legales.org\/blog\/#website\"},\"primaryImageOfPage\":{\"@id\":\"https:\/\/www.annonces-legales.org\/blog\/journal-de-saint-barth\/#primaryimage\"},\"image\":{\"@id\":\"https:\/\/www.annonces-legales.org\/blog\/journal-de-saint-barth\/#primaryimage\"},\"thumbnailUrl\":\"https:\/\/www.annonces-legales.org\/blog\/wp-content\/uploads\/2021\/10\/Journal-de-Saint-Barth.png\",\"datePublished\":\"2021-10-01T15:21:13+00:00\",\"dateModified\":\"2022-01-26T10:51:54+00:00\",\"breadcrumb\":{\"@id\":\"https:\/\/www.annonces-legales.org\/blog\/journal-de-saint-barth\/#breadcrumb\"},\"inLanguage\":\"fr-FR\",\"potentialAction\":[{\"@type\":\"ReadAction\",\"target\":[\"https:\/\/www.annonces-legales.org\/blog\/journal-de-saint-barth\/\"]}]},{\"@type\":\"ImageObject\",\"inLanguage\":\"fr-FR\",\"@id\":\"https:\/\/www.annonces-legales.org\/blog\/journal-de-saint-barth\/#primaryimage\",\"url\":\"https:\/\/www.annonces-legales.org\/blog\/wp-content\/uploads\/2021\/10\/Journal-de-Saint-Barth.png\",\"contentUrl\":\"https:\/\/www.annonces-legales.org\/blog\/wp-content\/uploads\/2021\/10\/Journal-de-Saint-Barth.png\",\"width\":350,\"height\":111},{\"@type\":\"BreadcrumbList\",\"@id\":\"https:\/\/www.annonces-legales.org\/blog\/journal-de-saint-barth\/#breadcrumb\",\"itemListElement\":[{\"@type\":\"ListItem\",\"position\":1,\"name\":\"Accueil\",\"item\":\"https:\/\/www.annonces-legales.org\/blog\/\"},{\"@type\":\"ListItem\",\"position\":2,\"name\":\"Liste des journaux habilit\u00e9s \u00e0 publier des annonces l\u00e9gales\",\"item\":\"https:\/\/www.annonces-legales.org\/blog\/liste-des-journaux-habilites-a-publier-des-annonces-legales\/\"},{\"@type\":\"ListItem\",\"position\":3,\"name\":\"Journal de Saint Barth\"}]},{\"@type\":\"WebSite\",\"@id\":\"https:\/\/www.annonces-legales.org\/blog\/#website\",\"url\":\"https:\/\/www.annonces-legales.org\/blog\/\",\"name\":\"Actualit\u00e9 des entreprises\",\"description\":\"\",\"publisher\":{\"@id\":\"https:\/\/www.annonces-legales.org\/blog\/#organization\"},\"potentialAction\":[{\"@type\":\"SearchAction\",\"target\":{\"@type\":\"EntryPoint\",\"urlTemplate\":\"https:\/\/www.annonces-legales.org\/blog\/?s={search_term_string}\"},\"query-input\":{\"@type\":\"PropertyValueSpecification\",\"valueRequired\":true,\"valueName\":\"search_term_string\"}}],\"inLanguage\":\"fr-FR\"},{\"@type\":\"Organization\",\"@id\":\"https:\/\/www.annonces-legales.org\/blog\/#organization\",\"name\":\"Actualit\u00e9 des entreprises\",\"url\":\"https:\/\/www.annonces-legales.org\/blog\/\",\"logo\":{\"@type\":\"ImageObject\",\"inLanguage\":\"fr-FR\",\"@id\":\"https:\/\/www.annonces-legales.org\/blog\/#\/schema\/logo\/image\/\",\"url\":\"https:\/\/www.annonces-legales.org\/blog\/wp-content\/uploads\/2023\/08\/annonces-legales.svg\",\"contentUrl\":\"https:\/\/www.annonces-legales.org\/blog\/wp-content\/uploads\/2023\/08\/annonces-legales.svg\",\"caption\":\"Actualit\u00e9 des entreprises\"},\"image\":{\"@id\":\"https:\/\/www.annonces-legales.org\/blog\/#\/schema\/logo\/image\/\"}}]}<\/script>\n<!-- \/ Yoast SEO plugin. -->","yoast_head_json":{"title":"Journal de Saint Barth - Actualit\u00e9 des entreprises","robots":{"index":"index","follow":"follow","max-snippet":"max-snippet:-1","max-image-preview":"max-image-preview:large","max-video-preview":"max-video-preview:-1"},"canonical":"https:\/\/www.annonces-legales.org\/blog\/journal-de-saint-barth\/","og_locale":"fr_FR","og_type":"article","og_title":"Journal de Saint Barth - Actualit\u00e9 des entreprises","og_description":"Le Journal de Saint Barth est un hebdomadaire situ\u00e9 en Guadeloupe. Il para\u00eet tous les jeudis. Il propose des actualit\u00e9s [&hellip;]","og_url":"https:\/\/www.annonces-legales.org\/blog\/journal-de-saint-barth\/","og_site_name":"Actualit\u00e9 des entreprises","article_modified_time":"2022-01-26T10:51:54+00:00","og_image":[{"width":350,"height":111,"url":"https:\/\/www.annonces-legales.org\/blog\/wp-content\/uploads\/2021\/10\/Journal-de-Saint-Barth.png","type":"image\/png"}],"twitter_card":"summary_large_image","twitter_misc":{"Dur\u00e9e de lecture estim\u00e9e":"2 minutes"},"schema":{"@context":"https:\/\/schema.org","@graph":[{"@type":"WebPage","@id":"https:\/\/www.annonces-legales.org\/blog\/journal-de-saint-barth\/","url":"https:\/\/www.annonces-legales.org\/blog\/journal-de-saint-barth\/","name":"Journal de Saint Barth - Actualit\u00e9 des entreprises","isPartOf":{"@id":"https:\/\/www.annonces-legales.org\/blog\/#website"},"primaryImageOfPage":{"@id":"https:\/\/www.annonces-legales.org\/blog\/journal-de-saint-barth\/#primaryimage"},"image":{"@id":"https:\/\/www.annonces-legales.org\/blog\/journal-de-saint-barth\/#primaryimage"},"thumbnailUrl":"https:\/\/www.annonces-legales.org\/blog\/wp-content\/uploads\/2021\/10\/Journal-de-Saint-Barth.png","datePublished":"2021-10-01T15:21:13+00:00","dateModified":"2022-01-26T10:51:54+00:00","breadcrumb":{"@id":"https:\/\/www.annonces-legales.org\/blog\/journal-de-saint-barth\/#breadcrumb"},"inLanguage":"fr-FR","potentialAction":[{"@type":"ReadAction","target":["https:\/\/www.annonces-legales.org\/blog\/journal-de-saint-barth\/"]}]},{"@type":"ImageObject","inLanguage":"fr-FR","@id":"https:\/\/www.annonces-legales.org\/blog\/journal-de-saint-barth\/#primaryimage","url":"https:\/\/www.annonces-legales.org\/blog\/wp-content\/uploads\/2021\/10\/Journal-de-Saint-Barth.png","contentUrl":"https:\/\/www.annonces-legales.org\/blog\/wp-content\/uploads\/2021\/10\/Journal-de-Saint-Barth.png","width":350,"height":111},{"@type":"BreadcrumbList","@id":"https:\/\/www.annonces-legales.org\/blog\/journal-de-saint-barth\/#breadcrumb","itemListElement":[{"@type":"ListItem","position":1,"name":"Accueil","item":"https:\/\/www.annonces-legales.org\/blog\/"},{"@type":"ListItem","position":2,"name":"Liste des journaux habilit\u00e9s \u00e0 publier des annonces l\u00e9gales","item":"https:\/\/www.annonces-legales.org\/blog\/liste-des-journaux-habilites-a-publier-des-annonces-legales\/"},{"@type":"ListItem","position":3,"name":"Journal de Saint Barth"}]},{"@type":"WebSite","@id":"https:\/\/www.annonces-legales.org\/blog\/#website","url":"https:\/\/www.annonces-legales.org\/blog\/","name":"Actualit\u00e9 des entreprises","description":"","publisher":{"@id":"https:\/\/www.annonces-legales.org\/blog\/#organization"},"potentialAction":[{"@type":"SearchAction","target":{"@type":"EntryPoint","urlTemplate":"https:\/\/www.annonces-legales.org\/blog\/?s={search_term_string}"},"query-input":{"@type":"PropertyValueSpecification","valueRequired":true,"valueName":"search_term_string"}}],"inLanguage":"fr-FR"},{"@type":"Organization","@id":"https:\/\/www.annonces-legales.org\/blog\/#organization","name":"Actualit\u00e9 des entreprises","url":"https:\/\/www.annonces-legales.org\/blog\/","logo":{"@type":"ImageObject","inLanguage":"fr-FR","@id":"https:\/\/www.annonces-legales.org\/blog\/#\/schema\/logo\/image\/","url":"https:\/\/www.annonces-legales.org\/blog\/wp-content\/uploads\/2023\/08\/annonces-legales.svg","contentUrl":"https:\/\/www.annonces-legales.org\/blog\/wp-content\/uploads\/2023\/08\/annonces-legales.svg","caption":"Actualit\u00e9 des entreprises"},"image":{"@id":"https:\/\/www.annonces-legales.org\/blog\/#\/schema\/logo\/image\/"}}]}},"_links":{"self":[{"href":"https:\/\/www.annonces-legales.org\/blog\/wp-json\/wp\/v2\/pages\/1016","targetHints":{"allow":["GET"]}}],"collection":[{"href":"https:\/\/www.annonces-legales.org\/blog\/wp-json\/wp\/v2\/pages"}],"about":[{"href":"https:\/\/www.annonces-legales.org\/blog\/wp-json\/wp\/v2\/types\/page"}],"author":[{"embeddable":true,"href":"https:\/\/www.annonces-legales.org\/blog\/wp-json\/wp\/v2\/users\/1"}],"replies":[{"embeddable":true,"href":"https:\/\/www.annonces-legales.org\/blog\/wp-json\/wp\/v2\/comments?post=1016"}],"version-history":[{"count":4,"href":"https:\/\/www.annonces-legales.org\/blog\/wp-json\/wp\/v2\/pages\/1016\/revisions"}],"predecessor-version":[{"id":1502,"href":"https:\/\/www.annonces-legales.org\/blog\/wp-json\/wp\/v2\/pages\/1016\/revisions\/1502"}],"up":[{"embeddable":true,"href":"https:\/\/www.annonces-legales.org\/blog\/wp-json\/wp\/v2\/pages\/351"}],"wp:attachment":[{"href":"https:\/\/www.annonces-legales.org\/blog\/wp-json\/wp\/v2\/media?parent=1016"}],"curies":[{"name":"wp","href":"https:\/\/api.w.org\/{rel}","templated":true}]}}