{"id":1023,"date":"2021-10-01T17:23:40","date_gmt":"2021-10-01T15:23:40","guid":{"rendered":"https:\/\/www.annonces-legales.org\/blog\/?page_id=1023"},"modified":"2022-01-26T12:10:37","modified_gmt":"2022-01-26T11:10:37","slug":"paysan-du-haut-rhin","status":"publish","type":"page","link":"https:\/\/www.annonces-legales.org\/blog\/paysan-du-haut-rhin\/","title":{"rendered":"Paysan du Haut-Rhin"},"content":{"rendered":"<p><img loading=\"lazy\" decoding=\"async\" class=\"aligncenter size-full wp-image-1024\" src=\"https:\/\/www.annonces-legales.org\/blog\/wp-content\/uploads\/2021\/10\/Le-Paysan-du-Haut-Rhin.png\" alt=\"\" width=\"234\" height=\"83\" \/><\/p>\n<p>L&rsquo;hebdomadaire <strong>Le Paysan du Haut-Rhin<\/strong> propose des informations rurales et agricoles dans le d\u00e9partement du Haut-Rhin.<\/p>\n<p>Il est surnomm\u00e9 PHR et a pour slogan \u00ab Votre hebdo rural \u00bb. Il poss\u00e8de un tirage moyen d&rsquo;environ 3500 exemplaires. Le journal poss\u00e8de une rubrique \u00e9levage, une rubrique cultures, une rubrique vigne, une rubrique technique et enfin une rubrique vie professionnelle. Son lectorat est compos\u00e9 principalement d&rsquo;agriculteurs et de viticulteurs. Il est rattach\u00e9 au syndicat de presse agricole et rurale SNPAR.<br \/>\nIl est vendu environ deux euros. Il est possible de s&rsquo;abonner sur le site Internet du journal pour 110 \u20ac par an (version en ligne + papier).<\/p>\n<p>Ce journal est homologu\u00e9 pour faire des annonces l\u00e9gales dans le d\u00e9partement du Haut-Rhin (68). Il publie environ 2000 annonces l\u00e9gales chaque ann\u00e9e.<\/p>\n<p>&nbsp;<\/p>\n<h2>Publier une annonce avec notre plateforme dans le 68<\/h2>\n<p>Notre service de formalit\u00e9 Annonces-legales.org vous donne la possibilit\u00e9 de diffuser vos annonces l\u00e9gales et judiciaires dans tous les d\u00e9partements fran\u00e7ais au meilleurs tarif possible. Vous pouvez comparer les prix sur divers journaux d&rsquo;annonce l\u00e9gale du d\u00e9partement en quelques minutes.<\/p>\n<br\/><br\/><div class=\"entry-content notopmargin\">\n\t<img decoding=\"async\" class=\"img-fluid fleft\" src=\"https:\/\/www.annonces-legales.org\/images\/rapide-economique-tout-departement.png\" alt=\"Journal d'annonce l\u00e9gale du 68 \"><a href=\"https:\/\/www.annonces-legales.org\/publication-annonce-legale.html\" class=\"button button-desc fright mtop30\"><div>Je publie<br> mon annonce<br> l\u00e9gale<\/div><span>dans un journal du 68 !<\/span><\/a>\n<\/div><div class=\"clrbth\"><\/div><br\/><br\/>\n<h2>Quand les soci\u00e9t\u00e9s doivent-elles publier un avis officiel ?<\/h2>\n<p>Pour une grande partie des structures, de l&rsquo;EURL \u00e0 la Soci\u00e9t\u00e9 Anonyme, la parution d&rsquo;une annonce l\u00e9gale est indispensable. Elles le font d\u00e8s la cr\u00e9ation mais aussi le long de leur vie.<br \/>\nSeul certains petits \u00e9tablissements comme par exemple l&rsquo;autoentreprenariat n&rsquo;a pas besoin de faire une annonce l\u00e9gale.<br \/>\nOn remarque que toutes les firmes ont fait au minimum 2 annonces au bout de deux ans d\u2019existence.<\/p>\n<p>Seules les firmes qui ont la citoyennet\u00e9 fran\u00e7aise doivent accomplir cette formalit\u00e9.<\/p>\n<p>&nbsp;<\/p>\n<p>&nbsp;<\/p>\n<p>&nbsp;<\/p>\n","protected":false},"excerpt":{"rendered":"<p>L&rsquo;hebdomadaire Le Paysan du Haut-Rhin propose des informations rurales et agricoles dans le d\u00e9partement du Haut-Rhin. Il est surnomm\u00e9 PHR [&hellip;]<\/p>\n","protected":false},"author":1,"featured_media":0,"parent":351,"menu_order":0,"comment_status":"closed","ping_status":"closed","template":"","meta":{"inline_featured_image":false,"footnotes":""},"class_list":["post-1023","page","type-page","status-publish","hentry"],"yoast_head":"<!-- This site is optimized with the Yoast SEO plugin v26.8 - https:\/\/yoast.com\/product\/yoast-seo-wordpress\/ -->\n<title>Paysan du Haut-Rhin - Actualit\u00e9 des entreprises<\/title>\n<meta name=\"robots\" content=\"index, follow, max-snippet:-1, max-image-preview:large, max-video-preview:-1\" \/>\n<link rel=\"canonical\" href=\"https:\/\/www.annonces-legales.org\/blog\/paysan-du-haut-rhin\/\" \/>\n<meta property=\"og:locale\" content=\"fr_FR\" \/>\n<meta property=\"og:type\" content=\"article\" \/>\n<meta property=\"og:title\" content=\"Paysan du Haut-Rhin - Actualit\u00e9 des entreprises\" \/>\n<meta property=\"og:description\" content=\"L&rsquo;hebdomadaire Le Paysan du Haut-Rhin propose des informations rurales et agricoles dans le d\u00e9partement du Haut-Rhin. Il est surnomm\u00e9 PHR [&hellip;]\" \/>\n<meta property=\"og:url\" content=\"https:\/\/www.annonces-legales.org\/blog\/paysan-du-haut-rhin\/\" \/>\n<meta property=\"og:site_name\" content=\"Actualit\u00e9 des entreprises\" \/>\n<meta property=\"article:modified_time\" content=\"2022-01-26T11:10:37+00:00\" \/>\n<meta property=\"og:image\" content=\"https:\/\/www.annonces-legales.org\/blog\/wp-content\/uploads\/2021\/10\/Le-Paysan-du-Haut-Rhin.png\" \/>\n\t<meta property=\"og:image:width\" content=\"234\" \/>\n\t<meta property=\"og:image:height\" content=\"83\" \/>\n\t<meta property=\"og:image:type\" content=\"image\/png\" \/>\n<meta name=\"twitter:card\" content=\"summary_large_image\" \/>\n<meta name=\"twitter:label1\" content=\"Dur\u00e9e de lecture estim\u00e9e\" \/>\n\t<meta name=\"twitter:data1\" content=\"1 minute\" \/>\n<script type=\"application\/ld+json\" class=\"yoast-schema-graph\">{\"@context\":\"https:\/\/schema.org\",\"@graph\":[{\"@type\":\"WebPage\",\"@id\":\"https:\/\/www.annonces-legales.org\/blog\/paysan-du-haut-rhin\/\",\"url\":\"https:\/\/www.annonces-legales.org\/blog\/paysan-du-haut-rhin\/\",\"name\":\"Paysan du Haut-Rhin - Actualit\u00e9 des entreprises\",\"isPartOf\":{\"@id\":\"https:\/\/www.annonces-legales.org\/blog\/#website\"},\"primaryImageOfPage\":{\"@id\":\"https:\/\/www.annonces-legales.org\/blog\/paysan-du-haut-rhin\/#primaryimage\"},\"image\":{\"@id\":\"https:\/\/www.annonces-legales.org\/blog\/paysan-du-haut-rhin\/#primaryimage\"},\"thumbnailUrl\":\"https:\/\/www.annonces-legales.org\/blog\/wp-content\/uploads\/2021\/10\/Le-Paysan-du-Haut-Rhin.png\",\"datePublished\":\"2021-10-01T15:23:40+00:00\",\"dateModified\":\"2022-01-26T11:10:37+00:00\",\"breadcrumb\":{\"@id\":\"https:\/\/www.annonces-legales.org\/blog\/paysan-du-haut-rhin\/#breadcrumb\"},\"inLanguage\":\"fr-FR\",\"potentialAction\":[{\"@type\":\"ReadAction\",\"target\":[\"https:\/\/www.annonces-legales.org\/blog\/paysan-du-haut-rhin\/\"]}]},{\"@type\":\"ImageObject\",\"inLanguage\":\"fr-FR\",\"@id\":\"https:\/\/www.annonces-legales.org\/blog\/paysan-du-haut-rhin\/#primaryimage\",\"url\":\"https:\/\/www.annonces-legales.org\/blog\/wp-content\/uploads\/2021\/10\/Le-Paysan-du-Haut-Rhin.png\",\"contentUrl\":\"https:\/\/www.annonces-legales.org\/blog\/wp-content\/uploads\/2021\/10\/Le-Paysan-du-Haut-Rhin.png\",\"width\":234,\"height\":83},{\"@type\":\"BreadcrumbList\",\"@id\":\"https:\/\/www.annonces-legales.org\/blog\/paysan-du-haut-rhin\/#breadcrumb\",\"itemListElement\":[{\"@type\":\"ListItem\",\"position\":1,\"name\":\"Accueil\",\"item\":\"https:\/\/www.annonces-legales.org\/blog\/\"},{\"@type\":\"ListItem\",\"position\":2,\"name\":\"Liste des journaux habilit\u00e9s \u00e0 publier des annonces l\u00e9gales\",\"item\":\"https:\/\/www.annonces-legales.org\/blog\/liste-des-journaux-habilites-a-publier-des-annonces-legales\/\"},{\"@type\":\"ListItem\",\"position\":3,\"name\":\"Paysan du Haut-Rhin\"}]},{\"@type\":\"WebSite\",\"@id\":\"https:\/\/www.annonces-legales.org\/blog\/#website\",\"url\":\"https:\/\/www.annonces-legales.org\/blog\/\",\"name\":\"Actualit\u00e9 des entreprises\",\"description\":\"\",\"publisher\":{\"@id\":\"https:\/\/www.annonces-legales.org\/blog\/#organization\"},\"potentialAction\":[{\"@type\":\"SearchAction\",\"target\":{\"@type\":\"EntryPoint\",\"urlTemplate\":\"https:\/\/www.annonces-legales.org\/blog\/?s={search_term_string}\"},\"query-input\":{\"@type\":\"PropertyValueSpecification\",\"valueRequired\":true,\"valueName\":\"search_term_string\"}}],\"inLanguage\":\"fr-FR\"},{\"@type\":\"Organization\",\"@id\":\"https:\/\/www.annonces-legales.org\/blog\/#organization\",\"name\":\"Actualit\u00e9 des entreprises\",\"url\":\"https:\/\/www.annonces-legales.org\/blog\/\",\"logo\":{\"@type\":\"ImageObject\",\"inLanguage\":\"fr-FR\",\"@id\":\"https:\/\/www.annonces-legales.org\/blog\/#\/schema\/logo\/image\/\",\"url\":\"https:\/\/www.annonces-legales.org\/blog\/wp-content\/uploads\/2023\/08\/annonces-legales.svg\",\"contentUrl\":\"https:\/\/www.annonces-legales.org\/blog\/wp-content\/uploads\/2023\/08\/annonces-legales.svg\",\"caption\":\"Actualit\u00e9 des entreprises\"},\"image\":{\"@id\":\"https:\/\/www.annonces-legales.org\/blog\/#\/schema\/logo\/image\/\"}}]}<\/script>\n<!-- \/ Yoast SEO plugin. -->","yoast_head_json":{"title":"Paysan du Haut-Rhin - Actualit\u00e9 des entreprises","robots":{"index":"index","follow":"follow","max-snippet":"max-snippet:-1","max-image-preview":"max-image-preview:large","max-video-preview":"max-video-preview:-1"},"canonical":"https:\/\/www.annonces-legales.org\/blog\/paysan-du-haut-rhin\/","og_locale":"fr_FR","og_type":"article","og_title":"Paysan du Haut-Rhin - Actualit\u00e9 des entreprises","og_description":"L&rsquo;hebdomadaire Le Paysan du Haut-Rhin propose des informations rurales et agricoles dans le d\u00e9partement du Haut-Rhin. Il est surnomm\u00e9 PHR [&hellip;]","og_url":"https:\/\/www.annonces-legales.org\/blog\/paysan-du-haut-rhin\/","og_site_name":"Actualit\u00e9 des entreprises","article_modified_time":"2022-01-26T11:10:37+00:00","og_image":[{"width":234,"height":83,"url":"https:\/\/www.annonces-legales.org\/blog\/wp-content\/uploads\/2021\/10\/Le-Paysan-du-Haut-Rhin.png","type":"image\/png"}],"twitter_card":"summary_large_image","twitter_misc":{"Dur\u00e9e de lecture estim\u00e9e":"1 minute"},"schema":{"@context":"https:\/\/schema.org","@graph":[{"@type":"WebPage","@id":"https:\/\/www.annonces-legales.org\/blog\/paysan-du-haut-rhin\/","url":"https:\/\/www.annonces-legales.org\/blog\/paysan-du-haut-rhin\/","name":"Paysan du Haut-Rhin - Actualit\u00e9 des entreprises","isPartOf":{"@id":"https:\/\/www.annonces-legales.org\/blog\/#website"},"primaryImageOfPage":{"@id":"https:\/\/www.annonces-legales.org\/blog\/paysan-du-haut-rhin\/#primaryimage"},"image":{"@id":"https:\/\/www.annonces-legales.org\/blog\/paysan-du-haut-rhin\/#primaryimage"},"thumbnailUrl":"https:\/\/www.annonces-legales.org\/blog\/wp-content\/uploads\/2021\/10\/Le-Paysan-du-Haut-Rhin.png","datePublished":"2021-10-01T15:23:40+00:00","dateModified":"2022-01-26T11:10:37+00:00","breadcrumb":{"@id":"https:\/\/www.annonces-legales.org\/blog\/paysan-du-haut-rhin\/#breadcrumb"},"inLanguage":"fr-FR","potentialAction":[{"@type":"ReadAction","target":["https:\/\/www.annonces-legales.org\/blog\/paysan-du-haut-rhin\/"]}]},{"@type":"ImageObject","inLanguage":"fr-FR","@id":"https:\/\/www.annonces-legales.org\/blog\/paysan-du-haut-rhin\/#primaryimage","url":"https:\/\/www.annonces-legales.org\/blog\/wp-content\/uploads\/2021\/10\/Le-Paysan-du-Haut-Rhin.png","contentUrl":"https:\/\/www.annonces-legales.org\/blog\/wp-content\/uploads\/2021\/10\/Le-Paysan-du-Haut-Rhin.png","width":234,"height":83},{"@type":"BreadcrumbList","@id":"https:\/\/www.annonces-legales.org\/blog\/paysan-du-haut-rhin\/#breadcrumb","itemListElement":[{"@type":"ListItem","position":1,"name":"Accueil","item":"https:\/\/www.annonces-legales.org\/blog\/"},{"@type":"ListItem","position":2,"name":"Liste des journaux habilit\u00e9s \u00e0 publier des annonces l\u00e9gales","item":"https:\/\/www.annonces-legales.org\/blog\/liste-des-journaux-habilites-a-publier-des-annonces-legales\/"},{"@type":"ListItem","position":3,"name":"Paysan du Haut-Rhin"}]},{"@type":"WebSite","@id":"https:\/\/www.annonces-legales.org\/blog\/#website","url":"https:\/\/www.annonces-legales.org\/blog\/","name":"Actualit\u00e9 des entreprises","description":"","publisher":{"@id":"https:\/\/www.annonces-legales.org\/blog\/#organization"},"potentialAction":[{"@type":"SearchAction","target":{"@type":"EntryPoint","urlTemplate":"https:\/\/www.annonces-legales.org\/blog\/?s={search_term_string}"},"query-input":{"@type":"PropertyValueSpecification","valueRequired":true,"valueName":"search_term_string"}}],"inLanguage":"fr-FR"},{"@type":"Organization","@id":"https:\/\/www.annonces-legales.org\/blog\/#organization","name":"Actualit\u00e9 des entreprises","url":"https:\/\/www.annonces-legales.org\/blog\/","logo":{"@type":"ImageObject","inLanguage":"fr-FR","@id":"https:\/\/www.annonces-legales.org\/blog\/#\/schema\/logo\/image\/","url":"https:\/\/www.annonces-legales.org\/blog\/wp-content\/uploads\/2023\/08\/annonces-legales.svg","contentUrl":"https:\/\/www.annonces-legales.org\/blog\/wp-content\/uploads\/2023\/08\/annonces-legales.svg","caption":"Actualit\u00e9 des entreprises"},"image":{"@id":"https:\/\/www.annonces-legales.org\/blog\/#\/schema\/logo\/image\/"}}]}},"_links":{"self":[{"href":"https:\/\/www.annonces-legales.org\/blog\/wp-json\/wp\/v2\/pages\/1023","targetHints":{"allow":["GET"]}}],"collection":[{"href":"https:\/\/www.annonces-legales.org\/blog\/wp-json\/wp\/v2\/pages"}],"about":[{"href":"https:\/\/www.annonces-legales.org\/blog\/wp-json\/wp\/v2\/types\/page"}],"author":[{"embeddable":true,"href":"https:\/\/www.annonces-legales.org\/blog\/wp-json\/wp\/v2\/users\/1"}],"replies":[{"embeddable":true,"href":"https:\/\/www.annonces-legales.org\/blog\/wp-json\/wp\/v2\/comments?post=1023"}],"version-history":[{"count":5,"href":"https:\/\/www.annonces-legales.org\/blog\/wp-json\/wp\/v2\/pages\/1023\/revisions"}],"predecessor-version":[{"id":2359,"href":"https:\/\/www.annonces-legales.org\/blog\/wp-json\/wp\/v2\/pages\/1023\/revisions\/2359"}],"up":[{"embeddable":true,"href":"https:\/\/www.annonces-legales.org\/blog\/wp-json\/wp\/v2\/pages\/351"}],"wp:attachment":[{"href":"https:\/\/www.annonces-legales.org\/blog\/wp-json\/wp\/v2\/media?parent=1023"}],"curies":[{"name":"wp","href":"https:\/\/api.w.org\/{rel}","templated":true}]}}