{"id":1183,"date":"2021-10-12T20:04:55","date_gmt":"2021-10-12T18:04:55","guid":{"rendered":"https:\/\/www.annonces-legales.org\/blog\/?page_id=1183"},"modified":"2022-01-26T11:54:35","modified_gmt":"2022-01-26T10:54:35","slug":"leclaireur-de-chateaubriand","status":"publish","type":"page","link":"https:\/\/www.annonces-legales.org\/blog\/leclaireur-de-chateaubriand\/","title":{"rendered":"L&rsquo;\u00c9claireur de Chateaubriand"},"content":{"rendered":"<p><img loading=\"lazy\" decoding=\"async\" class=\"aligncenter size-medium wp-image-1284\" src=\"https:\/\/www.annonces-legales.org\/blog\/wp-content\/uploads\/2021\/10\/Eclaireur-de-Chateaubriand-300x77.png\" alt=\"\u00c9claireur de Chateaubriand\" width=\"300\" height=\"77\" srcset=\"https:\/\/www.annonces-legales.org\/blog\/wp-content\/uploads\/2021\/10\/Eclaireur-de-Chateaubriand-300x77.png 300w, https:\/\/www.annonces-legales.org\/blog\/wp-content\/uploads\/2021\/10\/Eclaireur-de-Chateaubriand.png 400w\" sizes=\"auto, (max-width: 300px) 100vw, 300px\" \/><\/p>\n<p>Chaque vendredi, l&rsquo;hebdomadaire <strong>l\u2019\u00c9claireur de Chateaubriand<\/strong> et de sa r\u00e9gion para\u00eet dans des kiosques. Chaque semaine, plus de 38 000 lecteurs s&rsquo;offrent ce journal pour 1,60 \u20ac. Environ la moiti\u00e9 des lecteurs sont des abonn\u00e9s.<\/p>\n<p>La r\u00e9dactrice en chef du journal est Marie Mangane-Breton. Elle travaille aux c\u00f4t\u00e9s de Jean-Pierre Robino et Philippe Ducet pour offrir aux lecteurs du journal les meilleures informations sur <strong>Chateaubriand<\/strong> et les villes environnantes.<\/p>\n<p>L&rsquo;adresse du journal l&rsquo;Eclaireur est la suivante : 24 Grande Rue, Chateaubriand 44142. Le journal est imprim\u00e9 \u00e0 Cavan (22).<br \/>\nLa r\u00e9daction du journal peut \u00eatre jointe aux 02 40 81 03 18.<\/p>\n<h2>O\u00f9 acheter L&rsquo;\u00c9claireur de Chateaubriand ?<\/h2>\n<p>Le journal peut-\u00eatre trouv\u00e9 dans de nombreuses villes du d\u00e9partement de Loire-Atlantique et d&rsquo;Ille-et-Vilaine. Ainsi il est disponible dans les maisons de presse de Bain de Bretagne, Saint-Mars-La-Jaille, Saint Julien de Vouvantes, Riaille, Nozay, Pouance, Derval, Retier, Blain&#8230;<\/p>\n<p>&nbsp;<\/p>\n<h2>L&rsquo;\u00c9claireur de Chateaubriand journal habilit\u00e9<\/h2>\n<p>Le journal L&rsquo;\u00e9claireur de Chateaubriand poss\u00e8de une autorisation pour diffuser des annonces l\u00e9gales en Loire-Atlantique et en Ille-et-Vilaine. Il poss\u00e8de un nombre de lecteurs suffisamment important dans ces deux d\u00e9partements pour pouvoir publier des annonces l\u00e9gales.<\/p>\n<p>Cet hebdomadaire fait partie du groupe PubliHebdos, un des plus grands groupes fran\u00e7ais de la presse-papier.<\/p>\n<h2>La publication d&rsquo;annonce l\u00e9gale en Ille-et-Vilaine et Loire-Atlantique<\/h2>\n<p>Toutes les entreprises d&rsquo;Ille-et-Vilaine et de Loire-Atlantique, qu&rsquo;elles soient des SARL, des SAS, des EURL, ou m\u00eame des SCI, vont devoir, \u00e0 un moment donn\u00e9, faire des annonces l\u00e9gales.<br \/>\nC&rsquo;est le cas quand la soci\u00e9t\u00e9 nait mais ce sera \u00e9galement le cas r\u00e9guli\u00e8rement d\u00e8s lors que des informations vitales sur l&rsquo;entreprise doivent \u00eatre chang\u00e9 dans les <strong>statuts de la soci\u00e9t\u00e9<\/strong>.<br \/>\nPour faire publier une annonce l\u00e9gale, ces entreprises doivent utiliser un journal habilit\u00e9 du d\u00e9partement.<\/p>\n<p>Avec annonces-legales.org, d\u00e9poser une annonce l\u00e9gale pour le d\u00e9partement d&rsquo;Ille-et-Vilaine ou de Loire Atlantique se fait en quelques clics. Chaque annonce est v\u00e9rifi\u00e9e avant l&rsquo;envoi au journal habilit\u00e9. Cela permet d&rsquo;\u00eatre certain que l&rsquo;annonce sera accept\u00e9e par le centre de formalit\u00e9 des entreprises.<\/p>\n<h2>Doit-on publier ses annonces l\u00e9gales dans toujours le m\u00eame journal ?<\/h2>\n<p>Non. Il est possible de publier une annonce l\u00e9gale sur diff\u00e9rents journaux. Vous pouvez par exemple effectuer l&rsquo;annonce l\u00e9gale de cr\u00e9ation d&rsquo;une entreprise sur L&rsquo;\u00c9claireur de Chateaubriand, puis plus tard, faire une annonce modificative sur autre journal.<br \/>\nSeuls les annonces rectificatives vont devoir \u00eatre publi\u00e9 dans le m\u00eame journal que l&rsquo;annonce original.<\/p>\n","protected":false},"excerpt":{"rendered":"<p>Chaque vendredi, l&rsquo;hebdomadaire l\u2019\u00c9claireur de Chateaubriand et de sa r\u00e9gion para\u00eet dans des kiosques. Chaque semaine, plus de 38 000 [&hellip;]<\/p>\n","protected":false},"author":1,"featured_media":0,"parent":351,"menu_order":0,"comment_status":"closed","ping_status":"closed","template":"","meta":{"inline_featured_image":false,"footnotes":""},"class_list":["post-1183","page","type-page","status-publish","hentry"],"yoast_head":"<!-- This site is optimized with the Yoast SEO plugin v26.8 - https:\/\/yoast.com\/product\/yoast-seo-wordpress\/ -->\n<title>L&#039;\u00c9claireur de Chateaubriand - Actualit\u00e9 des entreprises<\/title>\n<meta name=\"robots\" content=\"index, follow, max-snippet:-1, max-image-preview:large, max-video-preview:-1\" \/>\n<link rel=\"canonical\" href=\"https:\/\/www.annonces-legales.org\/blog\/leclaireur-de-chateaubriand\/\" \/>\n<meta property=\"og:locale\" content=\"fr_FR\" \/>\n<meta property=\"og:type\" content=\"article\" \/>\n<meta property=\"og:title\" content=\"L&#039;\u00c9claireur de Chateaubriand - Actualit\u00e9 des entreprises\" \/>\n<meta property=\"og:description\" content=\"Chaque vendredi, l&rsquo;hebdomadaire l\u2019\u00c9claireur de Chateaubriand et de sa r\u00e9gion para\u00eet dans des kiosques. Chaque semaine, plus de 38 000 [&hellip;]\" \/>\n<meta property=\"og:url\" content=\"https:\/\/www.annonces-legales.org\/blog\/leclaireur-de-chateaubriand\/\" \/>\n<meta property=\"og:site_name\" content=\"Actualit\u00e9 des entreprises\" \/>\n<meta property=\"article:modified_time\" content=\"2022-01-26T10:54:35+00:00\" \/>\n<meta property=\"og:image\" content=\"https:\/\/www.annonces-legales.org\/blog\/wp-content\/uploads\/2021\/10\/Eclaireur-de-Chateaubriand.png\" \/>\n\t<meta property=\"og:image:width\" content=\"400\" \/>\n\t<meta property=\"og:image:height\" content=\"103\" \/>\n\t<meta property=\"og:image:type\" content=\"image\/png\" \/>\n<meta name=\"twitter:card\" content=\"summary_large_image\" \/>\n<meta name=\"twitter:label1\" content=\"Dur\u00e9e de lecture estim\u00e9e\" \/>\n\t<meta name=\"twitter:data1\" content=\"2 minutes\" \/>\n<script type=\"application\/ld+json\" class=\"yoast-schema-graph\">{\"@context\":\"https:\/\/schema.org\",\"@graph\":[{\"@type\":\"WebPage\",\"@id\":\"https:\/\/www.annonces-legales.org\/blog\/leclaireur-de-chateaubriand\/\",\"url\":\"https:\/\/www.annonces-legales.org\/blog\/leclaireur-de-chateaubriand\/\",\"name\":\"L'\u00c9claireur de Chateaubriand - Actualit\u00e9 des entreprises\",\"isPartOf\":{\"@id\":\"https:\/\/www.annonces-legales.org\/blog\/#website\"},\"primaryImageOfPage\":{\"@id\":\"https:\/\/www.annonces-legales.org\/blog\/leclaireur-de-chateaubriand\/#primaryimage\"},\"image\":{\"@id\":\"https:\/\/www.annonces-legales.org\/blog\/leclaireur-de-chateaubriand\/#primaryimage\"},\"thumbnailUrl\":\"https:\/\/www.annonces-legales.org\/blog\/wp-content\/uploads\/2021\/10\/Eclaireur-de-Chateaubriand-300x77.png\",\"datePublished\":\"2021-10-12T18:04:55+00:00\",\"dateModified\":\"2022-01-26T10:54:35+00:00\",\"breadcrumb\":{\"@id\":\"https:\/\/www.annonces-legales.org\/blog\/leclaireur-de-chateaubriand\/#breadcrumb\"},\"inLanguage\":\"fr-FR\",\"potentialAction\":[{\"@type\":\"ReadAction\",\"target\":[\"https:\/\/www.annonces-legales.org\/blog\/leclaireur-de-chateaubriand\/\"]}]},{\"@type\":\"ImageObject\",\"inLanguage\":\"fr-FR\",\"@id\":\"https:\/\/www.annonces-legales.org\/blog\/leclaireur-de-chateaubriand\/#primaryimage\",\"url\":\"https:\/\/www.annonces-legales.org\/blog\/wp-content\/uploads\/2021\/10\/Eclaireur-de-Chateaubriand.png\",\"contentUrl\":\"https:\/\/www.annonces-legales.org\/blog\/wp-content\/uploads\/2021\/10\/Eclaireur-de-Chateaubriand.png\",\"width\":400,\"height\":103,\"caption\":\"\u00c9claireur de Chateaubriand\"},{\"@type\":\"BreadcrumbList\",\"@id\":\"https:\/\/www.annonces-legales.org\/blog\/leclaireur-de-chateaubriand\/#breadcrumb\",\"itemListElement\":[{\"@type\":\"ListItem\",\"position\":1,\"name\":\"Accueil\",\"item\":\"https:\/\/www.annonces-legales.org\/blog\/\"},{\"@type\":\"ListItem\",\"position\":2,\"name\":\"Liste des journaux habilit\u00e9s \u00e0 publier des annonces l\u00e9gales\",\"item\":\"https:\/\/www.annonces-legales.org\/blog\/liste-des-journaux-habilites-a-publier-des-annonces-legales\/\"},{\"@type\":\"ListItem\",\"position\":3,\"name\":\"L&rsquo;\u00c9claireur de Chateaubriand\"}]},{\"@type\":\"WebSite\",\"@id\":\"https:\/\/www.annonces-legales.org\/blog\/#website\",\"url\":\"https:\/\/www.annonces-legales.org\/blog\/\",\"name\":\"Actualit\u00e9 des entreprises\",\"description\":\"\",\"publisher\":{\"@id\":\"https:\/\/www.annonces-legales.org\/blog\/#organization\"},\"potentialAction\":[{\"@type\":\"SearchAction\",\"target\":{\"@type\":\"EntryPoint\",\"urlTemplate\":\"https:\/\/www.annonces-legales.org\/blog\/?s={search_term_string}\"},\"query-input\":{\"@type\":\"PropertyValueSpecification\",\"valueRequired\":true,\"valueName\":\"search_term_string\"}}],\"inLanguage\":\"fr-FR\"},{\"@type\":\"Organization\",\"@id\":\"https:\/\/www.annonces-legales.org\/blog\/#organization\",\"name\":\"Actualit\u00e9 des entreprises\",\"url\":\"https:\/\/www.annonces-legales.org\/blog\/\",\"logo\":{\"@type\":\"ImageObject\",\"inLanguage\":\"fr-FR\",\"@id\":\"https:\/\/www.annonces-legales.org\/blog\/#\/schema\/logo\/image\/\",\"url\":\"https:\/\/www.annonces-legales.org\/blog\/wp-content\/uploads\/2023\/08\/annonces-legales.svg\",\"contentUrl\":\"https:\/\/www.annonces-legales.org\/blog\/wp-content\/uploads\/2023\/08\/annonces-legales.svg\",\"caption\":\"Actualit\u00e9 des entreprises\"},\"image\":{\"@id\":\"https:\/\/www.annonces-legales.org\/blog\/#\/schema\/logo\/image\/\"}}]}<\/script>\n<!-- \/ Yoast SEO plugin. -->","yoast_head_json":{"title":"L'\u00c9claireur de Chateaubriand - Actualit\u00e9 des entreprises","robots":{"index":"index","follow":"follow","max-snippet":"max-snippet:-1","max-image-preview":"max-image-preview:large","max-video-preview":"max-video-preview:-1"},"canonical":"https:\/\/www.annonces-legales.org\/blog\/leclaireur-de-chateaubriand\/","og_locale":"fr_FR","og_type":"article","og_title":"L'\u00c9claireur de Chateaubriand - Actualit\u00e9 des entreprises","og_description":"Chaque vendredi, l&rsquo;hebdomadaire l\u2019\u00c9claireur de Chateaubriand et de sa r\u00e9gion para\u00eet dans des kiosques. Chaque semaine, plus de 38 000 [&hellip;]","og_url":"https:\/\/www.annonces-legales.org\/blog\/leclaireur-de-chateaubriand\/","og_site_name":"Actualit\u00e9 des entreprises","article_modified_time":"2022-01-26T10:54:35+00:00","og_image":[{"width":400,"height":103,"url":"https:\/\/www.annonces-legales.org\/blog\/wp-content\/uploads\/2021\/10\/Eclaireur-de-Chateaubriand.png","type":"image\/png"}],"twitter_card":"summary_large_image","twitter_misc":{"Dur\u00e9e de lecture estim\u00e9e":"2 minutes"},"schema":{"@context":"https:\/\/schema.org","@graph":[{"@type":"WebPage","@id":"https:\/\/www.annonces-legales.org\/blog\/leclaireur-de-chateaubriand\/","url":"https:\/\/www.annonces-legales.org\/blog\/leclaireur-de-chateaubriand\/","name":"L'\u00c9claireur de Chateaubriand - Actualit\u00e9 des entreprises","isPartOf":{"@id":"https:\/\/www.annonces-legales.org\/blog\/#website"},"primaryImageOfPage":{"@id":"https:\/\/www.annonces-legales.org\/blog\/leclaireur-de-chateaubriand\/#primaryimage"},"image":{"@id":"https:\/\/www.annonces-legales.org\/blog\/leclaireur-de-chateaubriand\/#primaryimage"},"thumbnailUrl":"https:\/\/www.annonces-legales.org\/blog\/wp-content\/uploads\/2021\/10\/Eclaireur-de-Chateaubriand-300x77.png","datePublished":"2021-10-12T18:04:55+00:00","dateModified":"2022-01-26T10:54:35+00:00","breadcrumb":{"@id":"https:\/\/www.annonces-legales.org\/blog\/leclaireur-de-chateaubriand\/#breadcrumb"},"inLanguage":"fr-FR","potentialAction":[{"@type":"ReadAction","target":["https:\/\/www.annonces-legales.org\/blog\/leclaireur-de-chateaubriand\/"]}]},{"@type":"ImageObject","inLanguage":"fr-FR","@id":"https:\/\/www.annonces-legales.org\/blog\/leclaireur-de-chateaubriand\/#primaryimage","url":"https:\/\/www.annonces-legales.org\/blog\/wp-content\/uploads\/2021\/10\/Eclaireur-de-Chateaubriand.png","contentUrl":"https:\/\/www.annonces-legales.org\/blog\/wp-content\/uploads\/2021\/10\/Eclaireur-de-Chateaubriand.png","width":400,"height":103,"caption":"\u00c9claireur de Chateaubriand"},{"@type":"BreadcrumbList","@id":"https:\/\/www.annonces-legales.org\/blog\/leclaireur-de-chateaubriand\/#breadcrumb","itemListElement":[{"@type":"ListItem","position":1,"name":"Accueil","item":"https:\/\/www.annonces-legales.org\/blog\/"},{"@type":"ListItem","position":2,"name":"Liste des journaux habilit\u00e9s \u00e0 publier des annonces l\u00e9gales","item":"https:\/\/www.annonces-legales.org\/blog\/liste-des-journaux-habilites-a-publier-des-annonces-legales\/"},{"@type":"ListItem","position":3,"name":"L&rsquo;\u00c9claireur de Chateaubriand"}]},{"@type":"WebSite","@id":"https:\/\/www.annonces-legales.org\/blog\/#website","url":"https:\/\/www.annonces-legales.org\/blog\/","name":"Actualit\u00e9 des entreprises","description":"","publisher":{"@id":"https:\/\/www.annonces-legales.org\/blog\/#organization"},"potentialAction":[{"@type":"SearchAction","target":{"@type":"EntryPoint","urlTemplate":"https:\/\/www.annonces-legales.org\/blog\/?s={search_term_string}"},"query-input":{"@type":"PropertyValueSpecification","valueRequired":true,"valueName":"search_term_string"}}],"inLanguage":"fr-FR"},{"@type":"Organization","@id":"https:\/\/www.annonces-legales.org\/blog\/#organization","name":"Actualit\u00e9 des entreprises","url":"https:\/\/www.annonces-legales.org\/blog\/","logo":{"@type":"ImageObject","inLanguage":"fr-FR","@id":"https:\/\/www.annonces-legales.org\/blog\/#\/schema\/logo\/image\/","url":"https:\/\/www.annonces-legales.org\/blog\/wp-content\/uploads\/2023\/08\/annonces-legales.svg","contentUrl":"https:\/\/www.annonces-legales.org\/blog\/wp-content\/uploads\/2023\/08\/annonces-legales.svg","caption":"Actualit\u00e9 des entreprises"},"image":{"@id":"https:\/\/www.annonces-legales.org\/blog\/#\/schema\/logo\/image\/"}}]}},"_links":{"self":[{"href":"https:\/\/www.annonces-legales.org\/blog\/wp-json\/wp\/v2\/pages\/1183","targetHints":{"allow":["GET"]}}],"collection":[{"href":"https:\/\/www.annonces-legales.org\/blog\/wp-json\/wp\/v2\/pages"}],"about":[{"href":"https:\/\/www.annonces-legales.org\/blog\/wp-json\/wp\/v2\/types\/page"}],"author":[{"embeddable":true,"href":"https:\/\/www.annonces-legales.org\/blog\/wp-json\/wp\/v2\/users\/1"}],"replies":[{"embeddable":true,"href":"https:\/\/www.annonces-legales.org\/blog\/wp-json\/wp\/v2\/comments?post=1183"}],"version-history":[{"count":3,"href":"https:\/\/www.annonces-legales.org\/blog\/wp-json\/wp\/v2\/pages\/1183\/revisions"}],"predecessor-version":[{"id":1285,"href":"https:\/\/www.annonces-legales.org\/blog\/wp-json\/wp\/v2\/pages\/1183\/revisions\/1285"}],"up":[{"embeddable":true,"href":"https:\/\/www.annonces-legales.org\/blog\/wp-json\/wp\/v2\/pages\/351"}],"wp:attachment":[{"href":"https:\/\/www.annonces-legales.org\/blog\/wp-json\/wp\/v2\/media?parent=1183"}],"curies":[{"name":"wp","href":"https:\/\/api.w.org\/{rel}","templated":true}]}}