{"id":1201,"date":"2021-10-12T20:47:58","date_gmt":"2021-10-12T18:47:58","guid":{"rendered":"https:\/\/www.annonces-legales.org\/blog\/?page_id=1201"},"modified":"2022-01-26T12:04:29","modified_gmt":"2022-01-26T11:04:29","slug":"memo-de-lisere","status":"publish","type":"page","link":"https:\/\/www.annonces-legales.org\/blog\/memo-de-lisere\/","title":{"rendered":"Le M\u00e9mo de l&rsquo;Is\u00e8re"},"content":{"rendered":"<p><img loading=\"lazy\" decoding=\"async\" class=\"aligncenter size-full wp-image-1267\" src=\"https:\/\/www.annonces-legales.org\/blog\/wp-content\/uploads\/2021\/10\/Memo-de-lIsere.png\" alt=\"M\u00e9mo de l'Is\u00e8re\" width=\"320\" height=\"117\" srcset=\"https:\/\/www.annonces-legales.org\/blog\/wp-content\/uploads\/2021\/10\/Memo-de-lIsere.png 320w, https:\/\/www.annonces-legales.org\/blog\/wp-content\/uploads\/2021\/10\/Memo-de-lIsere-300x110.png 300w\" sizes=\"auto, (max-width: 320px) 100vw, 320px\" \/><\/p>\n<p><strong>Le M\u00e9mo de l&rsquo;Is\u00e8re<\/strong> est un hebdomadaire local que l&rsquo;on peut trouver en Is\u00e8re. Il offre des informations locales sur le sud Gr\u00e9sivaudan, saint-marcellin, le pays de saint-marcellin, Royans-vercors, le pays de Vinay.<br \/>\nIl est surnomm\u00e9 \u00ab <strong>l&rsquo;hebdo du Sud Gr\u00e9sivaudan<\/strong> \u00bb. Ses lecteurs l&rsquo;appellent \u00e9galement L<strong>e M\u00e9mo<\/strong>. Ce journal a \u00e9t\u00e9 fond\u00e9 en 1928.<\/p>\n<p>Son prix de vente et de 1,50 euros. Il est publi\u00e9 chaque vendredi.<\/p>\n<p>C&rsquo;est un journal qui a le droit de faire appara\u00eetre des <strong>annonces l\u00e9gales<\/strong> pour le d\u00e9partement de l&rsquo;<strong>Is\u00e8re 38<\/strong>. La r\u00e9daction du journal se trouve 6, Avenue romans \u00e0 saint-marcellin 38160.<\/p>\n<p>&nbsp;<\/p>\n<h2>Combien co\u00fbte une annonce l\u00e9gale dans Le M\u00e9mo de l&rsquo;Is\u00e8re ?<\/h2>\n<p>Pour obtenir le prix, il est n\u00e9cessaire de demander un devis aupr\u00e8s du journal. Cependant, comme l&rsquo;ensemble des autres journaux d&rsquo;annonces l\u00e9gaux du d\u00e9partement de l&rsquo;Is\u00e8re,<strong> le m\u00e9mo de l&rsquo;Is\u00e8re<\/strong> suit les directives fix\u00e9es par le d\u00e9partement et par le minist\u00e8re de la culture.<\/p>\n<p>&nbsp;<\/p>\n<h2>Combien co\u00fbte la publication d&rsquo;une annonce l\u00e9gale en Is\u00e8re ?<\/h2>\n<p>Pour d\u00e9terminer le co\u00fbt d&rsquo;une annonce l\u00e9gale, il faut d&rsquo;abord distinguer les annonces l\u00e9gales de cr\u00e9ation de soci\u00e9t\u00e9 et celle de changement.<br \/>\nLe tarif des annonces de cr\u00e9ation suit une griffe forfaitaire qui est d\u00e9termin\u00e9e au niveau national. Le tarif sera sensiblement le m\u00eame quelque soit le journal d&rsquo;annonce l\u00e9gale habilit\u00e9 utilis\u00e9.<\/p>\n<p>Les annonces l\u00e9gales de changement vont avoir un prix variable. Ce prix va d\u00e9pendre du co\u00fbt par ligne d\u00e9termin\u00e9e par le d\u00e9partement de l&rsquo;Is\u00e8re. Ainsi, plus l&rsquo;annonce contient de texte, plus elle va co\u00fbter de l&rsquo;argent.<\/p>\n<br\/><br\/><div class=\"entry-content notopmargin\">\n\t<img decoding=\"async\" class=\"img-fluid fleft\" src=\"https:\/\/www.annonces-legales.org\/images\/rapide-economique-tout-departement.png\" alt=\"Journal d'annonce l\u00e9gale de l'Is\u00e8re \"><a href=\"https:\/\/www.annonces-legales.org\/publication-annonce-legale.html\" class=\"button button-desc fright mtop30\"><div>Je publie<br> mon annonce<br> l\u00e9gale<\/div><span>dans un journal de l'Is\u00e8re !<\/span><\/a>\n<\/div><div class=\"clrbth\"><\/div><br\/><br\/>\n","protected":false},"excerpt":{"rendered":"<p>Le M\u00e9mo de l&rsquo;Is\u00e8re est un hebdomadaire local que l&rsquo;on peut trouver en Is\u00e8re. Il offre des informations locales sur [&hellip;]<\/p>\n","protected":false},"author":1,"featured_media":0,"parent":351,"menu_order":0,"comment_status":"closed","ping_status":"closed","template":"","meta":{"inline_featured_image":false,"footnotes":""},"class_list":["post-1201","page","type-page","status-publish","hentry"],"yoast_head":"<!-- This site is optimized with the Yoast SEO plugin v26.8 - https:\/\/yoast.com\/product\/yoast-seo-wordpress\/ -->\n<title>Le M\u00e9mo de l&#039;Is\u00e8re - Actualit\u00e9 des entreprises<\/title>\n<meta name=\"robots\" content=\"index, follow, max-snippet:-1, max-image-preview:large, max-video-preview:-1\" \/>\n<link rel=\"canonical\" href=\"https:\/\/www.annonces-legales.org\/blog\/memo-de-lisere\/\" \/>\n<meta property=\"og:locale\" content=\"fr_FR\" \/>\n<meta property=\"og:type\" content=\"article\" \/>\n<meta property=\"og:title\" content=\"Le M\u00e9mo de l&#039;Is\u00e8re - Actualit\u00e9 des entreprises\" \/>\n<meta property=\"og:description\" content=\"Le M\u00e9mo de l&rsquo;Is\u00e8re est un hebdomadaire local que l&rsquo;on peut trouver en Is\u00e8re. Il offre des informations locales sur [&hellip;]\" \/>\n<meta property=\"og:url\" content=\"https:\/\/www.annonces-legales.org\/blog\/memo-de-lisere\/\" \/>\n<meta property=\"og:site_name\" content=\"Actualit\u00e9 des entreprises\" \/>\n<meta property=\"article:modified_time\" content=\"2022-01-26T11:04:29+00:00\" \/>\n<meta property=\"og:image\" content=\"https:\/\/www.annonces-legales.org\/blog\/wp-content\/uploads\/2021\/10\/Memo-de-lIsere.png\" \/>\n\t<meta property=\"og:image:width\" content=\"320\" \/>\n\t<meta property=\"og:image:height\" content=\"117\" \/>\n\t<meta property=\"og:image:type\" content=\"image\/png\" \/>\n<meta name=\"twitter:card\" content=\"summary_large_image\" \/>\n<meta name=\"twitter:label1\" content=\"Dur\u00e9e de lecture estim\u00e9e\" \/>\n\t<meta name=\"twitter:data1\" content=\"1 minute\" \/>\n<script type=\"application\/ld+json\" class=\"yoast-schema-graph\">{\"@context\":\"https:\/\/schema.org\",\"@graph\":[{\"@type\":\"WebPage\",\"@id\":\"https:\/\/www.annonces-legales.org\/blog\/memo-de-lisere\/\",\"url\":\"https:\/\/www.annonces-legales.org\/blog\/memo-de-lisere\/\",\"name\":\"Le M\u00e9mo de l'Is\u00e8re - Actualit\u00e9 des entreprises\",\"isPartOf\":{\"@id\":\"https:\/\/www.annonces-legales.org\/blog\/#website\"},\"primaryImageOfPage\":{\"@id\":\"https:\/\/www.annonces-legales.org\/blog\/memo-de-lisere\/#primaryimage\"},\"image\":{\"@id\":\"https:\/\/www.annonces-legales.org\/blog\/memo-de-lisere\/#primaryimage\"},\"thumbnailUrl\":\"https:\/\/www.annonces-legales.org\/blog\/wp-content\/uploads\/2021\/10\/Memo-de-lIsere.png\",\"datePublished\":\"2021-10-12T18:47:58+00:00\",\"dateModified\":\"2022-01-26T11:04:29+00:00\",\"breadcrumb\":{\"@id\":\"https:\/\/www.annonces-legales.org\/blog\/memo-de-lisere\/#breadcrumb\"},\"inLanguage\":\"fr-FR\",\"potentialAction\":[{\"@type\":\"ReadAction\",\"target\":[\"https:\/\/www.annonces-legales.org\/blog\/memo-de-lisere\/\"]}]},{\"@type\":\"ImageObject\",\"inLanguage\":\"fr-FR\",\"@id\":\"https:\/\/www.annonces-legales.org\/blog\/memo-de-lisere\/#primaryimage\",\"url\":\"https:\/\/www.annonces-legales.org\/blog\/wp-content\/uploads\/2021\/10\/Memo-de-lIsere.png\",\"contentUrl\":\"https:\/\/www.annonces-legales.org\/blog\/wp-content\/uploads\/2021\/10\/Memo-de-lIsere.png\",\"width\":320,\"height\":117,\"caption\":\"M\u00e9mo de l'Is\u00e8re\"},{\"@type\":\"BreadcrumbList\",\"@id\":\"https:\/\/www.annonces-legales.org\/blog\/memo-de-lisere\/#breadcrumb\",\"itemListElement\":[{\"@type\":\"ListItem\",\"position\":1,\"name\":\"Accueil\",\"item\":\"https:\/\/www.annonces-legales.org\/blog\/\"},{\"@type\":\"ListItem\",\"position\":2,\"name\":\"Liste des journaux habilit\u00e9s \u00e0 publier des annonces l\u00e9gales\",\"item\":\"https:\/\/www.annonces-legales.org\/blog\/liste-des-journaux-habilites-a-publier-des-annonces-legales\/\"},{\"@type\":\"ListItem\",\"position\":3,\"name\":\"Le M\u00e9mo de l&rsquo;Is\u00e8re\"}]},{\"@type\":\"WebSite\",\"@id\":\"https:\/\/www.annonces-legales.org\/blog\/#website\",\"url\":\"https:\/\/www.annonces-legales.org\/blog\/\",\"name\":\"Actualit\u00e9 des entreprises\",\"description\":\"\",\"publisher\":{\"@id\":\"https:\/\/www.annonces-legales.org\/blog\/#organization\"},\"potentialAction\":[{\"@type\":\"SearchAction\",\"target\":{\"@type\":\"EntryPoint\",\"urlTemplate\":\"https:\/\/www.annonces-legales.org\/blog\/?s={search_term_string}\"},\"query-input\":{\"@type\":\"PropertyValueSpecification\",\"valueRequired\":true,\"valueName\":\"search_term_string\"}}],\"inLanguage\":\"fr-FR\"},{\"@type\":\"Organization\",\"@id\":\"https:\/\/www.annonces-legales.org\/blog\/#organization\",\"name\":\"Actualit\u00e9 des entreprises\",\"url\":\"https:\/\/www.annonces-legales.org\/blog\/\",\"logo\":{\"@type\":\"ImageObject\",\"inLanguage\":\"fr-FR\",\"@id\":\"https:\/\/www.annonces-legales.org\/blog\/#\/schema\/logo\/image\/\",\"url\":\"https:\/\/www.annonces-legales.org\/blog\/wp-content\/uploads\/2023\/08\/annonces-legales.svg\",\"contentUrl\":\"https:\/\/www.annonces-legales.org\/blog\/wp-content\/uploads\/2023\/08\/annonces-legales.svg\",\"caption\":\"Actualit\u00e9 des entreprises\"},\"image\":{\"@id\":\"https:\/\/www.annonces-legales.org\/blog\/#\/schema\/logo\/image\/\"}}]}<\/script>\n<!-- \/ Yoast SEO plugin. -->","yoast_head_json":{"title":"Le M\u00e9mo de l'Is\u00e8re - Actualit\u00e9 des entreprises","robots":{"index":"index","follow":"follow","max-snippet":"max-snippet:-1","max-image-preview":"max-image-preview:large","max-video-preview":"max-video-preview:-1"},"canonical":"https:\/\/www.annonces-legales.org\/blog\/memo-de-lisere\/","og_locale":"fr_FR","og_type":"article","og_title":"Le M\u00e9mo de l'Is\u00e8re - Actualit\u00e9 des entreprises","og_description":"Le M\u00e9mo de l&rsquo;Is\u00e8re est un hebdomadaire local que l&rsquo;on peut trouver en Is\u00e8re. Il offre des informations locales sur [&hellip;]","og_url":"https:\/\/www.annonces-legales.org\/blog\/memo-de-lisere\/","og_site_name":"Actualit\u00e9 des entreprises","article_modified_time":"2022-01-26T11:04:29+00:00","og_image":[{"width":320,"height":117,"url":"https:\/\/www.annonces-legales.org\/blog\/wp-content\/uploads\/2021\/10\/Memo-de-lIsere.png","type":"image\/png"}],"twitter_card":"summary_large_image","twitter_misc":{"Dur\u00e9e de lecture estim\u00e9e":"1 minute"},"schema":{"@context":"https:\/\/schema.org","@graph":[{"@type":"WebPage","@id":"https:\/\/www.annonces-legales.org\/blog\/memo-de-lisere\/","url":"https:\/\/www.annonces-legales.org\/blog\/memo-de-lisere\/","name":"Le M\u00e9mo de l'Is\u00e8re - Actualit\u00e9 des entreprises","isPartOf":{"@id":"https:\/\/www.annonces-legales.org\/blog\/#website"},"primaryImageOfPage":{"@id":"https:\/\/www.annonces-legales.org\/blog\/memo-de-lisere\/#primaryimage"},"image":{"@id":"https:\/\/www.annonces-legales.org\/blog\/memo-de-lisere\/#primaryimage"},"thumbnailUrl":"https:\/\/www.annonces-legales.org\/blog\/wp-content\/uploads\/2021\/10\/Memo-de-lIsere.png","datePublished":"2021-10-12T18:47:58+00:00","dateModified":"2022-01-26T11:04:29+00:00","breadcrumb":{"@id":"https:\/\/www.annonces-legales.org\/blog\/memo-de-lisere\/#breadcrumb"},"inLanguage":"fr-FR","potentialAction":[{"@type":"ReadAction","target":["https:\/\/www.annonces-legales.org\/blog\/memo-de-lisere\/"]}]},{"@type":"ImageObject","inLanguage":"fr-FR","@id":"https:\/\/www.annonces-legales.org\/blog\/memo-de-lisere\/#primaryimage","url":"https:\/\/www.annonces-legales.org\/blog\/wp-content\/uploads\/2021\/10\/Memo-de-lIsere.png","contentUrl":"https:\/\/www.annonces-legales.org\/blog\/wp-content\/uploads\/2021\/10\/Memo-de-lIsere.png","width":320,"height":117,"caption":"M\u00e9mo de l'Is\u00e8re"},{"@type":"BreadcrumbList","@id":"https:\/\/www.annonces-legales.org\/blog\/memo-de-lisere\/#breadcrumb","itemListElement":[{"@type":"ListItem","position":1,"name":"Accueil","item":"https:\/\/www.annonces-legales.org\/blog\/"},{"@type":"ListItem","position":2,"name":"Liste des journaux habilit\u00e9s \u00e0 publier des annonces l\u00e9gales","item":"https:\/\/www.annonces-legales.org\/blog\/liste-des-journaux-habilites-a-publier-des-annonces-legales\/"},{"@type":"ListItem","position":3,"name":"Le M\u00e9mo de l&rsquo;Is\u00e8re"}]},{"@type":"WebSite","@id":"https:\/\/www.annonces-legales.org\/blog\/#website","url":"https:\/\/www.annonces-legales.org\/blog\/","name":"Actualit\u00e9 des entreprises","description":"","publisher":{"@id":"https:\/\/www.annonces-legales.org\/blog\/#organization"},"potentialAction":[{"@type":"SearchAction","target":{"@type":"EntryPoint","urlTemplate":"https:\/\/www.annonces-legales.org\/blog\/?s={search_term_string}"},"query-input":{"@type":"PropertyValueSpecification","valueRequired":true,"valueName":"search_term_string"}}],"inLanguage":"fr-FR"},{"@type":"Organization","@id":"https:\/\/www.annonces-legales.org\/blog\/#organization","name":"Actualit\u00e9 des entreprises","url":"https:\/\/www.annonces-legales.org\/blog\/","logo":{"@type":"ImageObject","inLanguage":"fr-FR","@id":"https:\/\/www.annonces-legales.org\/blog\/#\/schema\/logo\/image\/","url":"https:\/\/www.annonces-legales.org\/blog\/wp-content\/uploads\/2023\/08\/annonces-legales.svg","contentUrl":"https:\/\/www.annonces-legales.org\/blog\/wp-content\/uploads\/2023\/08\/annonces-legales.svg","caption":"Actualit\u00e9 des entreprises"},"image":{"@id":"https:\/\/www.annonces-legales.org\/blog\/#\/schema\/logo\/image\/"}}]}},"_links":{"self":[{"href":"https:\/\/www.annonces-legales.org\/blog\/wp-json\/wp\/v2\/pages\/1201","targetHints":{"allow":["GET"]}}],"collection":[{"href":"https:\/\/www.annonces-legales.org\/blog\/wp-json\/wp\/v2\/pages"}],"about":[{"href":"https:\/\/www.annonces-legales.org\/blog\/wp-json\/wp\/v2\/types\/page"}],"author":[{"embeddable":true,"href":"https:\/\/www.annonces-legales.org\/blog\/wp-json\/wp\/v2\/users\/1"}],"replies":[{"embeddable":true,"href":"https:\/\/www.annonces-legales.org\/blog\/wp-json\/wp\/v2\/comments?post=1201"}],"version-history":[{"count":3,"href":"https:\/\/www.annonces-legales.org\/blog\/wp-json\/wp\/v2\/pages\/1201\/revisions"}],"predecessor-version":[{"id":1268,"href":"https:\/\/www.annonces-legales.org\/blog\/wp-json\/wp\/v2\/pages\/1201\/revisions\/1268"}],"up":[{"embeddable":true,"href":"https:\/\/www.annonces-legales.org\/blog\/wp-json\/wp\/v2\/pages\/351"}],"wp:attachment":[{"href":"https:\/\/www.annonces-legales.org\/blog\/wp-json\/wp\/v2\/media?parent=1201"}],"curies":[{"name":"wp","href":"https:\/\/api.w.org\/{rel}","templated":true}]}}