{"id":1559,"date":"2022-02-12T11:30:06","date_gmt":"2022-02-12T10:30:06","guid":{"rendered":"https:\/\/www.annonces-legales.org\/blog\/?page_id=1559"},"modified":"2022-01-26T12:12:26","modified_gmt":"2022-01-26T11:12:26","slug":"le-populaire-du-centre","status":"publish","type":"page","link":"https:\/\/www.annonces-legales.org\/blog\/le-populaire-du-centre\/","title":{"rendered":"Populaire du Centre"},"content":{"rendered":"<p>Le Populaire du Centre est un quotidien qui est publi\u00e9 tous les jours de la semaine.Il est vendu en kiosque et sur internet au prix de 1,10 euro.<br \/>\nL&rsquo;\u00e9quipe du journal et notamment compos\u00e9 de Monsieur Pascal Ratinaud (r\u00e9dacteur en chef), et de Madame Soizic Bouju (pr\u00e9sidente directeur g\u00e9n\u00e9rale et directrice de la publication).<\/p>\n<p>&nbsp;<\/p>\n<h2>En savoir plus sur Le Populaire du Centre<\/h2>\n<p>Le Populaire du Centre Poss\u00e8de deux \u00e9ditions :<br \/>\n&#8211; Le Populaire du Centre \u00e9dition Haute-Vienne<br \/>\n&#8211; Le Populaire du Centre \u00e9dition de la Creuse<\/p>\n<p>Le journal a \u00e9t\u00e9 cr\u00e9\u00e9 en octobre 1905 \u00e0 Limoges. Pendant longtemps, le journal a \u00e9t\u00e9 l&rsquo;organe officiel d\u00e9partementale de la section fran\u00e7aise de l&rsquo;internationale ouvri\u00e8re<br \/>\nBri\u00e8vement interrompue pendant la seconde guerre mondiale, il reprend sa parution normale en 1944. Jusqu&rsquo;en juin 2018, il poss\u00e9dait trois \u00e9ditions dons une \u00e9dition \u00e0 Limoges qui a depuis disparu.<br \/>\nSon niveau de diffusion totale est d&rsquo;environ 30\u00a0000 exemplaires. Aujourd&rsquo;hui, le journal appartient au groupe Centre France.<\/p>\n<p>Adresse du journal : 8, Rue Bernard-Lathi\u00e8re, Immeuble Romanet, Limoges 87000.<\/p>\n<p>Ce quotidien a re\u00e7u l&rsquo;autorisation de la pr\u00e9fecture des d\u00e9partements de Haute-Vienne et de la Creuse pour effectuer des annonces l\u00e9gales dans ces d\u00e9partements.<\/p>\n<br\/><br\/><div class=\"entry-content notopmargin\">\n\t<img decoding=\"async\" class=\"img-fluid fleft\" src=\"https:\/\/www.annonces-legales.org\/images\/rapide-economique-tout-departement.png\" alt=\"Journal d'annonce l\u00e9gale  JAL \"><a href=\"https:\/\/www.annonces-legales.org\/publication-annonce-legale.html\" class=\"button button-desc fright mtop30\"><div>Je publie<br> mon annonce<br> l\u00e9gale<\/div><span>dans un journal  JAL !<\/span><\/a>\n<\/div><div class=\"clrbth\"><\/div><br\/><br\/>\n<p>&nbsp;<\/p>\n<h2>Les formules d&rsquo;abonnement au journal Le Populaire du Centre<\/h2>\n<p>Comme pour tous les autres journaux groupe de presse Centre France, le journal propose trois offres. L&rsquo;offre essentielle permet de lire tous les articles du journal en version num\u00e9rique pour 4,50 \u20ac par mois.<br \/>\nLa formule int\u00e9grale propose le journal en format num\u00e9rique ainsi que tous les avantages de l&rsquo;offre essentielle pour 14,50 \u20ac par mois.<br \/>\nEnfin, la formule int\u00e9grale plus est similaire \u00e0 la formule int\u00e9grale mais ajoute la livraison du journal en version papier. L&rsquo;abonnement int\u00e9gral plus est factur\u00e9 26 \u20ac par mois.<\/p>\n<p>&nbsp;<\/p>\n<h2>De quel fa\u00e7on les JAL et SPEL obtiennent-ils le droit d&rsquo;ins\u00e9rer une annonce l\u00e9gale ?<\/h2>\n<p>Un journal d&rsquo;annonce l\u00e9gale homologu\u00e9\u00a0 papier (JAL) \u00e9dit\u00e9 nationalement peut faire une annonce l\u00e9gale et judiciaire quand il poss\u00e8de une \u00e9dition dans le d\u00e9partement. Il faut aussi qu&rsquo;il couvre suffisamment l&rsquo;actualit\u00e9 du d\u00e9partement en question. C&rsquo;est le cas du journal Le Populaire du Centre pour le d\u00e9partement de la Creuse et de la Haute Vienne.<\/p>\n<p>Pour les SPEL (site web), le crit\u00e8re principal est la quantit\u00e9 d&rsquo;information sur le d\u00e9partement pour lequel il demande une homologation.<\/p>\n<p>Bien entendu, il y a d&rsquo;autres crit\u00e8res, notamment le nombre de lecteurs.<\/p>\n<p>M\u00eame si certains journaux respectent tous les crit\u00e8res requis pour ins\u00e9rer des annonces officielles, c&rsquo;est le pr\u00e9fet et son comit\u00e9 qui d\u00e9cide in fine quel journal a l&rsquo;autorisation de r\u00e9aliser une annonce l\u00e9gale.<\/p>\n<p>C&rsquo;est une des raisons qui explique que certains d\u00e9partements ont plus de journaux officiels que d&rsquo;autres.<\/p>\n","protected":false},"excerpt":{"rendered":"<p>Le Populaire du Centre est un quotidien qui est publi\u00e9 tous les jours de la semaine.Il est vendu en kiosque [&hellip;]<\/p>\n","protected":false},"author":1,"featured_media":0,"parent":351,"menu_order":0,"comment_status":"closed","ping_status":"closed","template":"","meta":{"inline_featured_image":false,"footnotes":""},"class_list":["post-1559","page","type-page","status-publish","hentry"],"yoast_head":"<!-- This site is optimized with the Yoast SEO plugin v26.8 - https:\/\/yoast.com\/product\/yoast-seo-wordpress\/ -->\n<title>Populaire du Centre - Actualit\u00e9 des entreprises<\/title>\n<meta name=\"robots\" content=\"index, follow, max-snippet:-1, max-image-preview:large, max-video-preview:-1\" \/>\n<link rel=\"canonical\" href=\"https:\/\/www.annonces-legales.org\/blog\/le-populaire-du-centre\/\" \/>\n<meta property=\"og:locale\" content=\"fr_FR\" \/>\n<meta property=\"og:type\" content=\"article\" \/>\n<meta property=\"og:title\" content=\"Populaire du Centre - Actualit\u00e9 des entreprises\" \/>\n<meta property=\"og:description\" content=\"Le Populaire du Centre est un quotidien qui est publi\u00e9 tous les jours de la semaine.Il est vendu en kiosque [&hellip;]\" \/>\n<meta property=\"og:url\" content=\"https:\/\/www.annonces-legales.org\/blog\/le-populaire-du-centre\/\" \/>\n<meta property=\"og:site_name\" content=\"Actualit\u00e9 des entreprises\" \/>\n<meta name=\"twitter:card\" content=\"summary_large_image\" \/>\n<meta name=\"twitter:label1\" content=\"Dur\u00e9e de lecture estim\u00e9e\" \/>\n\t<meta name=\"twitter:data1\" content=\"2 minutes\" \/>\n<script type=\"application\/ld+json\" class=\"yoast-schema-graph\">{\"@context\":\"https:\/\/schema.org\",\"@graph\":[{\"@type\":\"WebPage\",\"@id\":\"https:\/\/www.annonces-legales.org\/blog\/le-populaire-du-centre\/\",\"url\":\"https:\/\/www.annonces-legales.org\/blog\/le-populaire-du-centre\/\",\"name\":\"Populaire du Centre - Actualit\u00e9 des entreprises\",\"isPartOf\":{\"@id\":\"https:\/\/www.annonces-legales.org\/blog\/#website\"},\"datePublished\":\"2022-02-12T10:30:06+00:00\",\"breadcrumb\":{\"@id\":\"https:\/\/www.annonces-legales.org\/blog\/le-populaire-du-centre\/#breadcrumb\"},\"inLanguage\":\"fr-FR\",\"potentialAction\":[{\"@type\":\"ReadAction\",\"target\":[\"https:\/\/www.annonces-legales.org\/blog\/le-populaire-du-centre\/\"]}]},{\"@type\":\"BreadcrumbList\",\"@id\":\"https:\/\/www.annonces-legales.org\/blog\/le-populaire-du-centre\/#breadcrumb\",\"itemListElement\":[{\"@type\":\"ListItem\",\"position\":1,\"name\":\"Accueil\",\"item\":\"https:\/\/www.annonces-legales.org\/blog\/\"},{\"@type\":\"ListItem\",\"position\":2,\"name\":\"Liste des journaux habilit\u00e9s \u00e0 publier des annonces l\u00e9gales\",\"item\":\"https:\/\/www.annonces-legales.org\/blog\/liste-des-journaux-habilites-a-publier-des-annonces-legales\/\"},{\"@type\":\"ListItem\",\"position\":3,\"name\":\"Populaire du Centre\"}]},{\"@type\":\"WebSite\",\"@id\":\"https:\/\/www.annonces-legales.org\/blog\/#website\",\"url\":\"https:\/\/www.annonces-legales.org\/blog\/\",\"name\":\"Actualit\u00e9 des entreprises\",\"description\":\"\",\"publisher\":{\"@id\":\"https:\/\/www.annonces-legales.org\/blog\/#organization\"},\"potentialAction\":[{\"@type\":\"SearchAction\",\"target\":{\"@type\":\"EntryPoint\",\"urlTemplate\":\"https:\/\/www.annonces-legales.org\/blog\/?s={search_term_string}\"},\"query-input\":{\"@type\":\"PropertyValueSpecification\",\"valueRequired\":true,\"valueName\":\"search_term_string\"}}],\"inLanguage\":\"fr-FR\"},{\"@type\":\"Organization\",\"@id\":\"https:\/\/www.annonces-legales.org\/blog\/#organization\",\"name\":\"Actualit\u00e9 des entreprises\",\"url\":\"https:\/\/www.annonces-legales.org\/blog\/\",\"logo\":{\"@type\":\"ImageObject\",\"inLanguage\":\"fr-FR\",\"@id\":\"https:\/\/www.annonces-legales.org\/blog\/#\/schema\/logo\/image\/\",\"url\":\"https:\/\/www.annonces-legales.org\/blog\/wp-content\/uploads\/2023\/08\/annonces-legales.svg\",\"contentUrl\":\"https:\/\/www.annonces-legales.org\/blog\/wp-content\/uploads\/2023\/08\/annonces-legales.svg\",\"caption\":\"Actualit\u00e9 des entreprises\"},\"image\":{\"@id\":\"https:\/\/www.annonces-legales.org\/blog\/#\/schema\/logo\/image\/\"}}]}<\/script>\n<!-- \/ Yoast SEO plugin. -->","yoast_head_json":{"title":"Populaire du Centre - Actualit\u00e9 des entreprises","robots":{"index":"index","follow":"follow","max-snippet":"max-snippet:-1","max-image-preview":"max-image-preview:large","max-video-preview":"max-video-preview:-1"},"canonical":"https:\/\/www.annonces-legales.org\/blog\/le-populaire-du-centre\/","og_locale":"fr_FR","og_type":"article","og_title":"Populaire du Centre - Actualit\u00e9 des entreprises","og_description":"Le Populaire du Centre est un quotidien qui est publi\u00e9 tous les jours de la semaine.Il est vendu en kiosque [&hellip;]","og_url":"https:\/\/www.annonces-legales.org\/blog\/le-populaire-du-centre\/","og_site_name":"Actualit\u00e9 des entreprises","twitter_card":"summary_large_image","twitter_misc":{"Dur\u00e9e de lecture estim\u00e9e":"2 minutes"},"schema":{"@context":"https:\/\/schema.org","@graph":[{"@type":"WebPage","@id":"https:\/\/www.annonces-legales.org\/blog\/le-populaire-du-centre\/","url":"https:\/\/www.annonces-legales.org\/blog\/le-populaire-du-centre\/","name":"Populaire du Centre - Actualit\u00e9 des entreprises","isPartOf":{"@id":"https:\/\/www.annonces-legales.org\/blog\/#website"},"datePublished":"2022-02-12T10:30:06+00:00","breadcrumb":{"@id":"https:\/\/www.annonces-legales.org\/blog\/le-populaire-du-centre\/#breadcrumb"},"inLanguage":"fr-FR","potentialAction":[{"@type":"ReadAction","target":["https:\/\/www.annonces-legales.org\/blog\/le-populaire-du-centre\/"]}]},{"@type":"BreadcrumbList","@id":"https:\/\/www.annonces-legales.org\/blog\/le-populaire-du-centre\/#breadcrumb","itemListElement":[{"@type":"ListItem","position":1,"name":"Accueil","item":"https:\/\/www.annonces-legales.org\/blog\/"},{"@type":"ListItem","position":2,"name":"Liste des journaux habilit\u00e9s \u00e0 publier des annonces l\u00e9gales","item":"https:\/\/www.annonces-legales.org\/blog\/liste-des-journaux-habilites-a-publier-des-annonces-legales\/"},{"@type":"ListItem","position":3,"name":"Populaire du Centre"}]},{"@type":"WebSite","@id":"https:\/\/www.annonces-legales.org\/blog\/#website","url":"https:\/\/www.annonces-legales.org\/blog\/","name":"Actualit\u00e9 des entreprises","description":"","publisher":{"@id":"https:\/\/www.annonces-legales.org\/blog\/#organization"},"potentialAction":[{"@type":"SearchAction","target":{"@type":"EntryPoint","urlTemplate":"https:\/\/www.annonces-legales.org\/blog\/?s={search_term_string}"},"query-input":{"@type":"PropertyValueSpecification","valueRequired":true,"valueName":"search_term_string"}}],"inLanguage":"fr-FR"},{"@type":"Organization","@id":"https:\/\/www.annonces-legales.org\/blog\/#organization","name":"Actualit\u00e9 des entreprises","url":"https:\/\/www.annonces-legales.org\/blog\/","logo":{"@type":"ImageObject","inLanguage":"fr-FR","@id":"https:\/\/www.annonces-legales.org\/blog\/#\/schema\/logo\/image\/","url":"https:\/\/www.annonces-legales.org\/blog\/wp-content\/uploads\/2023\/08\/annonces-legales.svg","contentUrl":"https:\/\/www.annonces-legales.org\/blog\/wp-content\/uploads\/2023\/08\/annonces-legales.svg","caption":"Actualit\u00e9 des entreprises"},"image":{"@id":"https:\/\/www.annonces-legales.org\/blog\/#\/schema\/logo\/image\/"}}]}},"_links":{"self":[{"href":"https:\/\/www.annonces-legales.org\/blog\/wp-json\/wp\/v2\/pages\/1559","targetHints":{"allow":["GET"]}}],"collection":[{"href":"https:\/\/www.annonces-legales.org\/blog\/wp-json\/wp\/v2\/pages"}],"about":[{"href":"https:\/\/www.annonces-legales.org\/blog\/wp-json\/wp\/v2\/types\/page"}],"author":[{"embeddable":true,"href":"https:\/\/www.annonces-legales.org\/blog\/wp-json\/wp\/v2\/users\/1"}],"replies":[{"embeddable":true,"href":"https:\/\/www.annonces-legales.org\/blog\/wp-json\/wp\/v2\/comments?post=1559"}],"version-history":[{"count":5,"href":"https:\/\/www.annonces-legales.org\/blog\/wp-json\/wp\/v2\/pages\/1559\/revisions"}],"predecessor-version":[{"id":1564,"href":"https:\/\/www.annonces-legales.org\/blog\/wp-json\/wp\/v2\/pages\/1559\/revisions\/1564"}],"up":[{"embeddable":true,"href":"https:\/\/www.annonces-legales.org\/blog\/wp-json\/wp\/v2\/pages\/351"}],"wp:attachment":[{"href":"https:\/\/www.annonces-legales.org\/blog\/wp-json\/wp\/v2\/media?parent=1559"}],"curies":[{"name":"wp","href":"https:\/\/api.w.org\/{rel}","templated":true}]}}