{"id":1578,"date":"2022-02-14T19:56:38","date_gmt":"2022-02-14T18:56:38","guid":{"rendered":"https:\/\/www.annonces-legales.org\/blog\/?page_id=1578"},"modified":"2022-01-26T12:06:23","modified_gmt":"2022-01-26T11:06:23","slug":"le-reveil-de-neufchatel","status":"publish","type":"page","link":"https:\/\/www.annonces-legales.org\/blog\/le-reveil-de-neufchatel\/","title":{"rendered":"Le r\u00e9veil de Neufchatel"},"content":{"rendered":"<p>Cet hebdomadaire, qui para\u00eet chaque jeudi, peut \u00eatre trouv\u00e9 en kiosque ou en librairie au prix de 1,70 euros.<br \/>\nIl propose des actualit\u00e9s locales qui couvrent la <strong>Seine-Maritime et l&rsquo;Oise<\/strong>.<br \/>\n<strong>Le r\u00e9veil de Neufchatel<\/strong> poss\u00e8de une audience de 47 000 lecteurs. Dans l&rsquo;\u00e9quipe de r\u00e9dactions du journal on trouve Pierre Chemel (\u00c9diteur), Laurent Hellier (R\u00e9dacteur en chef), Philippe Rifflet (directeur d\u00e9l\u00e9gu\u00e9) et Francis gaunand (Directeur de la publication).<br \/>\nLe journal est surnomm\u00e9 par ses lecteurs <strong>Le R\u00e9veil<\/strong>.<\/p>\n<p>&nbsp;<\/p>\n<h2>Contacter Le r\u00e9veil de Neufchatel<\/h2>\n<p>Adresse du journal : Le R\u00e9veil, 11, Rue des tanneurs, 76\u00a0270, Neufch\u00e2tel en Bray<br \/>\nT\u00e9l\u00e9phone : 02 32 97 53 80<br \/>\nAdresse mail : reveil.neufchatel@publihebdos.fr<\/p>\n<p>&nbsp;<\/p>\n<h2>Annonces l\u00e9gales dans un journal officiel<\/h2>\n<p>Le R\u00e9veil de Neufchatel est un journal officiel pour le d\u00e9partement de l&rsquo;Oise et de la Seine-Maritime. Il a donc le droit d&rsquo;ins\u00e9rer des <strong>annonces officielles<\/strong> pour les entreprises et les personnes physiques de ces deux d\u00e9partements.<\/p>\n<p>&nbsp;<\/p>\n<h3>Publier une publicit\u00e9 l\u00e9gale avec notre service de formalit\u00e9 dans ces d\u00e9partements: Oise et Seine Maritime<\/h3>\n<p>Notre site Annonces-legales.org permet de publier des annonces l\u00e9gales dans n&rsquo;importe quel d\u00e9partement au meilleurs prix possible. Vous pouvez voir les tarifs sur diff\u00e9rents journaux partenaires de votre d\u00e9partement de mani\u00e8re imm\u00e9diate. Vous n&rsquo;avez pas besoin de connaissances juridiques.<\/p>\n<p>&nbsp;<\/p>\n<br\/><br\/><div class=\"entry-content notopmargin\">\n\t<img decoding=\"async\" class=\"img-fluid fleft\" src=\"https:\/\/www.annonces-legales.org\/images\/rapide-economique-tout-departement.png\" alt=\"Journal d'annonce l\u00e9gale  Officiel JAL \"><a href=\"https:\/\/www.annonces-legales.org\/publication-annonce-legale.html\" class=\"button button-desc fright mtop30\"><div>Je publie<br> mon annonce<br> l\u00e9gale<\/div><span>dans un journal  Officiel JAL !<\/span><\/a>\n<\/div><div class=\"clrbth\"><\/div><br\/><br\/>\n","protected":false},"excerpt":{"rendered":"<p>Cet hebdomadaire, qui para\u00eet chaque jeudi, peut \u00eatre trouv\u00e9 en kiosque ou en librairie au prix de 1,70 euros. Il [&hellip;]<\/p>\n","protected":false},"author":1,"featured_media":0,"parent":351,"menu_order":0,"comment_status":"closed","ping_status":"closed","template":"","meta":{"inline_featured_image":false,"footnotes":""},"class_list":["post-1578","page","type-page","status-publish","hentry"],"yoast_head":"<!-- This site is optimized with the Yoast SEO plugin v26.8 - https:\/\/yoast.com\/product\/yoast-seo-wordpress\/ -->\n<title>Le r\u00e9veil de Neufchatel - Actualit\u00e9 des entreprises<\/title>\n<meta name=\"robots\" content=\"index, follow, max-snippet:-1, max-image-preview:large, max-video-preview:-1\" \/>\n<link rel=\"canonical\" href=\"https:\/\/www.annonces-legales.org\/blog\/le-reveil-de-neufchatel\/\" \/>\n<meta property=\"og:locale\" content=\"fr_FR\" \/>\n<meta property=\"og:type\" content=\"article\" \/>\n<meta property=\"og:title\" content=\"Le r\u00e9veil de Neufchatel - Actualit\u00e9 des entreprises\" \/>\n<meta property=\"og:description\" content=\"Cet hebdomadaire, qui para\u00eet chaque jeudi, peut \u00eatre trouv\u00e9 en kiosque ou en librairie au prix de 1,70 euros. Il [&hellip;]\" \/>\n<meta property=\"og:url\" content=\"https:\/\/www.annonces-legales.org\/blog\/le-reveil-de-neufchatel\/\" \/>\n<meta property=\"og:site_name\" content=\"Actualit\u00e9 des entreprises\" \/>\n<meta name=\"twitter:card\" content=\"summary_large_image\" \/>\n<meta name=\"twitter:label1\" content=\"Dur\u00e9e de lecture estim\u00e9e\" \/>\n\t<meta name=\"twitter:data1\" content=\"1 minute\" \/>\n<script type=\"application\/ld+json\" class=\"yoast-schema-graph\">{\"@context\":\"https:\/\/schema.org\",\"@graph\":[{\"@type\":\"WebPage\",\"@id\":\"https:\/\/www.annonces-legales.org\/blog\/le-reveil-de-neufchatel\/\",\"url\":\"https:\/\/www.annonces-legales.org\/blog\/le-reveil-de-neufchatel\/\",\"name\":\"Le r\u00e9veil de Neufchatel - Actualit\u00e9 des entreprises\",\"isPartOf\":{\"@id\":\"https:\/\/www.annonces-legales.org\/blog\/#website\"},\"datePublished\":\"2022-02-14T18:56:38+00:00\",\"breadcrumb\":{\"@id\":\"https:\/\/www.annonces-legales.org\/blog\/le-reveil-de-neufchatel\/#breadcrumb\"},\"inLanguage\":\"fr-FR\",\"potentialAction\":[{\"@type\":\"ReadAction\",\"target\":[\"https:\/\/www.annonces-legales.org\/blog\/le-reveil-de-neufchatel\/\"]}]},{\"@type\":\"BreadcrumbList\",\"@id\":\"https:\/\/www.annonces-legales.org\/blog\/le-reveil-de-neufchatel\/#breadcrumb\",\"itemListElement\":[{\"@type\":\"ListItem\",\"position\":1,\"name\":\"Accueil\",\"item\":\"https:\/\/www.annonces-legales.org\/blog\/\"},{\"@type\":\"ListItem\",\"position\":2,\"name\":\"Liste des journaux habilit\u00e9s \u00e0 publier des annonces l\u00e9gales\",\"item\":\"https:\/\/www.annonces-legales.org\/blog\/liste-des-journaux-habilites-a-publier-des-annonces-legales\/\"},{\"@type\":\"ListItem\",\"position\":3,\"name\":\"Le r\u00e9veil de Neufchatel\"}]},{\"@type\":\"WebSite\",\"@id\":\"https:\/\/www.annonces-legales.org\/blog\/#website\",\"url\":\"https:\/\/www.annonces-legales.org\/blog\/\",\"name\":\"Actualit\u00e9 des entreprises\",\"description\":\"\",\"publisher\":{\"@id\":\"https:\/\/www.annonces-legales.org\/blog\/#organization\"},\"potentialAction\":[{\"@type\":\"SearchAction\",\"target\":{\"@type\":\"EntryPoint\",\"urlTemplate\":\"https:\/\/www.annonces-legales.org\/blog\/?s={search_term_string}\"},\"query-input\":{\"@type\":\"PropertyValueSpecification\",\"valueRequired\":true,\"valueName\":\"search_term_string\"}}],\"inLanguage\":\"fr-FR\"},{\"@type\":\"Organization\",\"@id\":\"https:\/\/www.annonces-legales.org\/blog\/#organization\",\"name\":\"Actualit\u00e9 des entreprises\",\"url\":\"https:\/\/www.annonces-legales.org\/blog\/\",\"logo\":{\"@type\":\"ImageObject\",\"inLanguage\":\"fr-FR\",\"@id\":\"https:\/\/www.annonces-legales.org\/blog\/#\/schema\/logo\/image\/\",\"url\":\"https:\/\/www.annonces-legales.org\/blog\/wp-content\/uploads\/2023\/08\/annonces-legales.svg\",\"contentUrl\":\"https:\/\/www.annonces-legales.org\/blog\/wp-content\/uploads\/2023\/08\/annonces-legales.svg\",\"caption\":\"Actualit\u00e9 des entreprises\"},\"image\":{\"@id\":\"https:\/\/www.annonces-legales.org\/blog\/#\/schema\/logo\/image\/\"}}]}<\/script>\n<!-- \/ Yoast SEO plugin. -->","yoast_head_json":{"title":"Le r\u00e9veil de Neufchatel - Actualit\u00e9 des entreprises","robots":{"index":"index","follow":"follow","max-snippet":"max-snippet:-1","max-image-preview":"max-image-preview:large","max-video-preview":"max-video-preview:-1"},"canonical":"https:\/\/www.annonces-legales.org\/blog\/le-reveil-de-neufchatel\/","og_locale":"fr_FR","og_type":"article","og_title":"Le r\u00e9veil de Neufchatel - Actualit\u00e9 des entreprises","og_description":"Cet hebdomadaire, qui para\u00eet chaque jeudi, peut \u00eatre trouv\u00e9 en kiosque ou en librairie au prix de 1,70 euros. Il [&hellip;]","og_url":"https:\/\/www.annonces-legales.org\/blog\/le-reveil-de-neufchatel\/","og_site_name":"Actualit\u00e9 des entreprises","twitter_card":"summary_large_image","twitter_misc":{"Dur\u00e9e de lecture estim\u00e9e":"1 minute"},"schema":{"@context":"https:\/\/schema.org","@graph":[{"@type":"WebPage","@id":"https:\/\/www.annonces-legales.org\/blog\/le-reveil-de-neufchatel\/","url":"https:\/\/www.annonces-legales.org\/blog\/le-reveil-de-neufchatel\/","name":"Le r\u00e9veil de Neufchatel - Actualit\u00e9 des entreprises","isPartOf":{"@id":"https:\/\/www.annonces-legales.org\/blog\/#website"},"datePublished":"2022-02-14T18:56:38+00:00","breadcrumb":{"@id":"https:\/\/www.annonces-legales.org\/blog\/le-reveil-de-neufchatel\/#breadcrumb"},"inLanguage":"fr-FR","potentialAction":[{"@type":"ReadAction","target":["https:\/\/www.annonces-legales.org\/blog\/le-reveil-de-neufchatel\/"]}]},{"@type":"BreadcrumbList","@id":"https:\/\/www.annonces-legales.org\/blog\/le-reveil-de-neufchatel\/#breadcrumb","itemListElement":[{"@type":"ListItem","position":1,"name":"Accueil","item":"https:\/\/www.annonces-legales.org\/blog\/"},{"@type":"ListItem","position":2,"name":"Liste des journaux habilit\u00e9s \u00e0 publier des annonces l\u00e9gales","item":"https:\/\/www.annonces-legales.org\/blog\/liste-des-journaux-habilites-a-publier-des-annonces-legales\/"},{"@type":"ListItem","position":3,"name":"Le r\u00e9veil de Neufchatel"}]},{"@type":"WebSite","@id":"https:\/\/www.annonces-legales.org\/blog\/#website","url":"https:\/\/www.annonces-legales.org\/blog\/","name":"Actualit\u00e9 des entreprises","description":"","publisher":{"@id":"https:\/\/www.annonces-legales.org\/blog\/#organization"},"potentialAction":[{"@type":"SearchAction","target":{"@type":"EntryPoint","urlTemplate":"https:\/\/www.annonces-legales.org\/blog\/?s={search_term_string}"},"query-input":{"@type":"PropertyValueSpecification","valueRequired":true,"valueName":"search_term_string"}}],"inLanguage":"fr-FR"},{"@type":"Organization","@id":"https:\/\/www.annonces-legales.org\/blog\/#organization","name":"Actualit\u00e9 des entreprises","url":"https:\/\/www.annonces-legales.org\/blog\/","logo":{"@type":"ImageObject","inLanguage":"fr-FR","@id":"https:\/\/www.annonces-legales.org\/blog\/#\/schema\/logo\/image\/","url":"https:\/\/www.annonces-legales.org\/blog\/wp-content\/uploads\/2023\/08\/annonces-legales.svg","contentUrl":"https:\/\/www.annonces-legales.org\/blog\/wp-content\/uploads\/2023\/08\/annonces-legales.svg","caption":"Actualit\u00e9 des entreprises"},"image":{"@id":"https:\/\/www.annonces-legales.org\/blog\/#\/schema\/logo\/image\/"}}]}},"_links":{"self":[{"href":"https:\/\/www.annonces-legales.org\/blog\/wp-json\/wp\/v2\/pages\/1578","targetHints":{"allow":["GET"]}}],"collection":[{"href":"https:\/\/www.annonces-legales.org\/blog\/wp-json\/wp\/v2\/pages"}],"about":[{"href":"https:\/\/www.annonces-legales.org\/blog\/wp-json\/wp\/v2\/types\/page"}],"author":[{"embeddable":true,"href":"https:\/\/www.annonces-legales.org\/blog\/wp-json\/wp\/v2\/users\/1"}],"replies":[{"embeddable":true,"href":"https:\/\/www.annonces-legales.org\/blog\/wp-json\/wp\/v2\/comments?post=1578"}],"version-history":[{"count":1,"href":"https:\/\/www.annonces-legales.org\/blog\/wp-json\/wp\/v2\/pages\/1578\/revisions"}],"predecessor-version":[{"id":1579,"href":"https:\/\/www.annonces-legales.org\/blog\/wp-json\/wp\/v2\/pages\/1578\/revisions\/1579"}],"up":[{"embeddable":true,"href":"https:\/\/www.annonces-legales.org\/blog\/wp-json\/wp\/v2\/pages\/351"}],"wp:attachment":[{"href":"https:\/\/www.annonces-legales.org\/blog\/wp-json\/wp\/v2\/media?parent=1578"}],"curies":[{"name":"wp","href":"https:\/\/api.w.org\/{rel}","templated":true}]}}