{"id":1583,"date":"2021-11-23T20:08:34","date_gmt":"2021-11-23T19:08:34","guid":{"rendered":"https:\/\/www.annonces-legales.org\/blog\/?page_id=1583"},"modified":"2022-01-26T12:06:11","modified_gmt":"2022-01-26T11:06:11","slug":"le-phare-dunkerquois","status":"publish","type":"page","link":"https:\/\/www.annonces-legales.org\/blog\/le-phare-dunkerquois\/","title":{"rendered":"Le Phare Dunkerquois"},"content":{"rendered":"<p><strong>Le Phare Dunkerquois<\/strong> est un hebdomadaire disponible tous les mercredis au prix de 1,90 euros. Il peut \u00eatre achet\u00e9 sur Internet \u00e0 0,99 \u20ac. Ce journal r\u00e9gional du Nord de la France couvre les actualit\u00e9s autour de Dunkerque, de la C\u00f4te d&rsquo;Opale et de la Flandre int\u00e9rieure.<br \/>\nIl appartient \u00e0 la soci\u00e9t\u00e9 Nord littorale. Le journal est diffus\u00e9 \u00e0 plus de 4000 exemplaires toutes les semaines. Le Phare Dunkerquois a \u00e9t\u00e9 cr\u00e9\u00e9 en 2004.<br \/>\nC&rsquo;est un journal tr\u00e8s populaire du <strong>Nord de la France<\/strong>. Cet hebdomadaire poss\u00e8de pas loin de 55 000 abonn\u00e9s sur sa page Facebook.<\/p>\n<p>&nbsp;<\/p>\n<h2>Contacter Le Phare Dunkerquois<\/h2>\n<p>Adresse du journal : 26, Rue Duplouy, 59\u00a0140 \u00e0 Dunkerque.<br \/>\nT\u00e9l\u00e9phone : 03 28 25 44 99.<\/p>\n<p>Le Phare Dunkerquois est autoris\u00e9 \u00e0 ins\u00e9rer des annonces l\u00e9gales et officielles pour le d\u00e9partement du Nord (59).<\/p>\n<p>&nbsp;<\/p>\n<h2>Publier une annonce l\u00e9gale dans le 59<\/h2>\n<p>&nbsp;<\/p>\n<p>Vous voulez faire diffuser une annonce l\u00e9gale et judiciaire dans le 59 ?<\/p>\n<p>Vous pouvez faire une demande de prix pour votre annonce officielle sur notre site et ainsi avoir le meilleurs prix possible pour votre formalit\u00e9 officielle.<\/p>\n<br\/><br\/><div class=\"entry-content notopmargin\">\n\t<img decoding=\"async\" class=\"img-fluid fleft\" src=\"https:\/\/www.annonces-legales.org\/images\/rapide-economique-tout-departement.png\" alt=\"Journal d'annonce l\u00e9gale  du 59 \"><a href=\"https:\/\/www.annonces-legales.org\/publication-annonce-legale.html\" class=\"button button-desc fright mtop30\"><div>Je publie<br> mon annonce<br> l\u00e9gale<\/div><span>dans un journal  du 59 !<\/span><\/a>\n<\/div><div class=\"clrbth\"><\/div><br\/><br\/>\n<p>&nbsp;<\/p>\n<h2>Rappel des conditions n\u00e9cessaires pour qu&rsquo;un journal du 59 puisse d\u00e9poser annonces l\u00e9gales et judiciaires<\/h2>\n<p>Un journal local du Nord peut faire des annonces l\u00e9gales quand il poss\u00e8de l&rsquo;autorisation de la pr\u00e9fecture du Nord. Pour cela, il doit proposer majoritairement des informations locales. Sinon, il n&rsquo;aura pas l&rsquo;autorisation. Les journaux nationaux peuvent aussi obtenir ce statut si ils poss\u00e8dent une \u00e9ditions locales avec des informations sur le d\u00e9partement.<\/p>\n<p>Il y a d&rsquo;autres crit\u00e8res fix\u00e9s par le minist\u00e8re de la culture. Mais c&rsquo;est la pr\u00e9fecture du 59 qui d\u00e9cidera si un journal peut ou non publier des annonces l\u00e9gales dans le Nord.<\/p>\n","protected":false},"excerpt":{"rendered":"<p>Le Phare Dunkerquois est un hebdomadaire disponible tous les mercredis au prix de 1,90 euros. Il peut \u00eatre achet\u00e9 sur [&hellip;]<\/p>\n","protected":false},"author":1,"featured_media":0,"parent":351,"menu_order":0,"comment_status":"closed","ping_status":"closed","template":"","meta":{"inline_featured_image":false,"footnotes":""},"class_list":["post-1583","page","type-page","status-publish","hentry"],"yoast_head":"<!-- This site is optimized with the Yoast SEO plugin v26.8 - https:\/\/yoast.com\/product\/yoast-seo-wordpress\/ -->\n<title>Le Phare Dunkerquois - Actualit\u00e9 des entreprises<\/title>\n<meta name=\"robots\" content=\"index, follow, max-snippet:-1, max-image-preview:large, max-video-preview:-1\" \/>\n<link rel=\"canonical\" href=\"https:\/\/www.annonces-legales.org\/blog\/le-phare-dunkerquois\/\" \/>\n<meta property=\"og:locale\" content=\"fr_FR\" \/>\n<meta property=\"og:type\" content=\"article\" \/>\n<meta property=\"og:title\" content=\"Le Phare Dunkerquois - Actualit\u00e9 des entreprises\" \/>\n<meta property=\"og:description\" content=\"Le Phare Dunkerquois est un hebdomadaire disponible tous les mercredis au prix de 1,90 euros. Il peut \u00eatre achet\u00e9 sur [&hellip;]\" \/>\n<meta property=\"og:url\" content=\"https:\/\/www.annonces-legales.org\/blog\/le-phare-dunkerquois\/\" \/>\n<meta property=\"og:site_name\" content=\"Actualit\u00e9 des entreprises\" \/>\n<meta property=\"article:modified_time\" content=\"2022-01-26T11:06:11+00:00\" \/>\n<meta name=\"twitter:card\" content=\"summary_large_image\" \/>\n<meta name=\"twitter:label1\" content=\"Dur\u00e9e de lecture estim\u00e9e\" \/>\n\t<meta name=\"twitter:data1\" content=\"1 minute\" \/>\n<script type=\"application\/ld+json\" class=\"yoast-schema-graph\">{\"@context\":\"https:\/\/schema.org\",\"@graph\":[{\"@type\":\"WebPage\",\"@id\":\"https:\/\/www.annonces-legales.org\/blog\/le-phare-dunkerquois\/\",\"url\":\"https:\/\/www.annonces-legales.org\/blog\/le-phare-dunkerquois\/\",\"name\":\"Le Phare Dunkerquois - Actualit\u00e9 des entreprises\",\"isPartOf\":{\"@id\":\"https:\/\/www.annonces-legales.org\/blog\/#website\"},\"datePublished\":\"2021-11-23T19:08:34+00:00\",\"dateModified\":\"2022-01-26T11:06:11+00:00\",\"breadcrumb\":{\"@id\":\"https:\/\/www.annonces-legales.org\/blog\/le-phare-dunkerquois\/#breadcrumb\"},\"inLanguage\":\"fr-FR\",\"potentialAction\":[{\"@type\":\"ReadAction\",\"target\":[\"https:\/\/www.annonces-legales.org\/blog\/le-phare-dunkerquois\/\"]}]},{\"@type\":\"BreadcrumbList\",\"@id\":\"https:\/\/www.annonces-legales.org\/blog\/le-phare-dunkerquois\/#breadcrumb\",\"itemListElement\":[{\"@type\":\"ListItem\",\"position\":1,\"name\":\"Accueil\",\"item\":\"https:\/\/www.annonces-legales.org\/blog\/\"},{\"@type\":\"ListItem\",\"position\":2,\"name\":\"Liste des journaux habilit\u00e9s \u00e0 publier des annonces l\u00e9gales\",\"item\":\"https:\/\/www.annonces-legales.org\/blog\/liste-des-journaux-habilites-a-publier-des-annonces-legales\/\"},{\"@type\":\"ListItem\",\"position\":3,\"name\":\"Le Phare Dunkerquois\"}]},{\"@type\":\"WebSite\",\"@id\":\"https:\/\/www.annonces-legales.org\/blog\/#website\",\"url\":\"https:\/\/www.annonces-legales.org\/blog\/\",\"name\":\"Actualit\u00e9 des entreprises\",\"description\":\"\",\"publisher\":{\"@id\":\"https:\/\/www.annonces-legales.org\/blog\/#organization\"},\"potentialAction\":[{\"@type\":\"SearchAction\",\"target\":{\"@type\":\"EntryPoint\",\"urlTemplate\":\"https:\/\/www.annonces-legales.org\/blog\/?s={search_term_string}\"},\"query-input\":{\"@type\":\"PropertyValueSpecification\",\"valueRequired\":true,\"valueName\":\"search_term_string\"}}],\"inLanguage\":\"fr-FR\"},{\"@type\":\"Organization\",\"@id\":\"https:\/\/www.annonces-legales.org\/blog\/#organization\",\"name\":\"Actualit\u00e9 des entreprises\",\"url\":\"https:\/\/www.annonces-legales.org\/blog\/\",\"logo\":{\"@type\":\"ImageObject\",\"inLanguage\":\"fr-FR\",\"@id\":\"https:\/\/www.annonces-legales.org\/blog\/#\/schema\/logo\/image\/\",\"url\":\"https:\/\/www.annonces-legales.org\/blog\/wp-content\/uploads\/2023\/08\/annonces-legales.svg\",\"contentUrl\":\"https:\/\/www.annonces-legales.org\/blog\/wp-content\/uploads\/2023\/08\/annonces-legales.svg\",\"caption\":\"Actualit\u00e9 des entreprises\"},\"image\":{\"@id\":\"https:\/\/www.annonces-legales.org\/blog\/#\/schema\/logo\/image\/\"}}]}<\/script>\n<!-- \/ Yoast SEO plugin. -->","yoast_head_json":{"title":"Le Phare Dunkerquois - Actualit\u00e9 des entreprises","robots":{"index":"index","follow":"follow","max-snippet":"max-snippet:-1","max-image-preview":"max-image-preview:large","max-video-preview":"max-video-preview:-1"},"canonical":"https:\/\/www.annonces-legales.org\/blog\/le-phare-dunkerquois\/","og_locale":"fr_FR","og_type":"article","og_title":"Le Phare Dunkerquois - Actualit\u00e9 des entreprises","og_description":"Le Phare Dunkerquois est un hebdomadaire disponible tous les mercredis au prix de 1,90 euros. Il peut \u00eatre achet\u00e9 sur [&hellip;]","og_url":"https:\/\/www.annonces-legales.org\/blog\/le-phare-dunkerquois\/","og_site_name":"Actualit\u00e9 des entreprises","article_modified_time":"2022-01-26T11:06:11+00:00","twitter_card":"summary_large_image","twitter_misc":{"Dur\u00e9e de lecture estim\u00e9e":"1 minute"},"schema":{"@context":"https:\/\/schema.org","@graph":[{"@type":"WebPage","@id":"https:\/\/www.annonces-legales.org\/blog\/le-phare-dunkerquois\/","url":"https:\/\/www.annonces-legales.org\/blog\/le-phare-dunkerquois\/","name":"Le Phare Dunkerquois - Actualit\u00e9 des entreprises","isPartOf":{"@id":"https:\/\/www.annonces-legales.org\/blog\/#website"},"datePublished":"2021-11-23T19:08:34+00:00","dateModified":"2022-01-26T11:06:11+00:00","breadcrumb":{"@id":"https:\/\/www.annonces-legales.org\/blog\/le-phare-dunkerquois\/#breadcrumb"},"inLanguage":"fr-FR","potentialAction":[{"@type":"ReadAction","target":["https:\/\/www.annonces-legales.org\/blog\/le-phare-dunkerquois\/"]}]},{"@type":"BreadcrumbList","@id":"https:\/\/www.annonces-legales.org\/blog\/le-phare-dunkerquois\/#breadcrumb","itemListElement":[{"@type":"ListItem","position":1,"name":"Accueil","item":"https:\/\/www.annonces-legales.org\/blog\/"},{"@type":"ListItem","position":2,"name":"Liste des journaux habilit\u00e9s \u00e0 publier des annonces l\u00e9gales","item":"https:\/\/www.annonces-legales.org\/blog\/liste-des-journaux-habilites-a-publier-des-annonces-legales\/"},{"@type":"ListItem","position":3,"name":"Le Phare Dunkerquois"}]},{"@type":"WebSite","@id":"https:\/\/www.annonces-legales.org\/blog\/#website","url":"https:\/\/www.annonces-legales.org\/blog\/","name":"Actualit\u00e9 des entreprises","description":"","publisher":{"@id":"https:\/\/www.annonces-legales.org\/blog\/#organization"},"potentialAction":[{"@type":"SearchAction","target":{"@type":"EntryPoint","urlTemplate":"https:\/\/www.annonces-legales.org\/blog\/?s={search_term_string}"},"query-input":{"@type":"PropertyValueSpecification","valueRequired":true,"valueName":"search_term_string"}}],"inLanguage":"fr-FR"},{"@type":"Organization","@id":"https:\/\/www.annonces-legales.org\/blog\/#organization","name":"Actualit\u00e9 des entreprises","url":"https:\/\/www.annonces-legales.org\/blog\/","logo":{"@type":"ImageObject","inLanguage":"fr-FR","@id":"https:\/\/www.annonces-legales.org\/blog\/#\/schema\/logo\/image\/","url":"https:\/\/www.annonces-legales.org\/blog\/wp-content\/uploads\/2023\/08\/annonces-legales.svg","contentUrl":"https:\/\/www.annonces-legales.org\/blog\/wp-content\/uploads\/2023\/08\/annonces-legales.svg","caption":"Actualit\u00e9 des entreprises"},"image":{"@id":"https:\/\/www.annonces-legales.org\/blog\/#\/schema\/logo\/image\/"}}]}},"_links":{"self":[{"href":"https:\/\/www.annonces-legales.org\/blog\/wp-json\/wp\/v2\/pages\/1583","targetHints":{"allow":["GET"]}}],"collection":[{"href":"https:\/\/www.annonces-legales.org\/blog\/wp-json\/wp\/v2\/pages"}],"about":[{"href":"https:\/\/www.annonces-legales.org\/blog\/wp-json\/wp\/v2\/types\/page"}],"author":[{"embeddable":true,"href":"https:\/\/www.annonces-legales.org\/blog\/wp-json\/wp\/v2\/users\/1"}],"replies":[{"embeddable":true,"href":"https:\/\/www.annonces-legales.org\/blog\/wp-json\/wp\/v2\/comments?post=1583"}],"version-history":[{"count":2,"href":"https:\/\/www.annonces-legales.org\/blog\/wp-json\/wp\/v2\/pages\/1583\/revisions"}],"predecessor-version":[{"id":1585,"href":"https:\/\/www.annonces-legales.org\/blog\/wp-json\/wp\/v2\/pages\/1583\/revisions\/1585"}],"up":[{"embeddable":true,"href":"https:\/\/www.annonces-legales.org\/blog\/wp-json\/wp\/v2\/pages\/351"}],"wp:attachment":[{"href":"https:\/\/www.annonces-legales.org\/blog\/wp-json\/wp\/v2\/media?parent=1583"}],"curies":[{"name":"wp","href":"https:\/\/api.w.org\/{rel}","templated":true}]}}