{"id":1650,"date":"2022-01-20T10:05:49","date_gmt":"2022-01-20T09:05:49","guid":{"rendered":"https:\/\/www.annonces-legales.org\/blog\/?page_id=1650"},"modified":"2022-01-26T11:36:18","modified_gmt":"2022-01-26T10:36:18","slug":"arritti","status":"publish","type":"page","link":"https:\/\/www.annonces-legales.org\/blog\/arritti\/","title":{"rendered":"Arritti"},"content":{"rendered":"<p><img loading=\"lazy\" decoding=\"async\" class=\"aligncenter size-full wp-image-1654\" src=\"https:\/\/www.annonces-legales.org\/blog\/wp-content\/uploads\/2021\/12\/logo-arritti.png\" alt=\"\" width=\"327\" height=\"119\" srcset=\"https:\/\/www.annonces-legales.org\/blog\/wp-content\/uploads\/2021\/12\/logo-arritti.png 327w, https:\/\/www.annonces-legales.org\/blog\/wp-content\/uploads\/2021\/12\/logo-arritti-300x109.png 300w\" sizes=\"auto, (max-width: 327px) 100vw, 327px\" \/><\/p>\n<p>Le<strong> journal Arritti<\/strong> est un hebdomadaire qui propose des actualit\u00e9s sur la Corse. Le journal est enti\u00e8rement <strong>\u00e9crit en langue corse<\/strong>. Il para\u00eet chaque jeudi au prix de 1,60 euros.<\/p>\n<p>Arritti a \u00e9t\u00e9 cr\u00e9\u00e9 en d\u00e9cembre 1966. C&rsquo;est un journal qui \u00e9t\u00e9 pro-autonomiste mais, qui depuis quelques ann\u00e9es poss\u00e8de une ligne \u00e9ditoriale beaucoup plus large. Il est bien entendu imprim\u00e9, mis en page et \u00e9crit en Corse. Le directeur de la publication est Fran\u00e7ois Alfonsi. La r\u00e9dactrice en chef est Fabienne Giovannini.<\/p>\n<p>&nbsp;<\/p>\n<h2>Pr\u00e9sence du journal sur le Web<\/h2>\n<p><img loading=\"lazy\" decoding=\"async\" class=\"aligncenter size-full wp-image-1651\" src=\"https:\/\/www.annonces-legales.org\/blog\/wp-content\/uploads\/2021\/12\/arritti-web.png\" alt=\"\" width=\"800\" height=\"808\" srcset=\"https:\/\/www.annonces-legales.org\/blog\/wp-content\/uploads\/2021\/12\/arritti-web.png 800w, https:\/\/www.annonces-legales.org\/blog\/wp-content\/uploads\/2021\/12\/arritti-web-297x300.png 297w, https:\/\/www.annonces-legales.org\/blog\/wp-content\/uploads\/2021\/12\/arritti-web-768x776.png 768w\" sizes=\"auto, (max-width: 800px) 100vw, 800px\" \/><\/p>\n<p>Le journal Arritti \u00e0 son propre site Web sur lequel il est possible de lire gratuitement de nombreux articles r\u00e9dig\u00e9s en langue corse et pour certains, en fran\u00e7ais.<\/p>\n<p>&nbsp;<\/p>\n<h2>Les abonnements au journal Arritti<\/h2>\n<p>L&rsquo;abonnement au journal co\u00fbte 55 \u20ac pour 12 mois. Il est \u00e9galement possible de recevoir le journal depuis l&rsquo;\u00e9tranger. Le prix pour ce type d&rsquo;abonnement et de 82 euros.<br \/>\nLa seule fa\u00e7on de s&rsquo;abonner et d&rsquo;envoyer un ch\u00e8que \u00e0 l&rsquo;ordre du journal.<\/p>\n<p>Adresse du journal : Arritti, 5, Boulevard de Monterra, 20200 Bastia.<br \/>\nT\u00e9l\u00e9phone de la r\u00e9daction : 06 81 58 36 29<br \/>\nE-mail :arritti2@wanadoo.fr<\/p>\n<p>&nbsp;<\/p>\n<h2>Publier des annonces l\u00e9gales pour les entreprises de Corse<\/h2>\n<p>L&rsquo;hebdomadaire Arritti peut publier les annonces l\u00e9gales des soci\u00e9t\u00e9s et des individus qui habitent au travail en Corse. Il a effectivement re\u00e7u une habilitation officielle de la part de la pr\u00e9fecture de la Corse-du-Sud et de Haute-Corse.<\/p>\n<br\/><br\/><div class=\"entry-content notopmargin\">\n\t<img decoding=\"async\" class=\"img-fluid fleft\" src=\"https:\/\/www.annonces-legales.org\/images\/rapide-economique-tout-departement.png\" alt=\"Journal d'annonce l\u00e9gale de Corse \"><a href=\"https:\/\/www.annonces-legales.org\/publication-annonce-legale.html\" class=\"button button-desc fright mtop30\"><div>Je publie<br> mon annonce<br> l\u00e9gale<\/div><span>dans un journal de Corse !<\/span><\/a>\n<\/div><div class=\"clrbth\"><\/div><br\/><br\/>\n<p>&nbsp;<\/p>\n","protected":false},"excerpt":{"rendered":"<p>Le journal Arritti est un hebdomadaire qui propose des actualit\u00e9s sur la Corse. Le journal est enti\u00e8rement \u00e9crit en langue [&hellip;]<\/p>\n","protected":false},"author":1,"featured_media":0,"parent":351,"menu_order":0,"comment_status":"closed","ping_status":"closed","template":"","meta":{"inline_featured_image":false,"footnotes":""},"class_list":["post-1650","page","type-page","status-publish","hentry"],"yoast_head":"<!-- This site is optimized with the Yoast SEO plugin v26.8 - https:\/\/yoast.com\/product\/yoast-seo-wordpress\/ -->\n<title>Arritti - Actualit\u00e9 des entreprises<\/title>\n<meta name=\"robots\" content=\"index, follow, max-snippet:-1, max-image-preview:large, max-video-preview:-1\" \/>\n<link rel=\"canonical\" href=\"https:\/\/www.annonces-legales.org\/blog\/arritti\/\" \/>\n<meta property=\"og:locale\" content=\"fr_FR\" \/>\n<meta property=\"og:type\" content=\"article\" \/>\n<meta property=\"og:title\" content=\"Arritti - Actualit\u00e9 des entreprises\" \/>\n<meta property=\"og:description\" content=\"Le journal Arritti est un hebdomadaire qui propose des actualit\u00e9s sur la Corse. Le journal est enti\u00e8rement \u00e9crit en langue [&hellip;]\" \/>\n<meta property=\"og:url\" content=\"https:\/\/www.annonces-legales.org\/blog\/arritti\/\" \/>\n<meta property=\"og:site_name\" content=\"Actualit\u00e9 des entreprises\" \/>\n<meta property=\"article:modified_time\" content=\"2022-01-26T10:36:18+00:00\" \/>\n<meta property=\"og:image\" content=\"https:\/\/www.annonces-legales.org\/blog\/wp-content\/uploads\/2021\/12\/logo-arritti.png\" \/>\n\t<meta property=\"og:image:width\" content=\"327\" \/>\n\t<meta property=\"og:image:height\" content=\"119\" \/>\n\t<meta property=\"og:image:type\" content=\"image\/png\" \/>\n<meta name=\"twitter:card\" content=\"summary_large_image\" \/>\n<meta name=\"twitter:label1\" content=\"Dur\u00e9e de lecture estim\u00e9e\" \/>\n\t<meta name=\"twitter:data1\" content=\"1 minute\" \/>\n<script type=\"application\/ld+json\" class=\"yoast-schema-graph\">{\"@context\":\"https:\/\/schema.org\",\"@graph\":[{\"@type\":\"WebPage\",\"@id\":\"https:\/\/www.annonces-legales.org\/blog\/arritti\/\",\"url\":\"https:\/\/www.annonces-legales.org\/blog\/arritti\/\",\"name\":\"Arritti - Actualit\u00e9 des entreprises\",\"isPartOf\":{\"@id\":\"https:\/\/www.annonces-legales.org\/blog\/#website\"},\"primaryImageOfPage\":{\"@id\":\"https:\/\/www.annonces-legales.org\/blog\/arritti\/#primaryimage\"},\"image\":{\"@id\":\"https:\/\/www.annonces-legales.org\/blog\/arritti\/#primaryimage\"},\"thumbnailUrl\":\"https:\/\/www.annonces-legales.org\/blog\/wp-content\/uploads\/2021\/12\/logo-arritti.png\",\"datePublished\":\"2022-01-20T09:05:49+00:00\",\"dateModified\":\"2022-01-26T10:36:18+00:00\",\"breadcrumb\":{\"@id\":\"https:\/\/www.annonces-legales.org\/blog\/arritti\/#breadcrumb\"},\"inLanguage\":\"fr-FR\",\"potentialAction\":[{\"@type\":\"ReadAction\",\"target\":[\"https:\/\/www.annonces-legales.org\/blog\/arritti\/\"]}]},{\"@type\":\"ImageObject\",\"inLanguage\":\"fr-FR\",\"@id\":\"https:\/\/www.annonces-legales.org\/blog\/arritti\/#primaryimage\",\"url\":\"https:\/\/www.annonces-legales.org\/blog\/wp-content\/uploads\/2021\/12\/logo-arritti.png\",\"contentUrl\":\"https:\/\/www.annonces-legales.org\/blog\/wp-content\/uploads\/2021\/12\/logo-arritti.png\",\"width\":327,\"height\":119},{\"@type\":\"BreadcrumbList\",\"@id\":\"https:\/\/www.annonces-legales.org\/blog\/arritti\/#breadcrumb\",\"itemListElement\":[{\"@type\":\"ListItem\",\"position\":1,\"name\":\"Accueil\",\"item\":\"https:\/\/www.annonces-legales.org\/blog\/\"},{\"@type\":\"ListItem\",\"position\":2,\"name\":\"Liste des journaux habilit\u00e9s \u00e0 publier des annonces l\u00e9gales\",\"item\":\"https:\/\/www.annonces-legales.org\/blog\/liste-des-journaux-habilites-a-publier-des-annonces-legales\/\"},{\"@type\":\"ListItem\",\"position\":3,\"name\":\"Arritti\"}]},{\"@type\":\"WebSite\",\"@id\":\"https:\/\/www.annonces-legales.org\/blog\/#website\",\"url\":\"https:\/\/www.annonces-legales.org\/blog\/\",\"name\":\"Actualit\u00e9 des entreprises\",\"description\":\"\",\"publisher\":{\"@id\":\"https:\/\/www.annonces-legales.org\/blog\/#organization\"},\"potentialAction\":[{\"@type\":\"SearchAction\",\"target\":{\"@type\":\"EntryPoint\",\"urlTemplate\":\"https:\/\/www.annonces-legales.org\/blog\/?s={search_term_string}\"},\"query-input\":{\"@type\":\"PropertyValueSpecification\",\"valueRequired\":true,\"valueName\":\"search_term_string\"}}],\"inLanguage\":\"fr-FR\"},{\"@type\":\"Organization\",\"@id\":\"https:\/\/www.annonces-legales.org\/blog\/#organization\",\"name\":\"Actualit\u00e9 des entreprises\",\"url\":\"https:\/\/www.annonces-legales.org\/blog\/\",\"logo\":{\"@type\":\"ImageObject\",\"inLanguage\":\"fr-FR\",\"@id\":\"https:\/\/www.annonces-legales.org\/blog\/#\/schema\/logo\/image\/\",\"url\":\"https:\/\/www.annonces-legales.org\/blog\/wp-content\/uploads\/2023\/08\/annonces-legales.svg\",\"contentUrl\":\"https:\/\/www.annonces-legales.org\/blog\/wp-content\/uploads\/2023\/08\/annonces-legales.svg\",\"caption\":\"Actualit\u00e9 des entreprises\"},\"image\":{\"@id\":\"https:\/\/www.annonces-legales.org\/blog\/#\/schema\/logo\/image\/\"}}]}<\/script>\n<!-- \/ Yoast SEO plugin. -->","yoast_head_json":{"title":"Arritti - Actualit\u00e9 des entreprises","robots":{"index":"index","follow":"follow","max-snippet":"max-snippet:-1","max-image-preview":"max-image-preview:large","max-video-preview":"max-video-preview:-1"},"canonical":"https:\/\/www.annonces-legales.org\/blog\/arritti\/","og_locale":"fr_FR","og_type":"article","og_title":"Arritti - Actualit\u00e9 des entreprises","og_description":"Le journal Arritti est un hebdomadaire qui propose des actualit\u00e9s sur la Corse. Le journal est enti\u00e8rement \u00e9crit en langue [&hellip;]","og_url":"https:\/\/www.annonces-legales.org\/blog\/arritti\/","og_site_name":"Actualit\u00e9 des entreprises","article_modified_time":"2022-01-26T10:36:18+00:00","og_image":[{"width":327,"height":119,"url":"https:\/\/www.annonces-legales.org\/blog\/wp-content\/uploads\/2021\/12\/logo-arritti.png","type":"image\/png"}],"twitter_card":"summary_large_image","twitter_misc":{"Dur\u00e9e de lecture estim\u00e9e":"1 minute"},"schema":{"@context":"https:\/\/schema.org","@graph":[{"@type":"WebPage","@id":"https:\/\/www.annonces-legales.org\/blog\/arritti\/","url":"https:\/\/www.annonces-legales.org\/blog\/arritti\/","name":"Arritti - Actualit\u00e9 des entreprises","isPartOf":{"@id":"https:\/\/www.annonces-legales.org\/blog\/#website"},"primaryImageOfPage":{"@id":"https:\/\/www.annonces-legales.org\/blog\/arritti\/#primaryimage"},"image":{"@id":"https:\/\/www.annonces-legales.org\/blog\/arritti\/#primaryimage"},"thumbnailUrl":"https:\/\/www.annonces-legales.org\/blog\/wp-content\/uploads\/2021\/12\/logo-arritti.png","datePublished":"2022-01-20T09:05:49+00:00","dateModified":"2022-01-26T10:36:18+00:00","breadcrumb":{"@id":"https:\/\/www.annonces-legales.org\/blog\/arritti\/#breadcrumb"},"inLanguage":"fr-FR","potentialAction":[{"@type":"ReadAction","target":["https:\/\/www.annonces-legales.org\/blog\/arritti\/"]}]},{"@type":"ImageObject","inLanguage":"fr-FR","@id":"https:\/\/www.annonces-legales.org\/blog\/arritti\/#primaryimage","url":"https:\/\/www.annonces-legales.org\/blog\/wp-content\/uploads\/2021\/12\/logo-arritti.png","contentUrl":"https:\/\/www.annonces-legales.org\/blog\/wp-content\/uploads\/2021\/12\/logo-arritti.png","width":327,"height":119},{"@type":"BreadcrumbList","@id":"https:\/\/www.annonces-legales.org\/blog\/arritti\/#breadcrumb","itemListElement":[{"@type":"ListItem","position":1,"name":"Accueil","item":"https:\/\/www.annonces-legales.org\/blog\/"},{"@type":"ListItem","position":2,"name":"Liste des journaux habilit\u00e9s \u00e0 publier des annonces l\u00e9gales","item":"https:\/\/www.annonces-legales.org\/blog\/liste-des-journaux-habilites-a-publier-des-annonces-legales\/"},{"@type":"ListItem","position":3,"name":"Arritti"}]},{"@type":"WebSite","@id":"https:\/\/www.annonces-legales.org\/blog\/#website","url":"https:\/\/www.annonces-legales.org\/blog\/","name":"Actualit\u00e9 des entreprises","description":"","publisher":{"@id":"https:\/\/www.annonces-legales.org\/blog\/#organization"},"potentialAction":[{"@type":"SearchAction","target":{"@type":"EntryPoint","urlTemplate":"https:\/\/www.annonces-legales.org\/blog\/?s={search_term_string}"},"query-input":{"@type":"PropertyValueSpecification","valueRequired":true,"valueName":"search_term_string"}}],"inLanguage":"fr-FR"},{"@type":"Organization","@id":"https:\/\/www.annonces-legales.org\/blog\/#organization","name":"Actualit\u00e9 des entreprises","url":"https:\/\/www.annonces-legales.org\/blog\/","logo":{"@type":"ImageObject","inLanguage":"fr-FR","@id":"https:\/\/www.annonces-legales.org\/blog\/#\/schema\/logo\/image\/","url":"https:\/\/www.annonces-legales.org\/blog\/wp-content\/uploads\/2023\/08\/annonces-legales.svg","contentUrl":"https:\/\/www.annonces-legales.org\/blog\/wp-content\/uploads\/2023\/08\/annonces-legales.svg","caption":"Actualit\u00e9 des entreprises"},"image":{"@id":"https:\/\/www.annonces-legales.org\/blog\/#\/schema\/logo\/image\/"}}]}},"_links":{"self":[{"href":"https:\/\/www.annonces-legales.org\/blog\/wp-json\/wp\/v2\/pages\/1650","targetHints":{"allow":["GET"]}}],"collection":[{"href":"https:\/\/www.annonces-legales.org\/blog\/wp-json\/wp\/v2\/pages"}],"about":[{"href":"https:\/\/www.annonces-legales.org\/blog\/wp-json\/wp\/v2\/types\/page"}],"author":[{"embeddable":true,"href":"https:\/\/www.annonces-legales.org\/blog\/wp-json\/wp\/v2\/users\/1"}],"replies":[{"embeddable":true,"href":"https:\/\/www.annonces-legales.org\/blog\/wp-json\/wp\/v2\/comments?post=1650"}],"version-history":[{"count":4,"href":"https:\/\/www.annonces-legales.org\/blog\/wp-json\/wp\/v2\/pages\/1650\/revisions"}],"predecessor-version":[{"id":1657,"href":"https:\/\/www.annonces-legales.org\/blog\/wp-json\/wp\/v2\/pages\/1650\/revisions\/1657"}],"up":[{"embeddable":true,"href":"https:\/\/www.annonces-legales.org\/blog\/wp-json\/wp\/v2\/pages\/351"}],"wp:attachment":[{"href":"https:\/\/www.annonces-legales.org\/blog\/wp-json\/wp\/v2\/media?parent=1650"}],"curies":[{"name":"wp","href":"https:\/\/api.w.org\/{rel}","templated":true}]}}