{"id":1693,"date":"2022-01-10T09:43:58","date_gmt":"2022-01-10T08:43:58","guid":{"rendered":"https:\/\/www.annonces-legales.org\/blog\/?page_id=1693"},"modified":"2022-01-26T11:48:04","modified_gmt":"2022-01-26T10:48:04","slug":"echos-judiciaires-girondins","status":"publish","type":"page","link":"https:\/\/www.annonces-legales.org\/blog\/echos-judiciaires-girondins\/","title":{"rendered":"\u00c9chos Judiciaires Girondins"},"content":{"rendered":"<p><img loading=\"lazy\" decoding=\"async\" class=\"aligncenter size-full wp-image-1695\" src=\"https:\/\/www.annonces-legales.org\/blog\/wp-content\/uploads\/2021\/12\/logo-echos-judiciaires-girondins.png\" alt=\"\" width=\"433\" height=\"125\" srcset=\"https:\/\/www.annonces-legales.org\/blog\/wp-content\/uploads\/2021\/12\/logo-echos-judiciaires-girondins.png 433w, https:\/\/www.annonces-legales.org\/blog\/wp-content\/uploads\/2021\/12\/logo-echos-judiciaires-girondins-300x87.png 300w\" sizes=\"auto, (max-width: 433px) 100vw, 433px\" \/><\/p>\n<p>&nbsp;<\/p>\n<p>Les <strong>\u00c9chos Judiciaires Girondins<\/strong> est un journal bi-hebdomadaire qui para\u00eet tous les vendredis pour un prix de 1,80 euros. Cet hebdomadaire, cr\u00e9\u00e9 en 1848, propose des informations \u00e9conomiques, judiciaires, sur le droit et sur l&rsquo;\u00e9conomie au niveau de la Gironde et au niveau national. Le journal est lu par l&rsquo;ensemble des chefs d&rsquo;entreprise et des d\u00e9cideurs de la r\u00e9gion.Le journal est enti\u00e8rement en couleur et comporte g\u00e9n\u00e9ralement entre 60 et 70 pages.<\/p>\n<p>&nbsp;<\/p>\n<h2>A propos du journal Les \u00c9chos judiciaires girondins<\/h2>\n<p>L&rsquo;\u00e9quipe du journal est compos\u00e9e de 21 personnes dont quatre personnes qui s&rsquo;occupent de la r\u00e9daction du journal. Le directeur des r\u00e9dactions s&rsquo;appelle Vincent Rousset. Le pr\u00e9sident du journal est Guillaume Lalau et le directeur adjoint se nomme Nicolas Thomasset. Les deux journalistes du journal sont Nathalie Vallez et Jennifer Wunsch.<br \/>\nL&rsquo;entreprise derri\u00e8re le journal poss\u00e8de \u00e9galement d&rsquo;autres journaux qui sont diffus\u00e9s dans divers d\u00e9partements :<br \/>\n\u2013 en Loire Atlantique avec l&rsquo;<a href=\"https:\/\/www.annonces-legales.org\/blog\/linformateur-judiciaire\/\">informateur judiciaire<\/a><br \/>\n\u2013 dans les Landes avec les<a href=\"https:\/\/www.annonces-legales.org\/blog\/les-annonces-landaises\/\"> annonces landaises<\/a><br \/>\n\u2013 en Ille-et-Vilaine avec 7 jours, les petites affiches de Bretagne<br \/>\n\u2013 en Dordogne et dans le Lot-et-Garonne avec le journal la vie \u00e9conomique du sud-ouest<\/p>\n<p><strong>Adresse du journal<\/strong> : Les \u00c9chos judiciaires girondins, 108, Rue Fondaud\u00e8ge, Bordeaux (33081)<br \/>\n<strong>E-mail de la r\u00e9daction<\/strong> : redaction@echos-judiciaires.com<br \/>\n<strong>T\u00e9l\u00e9phone<\/strong> : 05 56 52 32 13<\/p>\n<p>&nbsp;<\/p>\n<h2>Site Web du journal Les \u00c9chos judiciaires girondins<\/h2>\n<p><img loading=\"lazy\" decoding=\"async\" class=\"aligncenter size-full wp-image-1694\" src=\"https:\/\/www.annonces-legales.org\/blog\/wp-content\/uploads\/2021\/12\/les-echos-judiciaires-girondins-web.png\" alt=\"\" width=\"800\" height=\"744\" srcset=\"https:\/\/www.annonces-legales.org\/blog\/wp-content\/uploads\/2021\/12\/les-echos-judiciaires-girondins-web.png 800w, https:\/\/www.annonces-legales.org\/blog\/wp-content\/uploads\/2021\/12\/les-echos-judiciaires-girondins-web-300x279.png 300w, https:\/\/www.annonces-legales.org\/blog\/wp-content\/uploads\/2021\/12\/les-echos-judiciaires-girondins-web-768x714.png 768w\" sizes=\"auto, (max-width: 800px) 100vw, 800px\" \/><\/p>\n<p>La vitrine internet du journal propose des br\u00e8ves d&rsquo;actualit\u00e9 que l&rsquo;on peut voir en clair, sans abonnement.<br \/>\nLe journal propose une seule formule d&rsquo;abonnement qui comprend l&rsquo;\u00e9dition papier du journal ainsi que sa version Web. Un abonnement pour un an co\u00fbte 65 \u20ac tandis que l&rsquo;abonnement pour deux ans co\u00fbte 109 \u20ac. Il est bien s\u00fbr possible de s&rsquo;abonner et de payer directement en ligne.<\/p>\n<p>&nbsp;<\/p>\n<h2>Annonces l\u00e9gales en Gironde<\/h2>\n<p>Les \u00c9chos judiciaires girondins peuvent publier les annonces l\u00e9gales des personnes morales qui ont leur domiciliation dans le d\u00e9partement de la Gironde. Ce journal bihebdomadaire publie entre 100 et 200 annonces l\u00e9gales chaque semaine.<\/p>\n<br\/><br\/><div class=\"entry-content notopmargin\">\n\t<img decoding=\"async\" class=\"img-fluid fleft\" src=\"https:\/\/www.annonces-legales.org\/images\/rapide-economique-tout-departement.png\" alt=\"Journal d'annonce l\u00e9gale  de Gironde \"><a href=\"https:\/\/www.annonces-legales.org\/publication-annonce-legale.html\" class=\"button button-desc fright mtop30\"><div>Je publie<br> mon annonce<br> l\u00e9gale<\/div><span>dans un journal  de Gironde !<\/span><\/a>\n<\/div><div class=\"clrbth\"><\/div><br\/><br\/>\n","protected":false},"excerpt":{"rendered":"<p>&nbsp; Les \u00c9chos Judiciaires Girondins est un journal bi-hebdomadaire qui para\u00eet tous les vendredis pour un prix de 1,80 euros. [&hellip;]<\/p>\n","protected":false},"author":1,"featured_media":0,"parent":351,"menu_order":0,"comment_status":"closed","ping_status":"closed","template":"","meta":{"inline_featured_image":false,"footnotes":""},"class_list":["post-1693","page","type-page","status-publish","hentry"],"yoast_head":"<!-- This site is optimized with the Yoast SEO plugin v26.8 - https:\/\/yoast.com\/product\/yoast-seo-wordpress\/ -->\n<title>\u00c9chos Judiciaires Girondins - Actualit\u00e9 des entreprises<\/title>\n<meta name=\"robots\" content=\"index, follow, max-snippet:-1, max-image-preview:large, max-video-preview:-1\" \/>\n<link rel=\"canonical\" href=\"https:\/\/www.annonces-legales.org\/blog\/echos-judiciaires-girondins\/\" \/>\n<meta property=\"og:locale\" content=\"fr_FR\" \/>\n<meta property=\"og:type\" content=\"article\" \/>\n<meta property=\"og:title\" content=\"\u00c9chos Judiciaires Girondins - Actualit\u00e9 des entreprises\" \/>\n<meta property=\"og:description\" content=\"&nbsp; Les \u00c9chos Judiciaires Girondins est un journal bi-hebdomadaire qui para\u00eet tous les vendredis pour un prix de 1,80 euros. [&hellip;]\" \/>\n<meta property=\"og:url\" content=\"https:\/\/www.annonces-legales.org\/blog\/echos-judiciaires-girondins\/\" \/>\n<meta property=\"og:site_name\" content=\"Actualit\u00e9 des entreprises\" \/>\n<meta property=\"article:modified_time\" content=\"2022-01-26T10:48:04+00:00\" \/>\n<meta property=\"og:image\" content=\"https:\/\/www.annonces-legales.org\/blog\/wp-content\/uploads\/2021\/12\/logo-echos-judiciaires-girondins.png\" \/>\n\t<meta property=\"og:image:width\" content=\"433\" \/>\n\t<meta property=\"og:image:height\" content=\"125\" \/>\n\t<meta property=\"og:image:type\" content=\"image\/png\" \/>\n<meta name=\"twitter:card\" content=\"summary_large_image\" \/>\n<meta name=\"twitter:label1\" content=\"Dur\u00e9e de lecture estim\u00e9e\" \/>\n\t<meta name=\"twitter:data1\" content=\"2 minutes\" \/>\n<script type=\"application\/ld+json\" class=\"yoast-schema-graph\">{\"@context\":\"https:\/\/schema.org\",\"@graph\":[{\"@type\":\"WebPage\",\"@id\":\"https:\/\/www.annonces-legales.org\/blog\/echos-judiciaires-girondins\/\",\"url\":\"https:\/\/www.annonces-legales.org\/blog\/echos-judiciaires-girondins\/\",\"name\":\"\u00c9chos Judiciaires Girondins - Actualit\u00e9 des entreprises\",\"isPartOf\":{\"@id\":\"https:\/\/www.annonces-legales.org\/blog\/#website\"},\"primaryImageOfPage\":{\"@id\":\"https:\/\/www.annonces-legales.org\/blog\/echos-judiciaires-girondins\/#primaryimage\"},\"image\":{\"@id\":\"https:\/\/www.annonces-legales.org\/blog\/echos-judiciaires-girondins\/#primaryimage\"},\"thumbnailUrl\":\"https:\/\/www.annonces-legales.org\/blog\/wp-content\/uploads\/2021\/12\/logo-echos-judiciaires-girondins.png\",\"datePublished\":\"2022-01-10T08:43:58+00:00\",\"dateModified\":\"2022-01-26T10:48:04+00:00\",\"breadcrumb\":{\"@id\":\"https:\/\/www.annonces-legales.org\/blog\/echos-judiciaires-girondins\/#breadcrumb\"},\"inLanguage\":\"fr-FR\",\"potentialAction\":[{\"@type\":\"ReadAction\",\"target\":[\"https:\/\/www.annonces-legales.org\/blog\/echos-judiciaires-girondins\/\"]}]},{\"@type\":\"ImageObject\",\"inLanguage\":\"fr-FR\",\"@id\":\"https:\/\/www.annonces-legales.org\/blog\/echos-judiciaires-girondins\/#primaryimage\",\"url\":\"https:\/\/www.annonces-legales.org\/blog\/wp-content\/uploads\/2021\/12\/logo-echos-judiciaires-girondins.png\",\"contentUrl\":\"https:\/\/www.annonces-legales.org\/blog\/wp-content\/uploads\/2021\/12\/logo-echos-judiciaires-girondins.png\",\"width\":433,\"height\":125},{\"@type\":\"BreadcrumbList\",\"@id\":\"https:\/\/www.annonces-legales.org\/blog\/echos-judiciaires-girondins\/#breadcrumb\",\"itemListElement\":[{\"@type\":\"ListItem\",\"position\":1,\"name\":\"Accueil\",\"item\":\"https:\/\/www.annonces-legales.org\/blog\/\"},{\"@type\":\"ListItem\",\"position\":2,\"name\":\"Liste des journaux habilit\u00e9s \u00e0 publier des annonces l\u00e9gales\",\"item\":\"https:\/\/www.annonces-legales.org\/blog\/liste-des-journaux-habilites-a-publier-des-annonces-legales\/\"},{\"@type\":\"ListItem\",\"position\":3,\"name\":\"\u00c9chos Judiciaires Girondins\"}]},{\"@type\":\"WebSite\",\"@id\":\"https:\/\/www.annonces-legales.org\/blog\/#website\",\"url\":\"https:\/\/www.annonces-legales.org\/blog\/\",\"name\":\"Actualit\u00e9 des entreprises\",\"description\":\"\",\"publisher\":{\"@id\":\"https:\/\/www.annonces-legales.org\/blog\/#organization\"},\"potentialAction\":[{\"@type\":\"SearchAction\",\"target\":{\"@type\":\"EntryPoint\",\"urlTemplate\":\"https:\/\/www.annonces-legales.org\/blog\/?s={search_term_string}\"},\"query-input\":{\"@type\":\"PropertyValueSpecification\",\"valueRequired\":true,\"valueName\":\"search_term_string\"}}],\"inLanguage\":\"fr-FR\"},{\"@type\":\"Organization\",\"@id\":\"https:\/\/www.annonces-legales.org\/blog\/#organization\",\"name\":\"Actualit\u00e9 des entreprises\",\"url\":\"https:\/\/www.annonces-legales.org\/blog\/\",\"logo\":{\"@type\":\"ImageObject\",\"inLanguage\":\"fr-FR\",\"@id\":\"https:\/\/www.annonces-legales.org\/blog\/#\/schema\/logo\/image\/\",\"url\":\"https:\/\/www.annonces-legales.org\/blog\/wp-content\/uploads\/2023\/08\/annonces-legales.svg\",\"contentUrl\":\"https:\/\/www.annonces-legales.org\/blog\/wp-content\/uploads\/2023\/08\/annonces-legales.svg\",\"caption\":\"Actualit\u00e9 des entreprises\"},\"image\":{\"@id\":\"https:\/\/www.annonces-legales.org\/blog\/#\/schema\/logo\/image\/\"}}]}<\/script>\n<!-- \/ Yoast SEO plugin. -->","yoast_head_json":{"title":"\u00c9chos Judiciaires Girondins - Actualit\u00e9 des entreprises","robots":{"index":"index","follow":"follow","max-snippet":"max-snippet:-1","max-image-preview":"max-image-preview:large","max-video-preview":"max-video-preview:-1"},"canonical":"https:\/\/www.annonces-legales.org\/blog\/echos-judiciaires-girondins\/","og_locale":"fr_FR","og_type":"article","og_title":"\u00c9chos Judiciaires Girondins - Actualit\u00e9 des entreprises","og_description":"&nbsp; Les \u00c9chos Judiciaires Girondins est un journal bi-hebdomadaire qui para\u00eet tous les vendredis pour un prix de 1,80 euros. [&hellip;]","og_url":"https:\/\/www.annonces-legales.org\/blog\/echos-judiciaires-girondins\/","og_site_name":"Actualit\u00e9 des entreprises","article_modified_time":"2022-01-26T10:48:04+00:00","og_image":[{"width":433,"height":125,"url":"https:\/\/www.annonces-legales.org\/blog\/wp-content\/uploads\/2021\/12\/logo-echos-judiciaires-girondins.png","type":"image\/png"}],"twitter_card":"summary_large_image","twitter_misc":{"Dur\u00e9e de lecture estim\u00e9e":"2 minutes"},"schema":{"@context":"https:\/\/schema.org","@graph":[{"@type":"WebPage","@id":"https:\/\/www.annonces-legales.org\/blog\/echos-judiciaires-girondins\/","url":"https:\/\/www.annonces-legales.org\/blog\/echos-judiciaires-girondins\/","name":"\u00c9chos Judiciaires Girondins - Actualit\u00e9 des entreprises","isPartOf":{"@id":"https:\/\/www.annonces-legales.org\/blog\/#website"},"primaryImageOfPage":{"@id":"https:\/\/www.annonces-legales.org\/blog\/echos-judiciaires-girondins\/#primaryimage"},"image":{"@id":"https:\/\/www.annonces-legales.org\/blog\/echos-judiciaires-girondins\/#primaryimage"},"thumbnailUrl":"https:\/\/www.annonces-legales.org\/blog\/wp-content\/uploads\/2021\/12\/logo-echos-judiciaires-girondins.png","datePublished":"2022-01-10T08:43:58+00:00","dateModified":"2022-01-26T10:48:04+00:00","breadcrumb":{"@id":"https:\/\/www.annonces-legales.org\/blog\/echos-judiciaires-girondins\/#breadcrumb"},"inLanguage":"fr-FR","potentialAction":[{"@type":"ReadAction","target":["https:\/\/www.annonces-legales.org\/blog\/echos-judiciaires-girondins\/"]}]},{"@type":"ImageObject","inLanguage":"fr-FR","@id":"https:\/\/www.annonces-legales.org\/blog\/echos-judiciaires-girondins\/#primaryimage","url":"https:\/\/www.annonces-legales.org\/blog\/wp-content\/uploads\/2021\/12\/logo-echos-judiciaires-girondins.png","contentUrl":"https:\/\/www.annonces-legales.org\/blog\/wp-content\/uploads\/2021\/12\/logo-echos-judiciaires-girondins.png","width":433,"height":125},{"@type":"BreadcrumbList","@id":"https:\/\/www.annonces-legales.org\/blog\/echos-judiciaires-girondins\/#breadcrumb","itemListElement":[{"@type":"ListItem","position":1,"name":"Accueil","item":"https:\/\/www.annonces-legales.org\/blog\/"},{"@type":"ListItem","position":2,"name":"Liste des journaux habilit\u00e9s \u00e0 publier des annonces l\u00e9gales","item":"https:\/\/www.annonces-legales.org\/blog\/liste-des-journaux-habilites-a-publier-des-annonces-legales\/"},{"@type":"ListItem","position":3,"name":"\u00c9chos Judiciaires Girondins"}]},{"@type":"WebSite","@id":"https:\/\/www.annonces-legales.org\/blog\/#website","url":"https:\/\/www.annonces-legales.org\/blog\/","name":"Actualit\u00e9 des entreprises","description":"","publisher":{"@id":"https:\/\/www.annonces-legales.org\/blog\/#organization"},"potentialAction":[{"@type":"SearchAction","target":{"@type":"EntryPoint","urlTemplate":"https:\/\/www.annonces-legales.org\/blog\/?s={search_term_string}"},"query-input":{"@type":"PropertyValueSpecification","valueRequired":true,"valueName":"search_term_string"}}],"inLanguage":"fr-FR"},{"@type":"Organization","@id":"https:\/\/www.annonces-legales.org\/blog\/#organization","name":"Actualit\u00e9 des entreprises","url":"https:\/\/www.annonces-legales.org\/blog\/","logo":{"@type":"ImageObject","inLanguage":"fr-FR","@id":"https:\/\/www.annonces-legales.org\/blog\/#\/schema\/logo\/image\/","url":"https:\/\/www.annonces-legales.org\/blog\/wp-content\/uploads\/2023\/08\/annonces-legales.svg","contentUrl":"https:\/\/www.annonces-legales.org\/blog\/wp-content\/uploads\/2023\/08\/annonces-legales.svg","caption":"Actualit\u00e9 des entreprises"},"image":{"@id":"https:\/\/www.annonces-legales.org\/blog\/#\/schema\/logo\/image\/"}}]}},"_links":{"self":[{"href":"https:\/\/www.annonces-legales.org\/blog\/wp-json\/wp\/v2\/pages\/1693","targetHints":{"allow":["GET"]}}],"collection":[{"href":"https:\/\/www.annonces-legales.org\/blog\/wp-json\/wp\/v2\/pages"}],"about":[{"href":"https:\/\/www.annonces-legales.org\/blog\/wp-json\/wp\/v2\/types\/page"}],"author":[{"embeddable":true,"href":"https:\/\/www.annonces-legales.org\/blog\/wp-json\/wp\/v2\/users\/1"}],"replies":[{"embeddable":true,"href":"https:\/\/www.annonces-legales.org\/blog\/wp-json\/wp\/v2\/comments?post=1693"}],"version-history":[{"count":2,"href":"https:\/\/www.annonces-legales.org\/blog\/wp-json\/wp\/v2\/pages\/1693\/revisions"}],"predecessor-version":[{"id":1697,"href":"https:\/\/www.annonces-legales.org\/blog\/wp-json\/wp\/v2\/pages\/1693\/revisions\/1697"}],"up":[{"embeddable":true,"href":"https:\/\/www.annonces-legales.org\/blog\/wp-json\/wp\/v2\/pages\/351"}],"wp:attachment":[{"href":"https:\/\/www.annonces-legales.org\/blog\/wp-json\/wp\/v2\/media?parent=1693"}],"curies":[{"name":"wp","href":"https:\/\/api.w.org\/{rel}","templated":true}]}}