{"id":1718,"date":"2022-01-07T10:06:20","date_gmt":"2022-01-07T09:06:20","guid":{"rendered":"https:\/\/www.annonces-legales.org\/blog\/?page_id=1718"},"modified":"2022-01-26T12:16:54","modified_gmt":"2022-01-26T11:16:54","slug":"voix-du-midi","status":"publish","type":"page","link":"https:\/\/www.annonces-legales.org\/blog\/voix-du-midi\/","title":{"rendered":"Voix du Midi"},"content":{"rendered":"<p><img loading=\"lazy\" decoding=\"async\" class=\"aligncenter size-full wp-image-1721\" src=\"https:\/\/www.annonces-legales.org\/blog\/wp-content\/uploads\/2021\/12\/voix-du-midi.png\" alt=\"\" width=\"370\" height=\"76\" srcset=\"https:\/\/www.annonces-legales.org\/blog\/wp-content\/uploads\/2021\/12\/voix-du-midi.png 370w, https:\/\/www.annonces-legales.org\/blog\/wp-content\/uploads\/2021\/12\/voix-du-midi-300x62.png 300w\" sizes=\"auto, (max-width: 370px) 100vw, 370px\" \/><\/p>\n<p>Le journal <strong>La Voix du midi<\/strong> est un hebdomadaire qui publie un nouveau num\u00e9ro chaque jeudi. Le journal est vendu 1,50 \u20ac et poss\u00e8de une audience de plus de 50 000 lecteurs.<br \/>\nLa voix du midi est d\u00e9clin\u00e9e en deux \u00e9ditions : la <strong>Voix du midi Toulouse<\/strong> et la <strong>Voix du midi Lauragais<\/strong>. La r\u00e9daction \u00e9dite \u00e9galement un journal gratuit qui est distribu\u00e9 le week-end \u00e0 Toulouse : la Voix du midi week-end.<\/p>\n<p>Le r\u00e9dacteur en chef du journal est Pascal Pallas et le secr\u00e9taire g\u00e9n\u00e9ral adjoint se nomme Anthony Assemat.<br \/>\nLe journal appartient \u00e0 la soci\u00e9t\u00e9 PubliHebdos.<\/p>\n<p>&nbsp;<\/p>\n<h2>Historique du journal Voix du Midi<\/h2>\n<p>Le journal La Voix du Midi a \u00e9t\u00e9 fond\u00e9 en 1895. Il fut lanc\u00e9 par un moine journaliste. A cette \u00e9poque, le journal s&rsquo;appelait <em>La croix du midi<\/em>. Le journal fut tout d&rsquo;abord un organe de communication religieux pour l&rsquo;\u00e9glise catholique. Le journal est d&rsquo;abord quotidien mais devant de nombreux probl\u00e8mes \u00e9conomiques, le journal devient rapidement hebdomadaire.<br \/>\nEn 1910, le journal commence \u00e0 \u00eatre imprim\u00e9 sur les m\u00eames rotatives qu&rsquo;un autre titre de presse catholique : <strong>Le T\u00e9l\u00e9gramme<\/strong>. La Croix du Midi absorbe ce journal en 1935.<br \/>\nAu fil des ann\u00e9es, la Croix du Midi se d\u00e9veloppe et se d\u00e9cline en huit \u00e9ditions diff\u00e9rentes. En 1980, les journaux Croix du Midi couvrent plus de 10 d\u00e9partements avec diff\u00e9rents titres dont entre autre la Croix du Tarn (qui deviendra l&rsquo;\u00e9cho du Tarn), la croix du midi ( qui deviendra la<a href=\"https:\/\/www.annonces-legales.org\/blog\/voix-du-gers\/\"> voix du Gers<\/a>) ou encore la <a href=\"https:\/\/www.annonces-legales.org\/blog\/la-vie-quercynoise\/\">Vie Quercynoise<\/a>.<\/p>\n<p>Les diff\u00e9rentes crises ont oblig\u00e9 le journal \u00e0 supprimer et abandonner plusieurs de ces titres.<\/p>\n<h2>Informations de contact de la Voix du midi<\/h2>\n<p>Adresse du journal : 26, Rue Th\u00e9ron de Montauge 31200 Toulouse ou 15, Avenue Prat Gimont 31133 Balma<br \/>\nT\u00e9l\u00e9phone : 05 61 99 44 44<br \/>\nFax : 05 61 99 26 00<\/p>\n<p>&nbsp;<\/p>\n<h2>Publication d&rsquo;annonces l\u00e9gales en Haute Garonne<\/h2>\n<p>La voix du midi est un journal papier qui poss\u00e8de l&rsquo;autorisation pour ins\u00e9rer des <strong>annonces judiciaires et l\u00e9gales<\/strong> dans ses pages.<br \/>\nL&rsquo;ensemble des entreprises de Haute-Garonne (qui sont sous la forme d&rsquo;une personne morale) ont l&rsquo;obligation de rendre public les informations sur leur soci\u00e9t\u00e9. Elles le font notamment via la publication d&rsquo;annonce l\u00e9gale. Cette publication est obligatoire \u00e0 de nombreux moments cl\u00e9s de la cr\u00e9ation et de l&rsquo;\u00e9volution d&rsquo;une soci\u00e9t\u00e9. Ainsi, les entreprises garonnaises doivent publier des annonces l\u00e9gales lorsqu&rsquo;elle change de dirigeant, lorsqu&rsquo;elles augmentent leur capital social, lorsqu&rsquo;elles changent leur nom, lorsqu&rsquo;elles transf\u00e8rent leur si\u00e8ge social\u2026<\/p>\n<p>Afin de <strong>publier une annonce l\u00e9gale dans un journal habilit\u00e9 du d\u00e9partement 31<\/strong>, il est possible d&rsquo;utiliser la dizaine de journaux qui ont \u00e9t\u00e9 habilit\u00e9s. N\u00e9anmoins, contacter ces journaux un par un pour conna\u00eetre le tarif d&rsquo;insertion d&rsquo;une annonce l\u00e9gale et les modalit\u00e9s d&rsquo;insertion est une t\u00e2che chronophage.<\/p>\n<p>Afin de conna\u00eetre les meilleurs tarifs pour la publication d&rsquo;une annonce l\u00e9gale pour une entreprise de <strong>Toulouse<\/strong> ou de la r\u00e9gion, il est possible d&rsquo;obtenir un devis en ligne sur diff\u00e9rents journaux en cliquant ci-dessous.<\/p>\n<br\/><br\/><div class=\"entry-content notopmargin\">\n\t<img decoding=\"async\" class=\"img-fluid fleft\" src=\"https:\/\/www.annonces-legales.org\/images\/rapide-economique-tout-departement.png\" alt=\"Journal d'annonce l\u00e9gale  du 31 \"><a href=\"https:\/\/www.annonces-legales.org\/publication-annonce-legale.html\" class=\"button button-desc fright mtop30\"><div>Je publie<br> mon annonce<br> l\u00e9gale<\/div><span>dans un journal  du 31 !<\/span><\/a>\n<\/div><div class=\"clrbth\"><\/div><br\/><br\/>\n","protected":false},"excerpt":{"rendered":"<p>Le journal La Voix du midi est un hebdomadaire qui publie un nouveau num\u00e9ro chaque jeudi. Le journal est vendu [&hellip;]<\/p>\n","protected":false},"author":1,"featured_media":0,"parent":351,"menu_order":0,"comment_status":"closed","ping_status":"closed","template":"","meta":{"inline_featured_image":false,"footnotes":""},"class_list":["post-1718","page","type-page","status-publish","hentry"],"yoast_head":"<!-- This site is optimized with the Yoast SEO plugin v26.8 - https:\/\/yoast.com\/product\/yoast-seo-wordpress\/ -->\n<title>Voix du Midi - Actualit\u00e9 des entreprises<\/title>\n<meta name=\"robots\" content=\"index, follow, max-snippet:-1, max-image-preview:large, max-video-preview:-1\" \/>\n<link rel=\"canonical\" href=\"https:\/\/www.annonces-legales.org\/blog\/voix-du-midi\/\" \/>\n<meta property=\"og:locale\" content=\"fr_FR\" \/>\n<meta property=\"og:type\" content=\"article\" \/>\n<meta property=\"og:title\" content=\"Voix du Midi - Actualit\u00e9 des entreprises\" \/>\n<meta property=\"og:description\" content=\"Le journal La Voix du midi est un hebdomadaire qui publie un nouveau num\u00e9ro chaque jeudi. Le journal est vendu [&hellip;]\" \/>\n<meta property=\"og:url\" content=\"https:\/\/www.annonces-legales.org\/blog\/voix-du-midi\/\" \/>\n<meta property=\"og:site_name\" content=\"Actualit\u00e9 des entreprises\" \/>\n<meta property=\"article:modified_time\" content=\"2022-01-26T11:16:54+00:00\" \/>\n<meta property=\"og:image\" content=\"https:\/\/www.annonces-legales.org\/blog\/wp-content\/uploads\/2021\/12\/voix-du-midi.png\" \/>\n\t<meta property=\"og:image:width\" content=\"370\" \/>\n\t<meta property=\"og:image:height\" content=\"76\" \/>\n\t<meta property=\"og:image:type\" content=\"image\/png\" \/>\n<meta name=\"twitter:card\" content=\"summary_large_image\" \/>\n<meta name=\"twitter:label1\" content=\"Dur\u00e9e de lecture estim\u00e9e\" \/>\n\t<meta name=\"twitter:data1\" content=\"3 minutes\" \/>\n<script type=\"application\/ld+json\" class=\"yoast-schema-graph\">{\"@context\":\"https:\/\/schema.org\",\"@graph\":[{\"@type\":\"WebPage\",\"@id\":\"https:\/\/www.annonces-legales.org\/blog\/voix-du-midi\/\",\"url\":\"https:\/\/www.annonces-legales.org\/blog\/voix-du-midi\/\",\"name\":\"Voix du Midi - Actualit\u00e9 des entreprises\",\"isPartOf\":{\"@id\":\"https:\/\/www.annonces-legales.org\/blog\/#website\"},\"primaryImageOfPage\":{\"@id\":\"https:\/\/www.annonces-legales.org\/blog\/voix-du-midi\/#primaryimage\"},\"image\":{\"@id\":\"https:\/\/www.annonces-legales.org\/blog\/voix-du-midi\/#primaryimage\"},\"thumbnailUrl\":\"https:\/\/www.annonces-legales.org\/blog\/wp-content\/uploads\/2021\/12\/voix-du-midi.png\",\"datePublished\":\"2022-01-07T09:06:20+00:00\",\"dateModified\":\"2022-01-26T11:16:54+00:00\",\"breadcrumb\":{\"@id\":\"https:\/\/www.annonces-legales.org\/blog\/voix-du-midi\/#breadcrumb\"},\"inLanguage\":\"fr-FR\",\"potentialAction\":[{\"@type\":\"ReadAction\",\"target\":[\"https:\/\/www.annonces-legales.org\/blog\/voix-du-midi\/\"]}]},{\"@type\":\"ImageObject\",\"inLanguage\":\"fr-FR\",\"@id\":\"https:\/\/www.annonces-legales.org\/blog\/voix-du-midi\/#primaryimage\",\"url\":\"https:\/\/www.annonces-legales.org\/blog\/wp-content\/uploads\/2021\/12\/voix-du-midi.png\",\"contentUrl\":\"https:\/\/www.annonces-legales.org\/blog\/wp-content\/uploads\/2021\/12\/voix-du-midi.png\",\"width\":370,\"height\":76},{\"@type\":\"BreadcrumbList\",\"@id\":\"https:\/\/www.annonces-legales.org\/blog\/voix-du-midi\/#breadcrumb\",\"itemListElement\":[{\"@type\":\"ListItem\",\"position\":1,\"name\":\"Accueil\",\"item\":\"https:\/\/www.annonces-legales.org\/blog\/\"},{\"@type\":\"ListItem\",\"position\":2,\"name\":\"Liste des journaux habilit\u00e9s \u00e0 publier des annonces l\u00e9gales\",\"item\":\"https:\/\/www.annonces-legales.org\/blog\/liste-des-journaux-habilites-a-publier-des-annonces-legales\/\"},{\"@type\":\"ListItem\",\"position\":3,\"name\":\"Voix du Midi\"}]},{\"@type\":\"WebSite\",\"@id\":\"https:\/\/www.annonces-legales.org\/blog\/#website\",\"url\":\"https:\/\/www.annonces-legales.org\/blog\/\",\"name\":\"Actualit\u00e9 des entreprises\",\"description\":\"\",\"publisher\":{\"@id\":\"https:\/\/www.annonces-legales.org\/blog\/#organization\"},\"potentialAction\":[{\"@type\":\"SearchAction\",\"target\":{\"@type\":\"EntryPoint\",\"urlTemplate\":\"https:\/\/www.annonces-legales.org\/blog\/?s={search_term_string}\"},\"query-input\":{\"@type\":\"PropertyValueSpecification\",\"valueRequired\":true,\"valueName\":\"search_term_string\"}}],\"inLanguage\":\"fr-FR\"},{\"@type\":\"Organization\",\"@id\":\"https:\/\/www.annonces-legales.org\/blog\/#organization\",\"name\":\"Actualit\u00e9 des entreprises\",\"url\":\"https:\/\/www.annonces-legales.org\/blog\/\",\"logo\":{\"@type\":\"ImageObject\",\"inLanguage\":\"fr-FR\",\"@id\":\"https:\/\/www.annonces-legales.org\/blog\/#\/schema\/logo\/image\/\",\"url\":\"https:\/\/www.annonces-legales.org\/blog\/wp-content\/uploads\/2023\/08\/annonces-legales.svg\",\"contentUrl\":\"https:\/\/www.annonces-legales.org\/blog\/wp-content\/uploads\/2023\/08\/annonces-legales.svg\",\"caption\":\"Actualit\u00e9 des entreprises\"},\"image\":{\"@id\":\"https:\/\/www.annonces-legales.org\/blog\/#\/schema\/logo\/image\/\"}}]}<\/script>\n<!-- \/ Yoast SEO plugin. -->","yoast_head_json":{"title":"Voix du Midi - Actualit\u00e9 des entreprises","robots":{"index":"index","follow":"follow","max-snippet":"max-snippet:-1","max-image-preview":"max-image-preview:large","max-video-preview":"max-video-preview:-1"},"canonical":"https:\/\/www.annonces-legales.org\/blog\/voix-du-midi\/","og_locale":"fr_FR","og_type":"article","og_title":"Voix du Midi - Actualit\u00e9 des entreprises","og_description":"Le journal La Voix du midi est un hebdomadaire qui publie un nouveau num\u00e9ro chaque jeudi. Le journal est vendu [&hellip;]","og_url":"https:\/\/www.annonces-legales.org\/blog\/voix-du-midi\/","og_site_name":"Actualit\u00e9 des entreprises","article_modified_time":"2022-01-26T11:16:54+00:00","og_image":[{"width":370,"height":76,"url":"https:\/\/www.annonces-legales.org\/blog\/wp-content\/uploads\/2021\/12\/voix-du-midi.png","type":"image\/png"}],"twitter_card":"summary_large_image","twitter_misc":{"Dur\u00e9e de lecture estim\u00e9e":"3 minutes"},"schema":{"@context":"https:\/\/schema.org","@graph":[{"@type":"WebPage","@id":"https:\/\/www.annonces-legales.org\/blog\/voix-du-midi\/","url":"https:\/\/www.annonces-legales.org\/blog\/voix-du-midi\/","name":"Voix du Midi - Actualit\u00e9 des entreprises","isPartOf":{"@id":"https:\/\/www.annonces-legales.org\/blog\/#website"},"primaryImageOfPage":{"@id":"https:\/\/www.annonces-legales.org\/blog\/voix-du-midi\/#primaryimage"},"image":{"@id":"https:\/\/www.annonces-legales.org\/blog\/voix-du-midi\/#primaryimage"},"thumbnailUrl":"https:\/\/www.annonces-legales.org\/blog\/wp-content\/uploads\/2021\/12\/voix-du-midi.png","datePublished":"2022-01-07T09:06:20+00:00","dateModified":"2022-01-26T11:16:54+00:00","breadcrumb":{"@id":"https:\/\/www.annonces-legales.org\/blog\/voix-du-midi\/#breadcrumb"},"inLanguage":"fr-FR","potentialAction":[{"@type":"ReadAction","target":["https:\/\/www.annonces-legales.org\/blog\/voix-du-midi\/"]}]},{"@type":"ImageObject","inLanguage":"fr-FR","@id":"https:\/\/www.annonces-legales.org\/blog\/voix-du-midi\/#primaryimage","url":"https:\/\/www.annonces-legales.org\/blog\/wp-content\/uploads\/2021\/12\/voix-du-midi.png","contentUrl":"https:\/\/www.annonces-legales.org\/blog\/wp-content\/uploads\/2021\/12\/voix-du-midi.png","width":370,"height":76},{"@type":"BreadcrumbList","@id":"https:\/\/www.annonces-legales.org\/blog\/voix-du-midi\/#breadcrumb","itemListElement":[{"@type":"ListItem","position":1,"name":"Accueil","item":"https:\/\/www.annonces-legales.org\/blog\/"},{"@type":"ListItem","position":2,"name":"Liste des journaux habilit\u00e9s \u00e0 publier des annonces l\u00e9gales","item":"https:\/\/www.annonces-legales.org\/blog\/liste-des-journaux-habilites-a-publier-des-annonces-legales\/"},{"@type":"ListItem","position":3,"name":"Voix du Midi"}]},{"@type":"WebSite","@id":"https:\/\/www.annonces-legales.org\/blog\/#website","url":"https:\/\/www.annonces-legales.org\/blog\/","name":"Actualit\u00e9 des entreprises","description":"","publisher":{"@id":"https:\/\/www.annonces-legales.org\/blog\/#organization"},"potentialAction":[{"@type":"SearchAction","target":{"@type":"EntryPoint","urlTemplate":"https:\/\/www.annonces-legales.org\/blog\/?s={search_term_string}"},"query-input":{"@type":"PropertyValueSpecification","valueRequired":true,"valueName":"search_term_string"}}],"inLanguage":"fr-FR"},{"@type":"Organization","@id":"https:\/\/www.annonces-legales.org\/blog\/#organization","name":"Actualit\u00e9 des entreprises","url":"https:\/\/www.annonces-legales.org\/blog\/","logo":{"@type":"ImageObject","inLanguage":"fr-FR","@id":"https:\/\/www.annonces-legales.org\/blog\/#\/schema\/logo\/image\/","url":"https:\/\/www.annonces-legales.org\/blog\/wp-content\/uploads\/2023\/08\/annonces-legales.svg","contentUrl":"https:\/\/www.annonces-legales.org\/blog\/wp-content\/uploads\/2023\/08\/annonces-legales.svg","caption":"Actualit\u00e9 des entreprises"},"image":{"@id":"https:\/\/www.annonces-legales.org\/blog\/#\/schema\/logo\/image\/"}}]}},"_links":{"self":[{"href":"https:\/\/www.annonces-legales.org\/blog\/wp-json\/wp\/v2\/pages\/1718","targetHints":{"allow":["GET"]}}],"collection":[{"href":"https:\/\/www.annonces-legales.org\/blog\/wp-json\/wp\/v2\/pages"}],"about":[{"href":"https:\/\/www.annonces-legales.org\/blog\/wp-json\/wp\/v2\/types\/page"}],"author":[{"embeddable":true,"href":"https:\/\/www.annonces-legales.org\/blog\/wp-json\/wp\/v2\/users\/1"}],"replies":[{"embeddable":true,"href":"https:\/\/www.annonces-legales.org\/blog\/wp-json\/wp\/v2\/comments?post=1718"}],"version-history":[{"count":4,"href":"https:\/\/www.annonces-legales.org\/blog\/wp-json\/wp\/v2\/pages\/1718\/revisions"}],"predecessor-version":[{"id":2365,"href":"https:\/\/www.annonces-legales.org\/blog\/wp-json\/wp\/v2\/pages\/1718\/revisions\/2365"}],"up":[{"embeddable":true,"href":"https:\/\/www.annonces-legales.org\/blog\/wp-json\/wp\/v2\/pages\/351"}],"wp:attachment":[{"href":"https:\/\/www.annonces-legales.org\/blog\/wp-json\/wp\/v2\/media?parent=1718"}],"curies":[{"name":"wp","href":"https:\/\/api.w.org\/{rel}","templated":true}]}}