{"id":1741,"date":"2021-12-27T18:30:22","date_gmt":"2021-12-27T17:30:22","guid":{"rendered":"https:\/\/www.annonces-legales.org\/blog\/?page_id=1741"},"modified":"2022-01-26T11:35:08","modified_gmt":"2022-01-26T10:35:08","slug":"alpes-et-midi","status":"publish","type":"page","link":"https:\/\/www.annonces-legales.org\/blog\/alpes-et-midi\/","title":{"rendered":"Alpes et Midi"},"content":{"rendered":"<p>L&rsquo;hebdomadaire d\u00e9partemental <strong>Alpes et Midi<\/strong> propose des actualit\u00e9s locales et des reportages sur les Hautes-Alpes et sur la vall\u00e9e de l&rsquo;Ubaye.<br \/>\nPour se procurer le journal, il est possible de s&rsquo;abonner en ligne ou de se rendre \u00e0 l&rsquo;un des quatre points de vente du journal qui sont situ\u00e9s \u00e0 Ch\u00e2teauroux les Alpes, \u00e0 la B\u00e2tie Neuve, \u00e0 l&rsquo;Argenti\u00e8re la Bess\u00e9e et \u00e0 Ancelle.<br \/>\nL&rsquo;abonnement au journal pour 12 mois co\u00fbte 34 \u20ac pour la version papier et 38 \u20ac pour la version papier et num\u00e9rique.<br \/>\nLe journal poss\u00e8de un site Internet et une page Facebook qui compte plus de 1700 abonn\u00e9s. Sa page Instagram comporte plus de 1000 abonn\u00e9s.<\/p>\n<p>&nbsp;<\/p>\n<h2>Contacter Alpes et Midi<\/h2>\n<p>Adresse du journal : all\u00e9e du torrent 05000 Gap<br \/>\nT\u00e9l\u00e9phone : 04 92 53 50 86<br \/>\nAdresse mail : contact@alpes-et-midi.fr<\/p>\n<p>&nbsp;<\/p>\n<h2>Publication d&rsquo;annonces l\u00e9gales dans les Hautes Alpes<\/h2>\n<p>Alpes et Midi a re\u00e7u l&rsquo;autorisation de la pr\u00e9fecture des Hautes-Alpes pour pouvoir diffuser des annonces l\u00e9gales. L&rsquo;hebdomadaire Alpes et Midi est donc un JAL officiel de ce d\u00e9partement.<\/p>\n<p>&nbsp;<\/p>\n<br\/><br\/><div class=\"entry-content notopmargin\">\n\t<img decoding=\"async\" class=\"img-fluid fleft\" src=\"https:\/\/www.annonces-legales.org\/images\/rapide-economique-tout-departement.png\" alt=\"Journal d'annonce l\u00e9gale  du 05 \"><a href=\"https:\/\/www.annonces-legales.org\/publication-annonce-legale.html\" class=\"button button-desc fright mtop30\"><div>Je publie<br> mon annonce<br> l\u00e9gale<\/div><span>dans un journal  du 05 !<\/span><\/a>\n<\/div><div class=\"clrbth\"><\/div><br\/><br\/>\n<h2>Quelles structures et quel type de soci\u00e9t\u00e9 a l&rsquo;obligation de r\u00e9aliser une annonce l\u00e9gale et judiciaire ?<\/h2>\n<p>Aucune firme de citoyennet\u00e9 fran\u00e7aise n&rsquo;est exempte de l&rsquo;insertion d&rsquo;annonces officielles. Cette \u00ab\u00a0taxe\u00a0\u00bb est obligatoire pour toutes les soci\u00e9t\u00e9s de nationalit\u00e9 fran\u00e7aises dont bien s\u00fbr celles immatricul\u00e9es dans les Hautes-Alpes.<br \/>\nLes seules entreprises qui n&rsquo;auront pas \u00e0 faire cette formalit\u00e9 sont les autoentreprises et les entreprises individuelles.<\/p>\n<p>&nbsp;<\/p>\n<p>&nbsp;<\/p>\n","protected":false},"excerpt":{"rendered":"<p>L&rsquo;hebdomadaire d\u00e9partemental Alpes et Midi propose des actualit\u00e9s locales et des reportages sur les Hautes-Alpes et sur la vall\u00e9e de [&hellip;]<\/p>\n","protected":false},"author":1,"featured_media":0,"parent":351,"menu_order":0,"comment_status":"closed","ping_status":"closed","template":"","meta":{"inline_featured_image":false,"footnotes":""},"class_list":["post-1741","page","type-page","status-publish","hentry"],"yoast_head":"<!-- This site is optimized with the Yoast SEO plugin v26.8 - https:\/\/yoast.com\/product\/yoast-seo-wordpress\/ -->\n<title>Alpes et Midi - Actualit\u00e9 des entreprises<\/title>\n<meta name=\"robots\" content=\"index, follow, max-snippet:-1, max-image-preview:large, max-video-preview:-1\" \/>\n<link rel=\"canonical\" href=\"https:\/\/www.annonces-legales.org\/blog\/alpes-et-midi\/\" \/>\n<meta property=\"og:locale\" content=\"fr_FR\" \/>\n<meta property=\"og:type\" content=\"article\" \/>\n<meta property=\"og:title\" content=\"Alpes et Midi - Actualit\u00e9 des entreprises\" \/>\n<meta property=\"og:description\" content=\"L&rsquo;hebdomadaire d\u00e9partemental Alpes et Midi propose des actualit\u00e9s locales et des reportages sur les Hautes-Alpes et sur la vall\u00e9e de [&hellip;]\" \/>\n<meta property=\"og:url\" content=\"https:\/\/www.annonces-legales.org\/blog\/alpes-et-midi\/\" \/>\n<meta property=\"og:site_name\" content=\"Actualit\u00e9 des entreprises\" \/>\n<meta property=\"article:modified_time\" content=\"2022-01-26T10:35:08+00:00\" \/>\n<meta name=\"twitter:card\" content=\"summary_large_image\" \/>\n<meta name=\"twitter:label1\" content=\"Dur\u00e9e de lecture estim\u00e9e\" \/>\n\t<meta name=\"twitter:data1\" content=\"1 minute\" \/>\n<script type=\"application\/ld+json\" class=\"yoast-schema-graph\">{\"@context\":\"https:\/\/schema.org\",\"@graph\":[{\"@type\":\"WebPage\",\"@id\":\"https:\/\/www.annonces-legales.org\/blog\/alpes-et-midi\/\",\"url\":\"https:\/\/www.annonces-legales.org\/blog\/alpes-et-midi\/\",\"name\":\"Alpes et Midi - Actualit\u00e9 des entreprises\",\"isPartOf\":{\"@id\":\"https:\/\/www.annonces-legales.org\/blog\/#website\"},\"datePublished\":\"2021-12-27T17:30:22+00:00\",\"dateModified\":\"2022-01-26T10:35:08+00:00\",\"breadcrumb\":{\"@id\":\"https:\/\/www.annonces-legales.org\/blog\/alpes-et-midi\/#breadcrumb\"},\"inLanguage\":\"fr-FR\",\"potentialAction\":[{\"@type\":\"ReadAction\",\"target\":[\"https:\/\/www.annonces-legales.org\/blog\/alpes-et-midi\/\"]}]},{\"@type\":\"BreadcrumbList\",\"@id\":\"https:\/\/www.annonces-legales.org\/blog\/alpes-et-midi\/#breadcrumb\",\"itemListElement\":[{\"@type\":\"ListItem\",\"position\":1,\"name\":\"Accueil\",\"item\":\"https:\/\/www.annonces-legales.org\/blog\/\"},{\"@type\":\"ListItem\",\"position\":2,\"name\":\"Liste des journaux habilit\u00e9s \u00e0 publier des annonces l\u00e9gales\",\"item\":\"https:\/\/www.annonces-legales.org\/blog\/liste-des-journaux-habilites-a-publier-des-annonces-legales\/\"},{\"@type\":\"ListItem\",\"position\":3,\"name\":\"Alpes et Midi\"}]},{\"@type\":\"WebSite\",\"@id\":\"https:\/\/www.annonces-legales.org\/blog\/#website\",\"url\":\"https:\/\/www.annonces-legales.org\/blog\/\",\"name\":\"Actualit\u00e9 des entreprises\",\"description\":\"\",\"publisher\":{\"@id\":\"https:\/\/www.annonces-legales.org\/blog\/#organization\"},\"potentialAction\":[{\"@type\":\"SearchAction\",\"target\":{\"@type\":\"EntryPoint\",\"urlTemplate\":\"https:\/\/www.annonces-legales.org\/blog\/?s={search_term_string}\"},\"query-input\":{\"@type\":\"PropertyValueSpecification\",\"valueRequired\":true,\"valueName\":\"search_term_string\"}}],\"inLanguage\":\"fr-FR\"},{\"@type\":\"Organization\",\"@id\":\"https:\/\/www.annonces-legales.org\/blog\/#organization\",\"name\":\"Actualit\u00e9 des entreprises\",\"url\":\"https:\/\/www.annonces-legales.org\/blog\/\",\"logo\":{\"@type\":\"ImageObject\",\"inLanguage\":\"fr-FR\",\"@id\":\"https:\/\/www.annonces-legales.org\/blog\/#\/schema\/logo\/image\/\",\"url\":\"https:\/\/www.annonces-legales.org\/blog\/wp-content\/uploads\/2023\/08\/annonces-legales.svg\",\"contentUrl\":\"https:\/\/www.annonces-legales.org\/blog\/wp-content\/uploads\/2023\/08\/annonces-legales.svg\",\"caption\":\"Actualit\u00e9 des entreprises\"},\"image\":{\"@id\":\"https:\/\/www.annonces-legales.org\/blog\/#\/schema\/logo\/image\/\"}}]}<\/script>\n<!-- \/ Yoast SEO plugin. -->","yoast_head_json":{"title":"Alpes et Midi - Actualit\u00e9 des entreprises","robots":{"index":"index","follow":"follow","max-snippet":"max-snippet:-1","max-image-preview":"max-image-preview:large","max-video-preview":"max-video-preview:-1"},"canonical":"https:\/\/www.annonces-legales.org\/blog\/alpes-et-midi\/","og_locale":"fr_FR","og_type":"article","og_title":"Alpes et Midi - Actualit\u00e9 des entreprises","og_description":"L&rsquo;hebdomadaire d\u00e9partemental Alpes et Midi propose des actualit\u00e9s locales et des reportages sur les Hautes-Alpes et sur la vall\u00e9e de [&hellip;]","og_url":"https:\/\/www.annonces-legales.org\/blog\/alpes-et-midi\/","og_site_name":"Actualit\u00e9 des entreprises","article_modified_time":"2022-01-26T10:35:08+00:00","twitter_card":"summary_large_image","twitter_misc":{"Dur\u00e9e de lecture estim\u00e9e":"1 minute"},"schema":{"@context":"https:\/\/schema.org","@graph":[{"@type":"WebPage","@id":"https:\/\/www.annonces-legales.org\/blog\/alpes-et-midi\/","url":"https:\/\/www.annonces-legales.org\/blog\/alpes-et-midi\/","name":"Alpes et Midi - Actualit\u00e9 des entreprises","isPartOf":{"@id":"https:\/\/www.annonces-legales.org\/blog\/#website"},"datePublished":"2021-12-27T17:30:22+00:00","dateModified":"2022-01-26T10:35:08+00:00","breadcrumb":{"@id":"https:\/\/www.annonces-legales.org\/blog\/alpes-et-midi\/#breadcrumb"},"inLanguage":"fr-FR","potentialAction":[{"@type":"ReadAction","target":["https:\/\/www.annonces-legales.org\/blog\/alpes-et-midi\/"]}]},{"@type":"BreadcrumbList","@id":"https:\/\/www.annonces-legales.org\/blog\/alpes-et-midi\/#breadcrumb","itemListElement":[{"@type":"ListItem","position":1,"name":"Accueil","item":"https:\/\/www.annonces-legales.org\/blog\/"},{"@type":"ListItem","position":2,"name":"Liste des journaux habilit\u00e9s \u00e0 publier des annonces l\u00e9gales","item":"https:\/\/www.annonces-legales.org\/blog\/liste-des-journaux-habilites-a-publier-des-annonces-legales\/"},{"@type":"ListItem","position":3,"name":"Alpes et Midi"}]},{"@type":"WebSite","@id":"https:\/\/www.annonces-legales.org\/blog\/#website","url":"https:\/\/www.annonces-legales.org\/blog\/","name":"Actualit\u00e9 des entreprises","description":"","publisher":{"@id":"https:\/\/www.annonces-legales.org\/blog\/#organization"},"potentialAction":[{"@type":"SearchAction","target":{"@type":"EntryPoint","urlTemplate":"https:\/\/www.annonces-legales.org\/blog\/?s={search_term_string}"},"query-input":{"@type":"PropertyValueSpecification","valueRequired":true,"valueName":"search_term_string"}}],"inLanguage":"fr-FR"},{"@type":"Organization","@id":"https:\/\/www.annonces-legales.org\/blog\/#organization","name":"Actualit\u00e9 des entreprises","url":"https:\/\/www.annonces-legales.org\/blog\/","logo":{"@type":"ImageObject","inLanguage":"fr-FR","@id":"https:\/\/www.annonces-legales.org\/blog\/#\/schema\/logo\/image\/","url":"https:\/\/www.annonces-legales.org\/blog\/wp-content\/uploads\/2023\/08\/annonces-legales.svg","contentUrl":"https:\/\/www.annonces-legales.org\/blog\/wp-content\/uploads\/2023\/08\/annonces-legales.svg","caption":"Actualit\u00e9 des entreprises"},"image":{"@id":"https:\/\/www.annonces-legales.org\/blog\/#\/schema\/logo\/image\/"}}]}},"_links":{"self":[{"href":"https:\/\/www.annonces-legales.org\/blog\/wp-json\/wp\/v2\/pages\/1741","targetHints":{"allow":["GET"]}}],"collection":[{"href":"https:\/\/www.annonces-legales.org\/blog\/wp-json\/wp\/v2\/pages"}],"about":[{"href":"https:\/\/www.annonces-legales.org\/blog\/wp-json\/wp\/v2\/types\/page"}],"author":[{"embeddable":true,"href":"https:\/\/www.annonces-legales.org\/blog\/wp-json\/wp\/v2\/users\/1"}],"replies":[{"embeddable":true,"href":"https:\/\/www.annonces-legales.org\/blog\/wp-json\/wp\/v2\/comments?post=1741"}],"version-history":[{"count":2,"href":"https:\/\/www.annonces-legales.org\/blog\/wp-json\/wp\/v2\/pages\/1741\/revisions"}],"predecessor-version":[{"id":2348,"href":"https:\/\/www.annonces-legales.org\/blog\/wp-json\/wp\/v2\/pages\/1741\/revisions\/2348"}],"up":[{"embeddable":true,"href":"https:\/\/www.annonces-legales.org\/blog\/wp-json\/wp\/v2\/pages\/351"}],"wp:attachment":[{"href":"https:\/\/www.annonces-legales.org\/blog\/wp-json\/wp\/v2\/media?parent=1741"}],"curies":[{"name":"wp","href":"https:\/\/api.w.org\/{rel}","templated":true}]}}