{"id":1816,"date":"2022-01-22T20:16:42","date_gmt":"2022-01-22T19:16:42","guid":{"rendered":"https:\/\/www.annonces-legales.org\/blog\/?page_id=1816"},"modified":"2022-01-23T23:16:20","modified_gmt":"2022-01-23T22:16:20","slug":"greffe-du-tribunal-de-commerce-d-annecy","status":"publish","type":"page","link":"https:\/\/www.annonces-legales.org\/blog\/greffe\/greffe-du-tribunal-de-commerce-d-annecy\/","title":{"rendered":"Greffe du tribunal de commerce d&rsquo;Annecy"},"content":{"rendered":"<p>Vous trouverez ici toutes les donn\u00e9es indispensables pour contacter le <strong>greffe du tribunal de commerce d&rsquo;Annecy<\/strong>.<\/p>\n<p>Pour rappel, le greffe est un <strong>bureau officiel du minist\u00e8re de la justice<\/strong> qui va conserver et \u00e9diter de nombreux registres (dont le RCS) et qui va g\u00e9rer les formalit\u00e9s des entreprises.<\/p>\n<p>&nbsp;<\/p>\n<h2>Adresse et contact du greffe d&rsquo;Annecy<\/h2>\n<p>Afin de contacter le greffe du tribunal de commerce, vous pouvez utiliser le t\u00e9l\u00e9phone ou vous rendre sur leur site Internet.<\/p>\n<p><strong>Adresse postale<\/strong> : 19, Av Du Parmelan 74007 ANNECY CEDEX<\/p>\n<p><div class=\"leaflet-map WPLeafletMap\" style=\"height:250px; width:100%;\"><\/div><script>\nwindow.WPLeafletMapPlugin = window.WPLeafletMapPlugin || [];\nwindow.WPLeafletMapPlugin.push(function WPLeafletMapShortcode() {\/*<script>*\/\nvar baseUrl = atob('aHR0cHM6Ly97c30udGlsZS5vcGVuc3RyZWV0bWFwLm9yZy97en0ve3h9L3t5fS5wbmc=');\nvar base = (!baseUrl && window.MQ) ?\n    window.MQ.mapLayer() : L.tileLayer(baseUrl,\n        L.Util.extend({}, {\n            detectRetina: 0,\n        },\n        {\"subdomains\":\"abc\",\"noWrap\":false,\"maxZoom\":20}        )\n    );\n    var options = L.Util.extend({}, {\n        layers: [base],\n        attributionControl: false\n    },\n    {\"zoomControl\":true,\"scrollWheelZoom\":false,\"doubleClickZoom\":false,\"fitBounds\":false,\"minZoom\":0,\"maxZoom\":20,\"maxBounds\":null,\"attribution\":\"\"},\n    {});\nwindow.WPLeafletMapPlugin.createMap(options).setView([45.905524,6.131979],17);});<\/script> <script>\nwindow.WPLeafletMapPlugin = window.WPLeafletMapPlugin || [];\nwindow.WPLeafletMapPlugin.push(function WPLeafletMarkerShortcode() {\/*<script>*\/\nvar map = window.WPLeafletMapPlugin.getCurrentMap();\nvar group = window.WPLeafletMapPlugin.getCurrentGroup();\nvar marker_options = window.WPLeafletMapPlugin.getIconOptions({});\nvar marker = L.marker(\n    [0,0],\n    marker_options\n);\nvar is_image = map.is_image_map;\n    marker.setLatLng( map.getCenter() );\nif (marker_options.draggable) {\n    marker.on('dragend', function () {\n        var latlng = this.getLatLng();\n        var lat = latlng.lat;\n        var lng = latlng.lng;\n        if (is_image) {\n            console.log('leaflet-marker y=' + lat + ' x=' + lng);\n        } else {\n            console.log('leaflet-marker lat=' + lat + ' lng=' + lng);\n        }\n    });\n}\nmarker.addTo( group );\nmarker.bindPopup(window.WPLeafletMapPlugin.unescape(' Greffe du tribunal de commerce de Annecy ')).openPopup();window.WPLeafletMapPlugin.markers.push( marker );\n        });<\/script><br \/>\n<strong>Ligne t\u00e9l\u00e9phonique<\/strong> : 04 500 505 45<br \/>\n<strong>Site Web<\/strong> : <em>www.greffe-tc-annecy.fr<\/em><\/p>\n<p>&nbsp;<\/p>\n<h2>A quelle heure peut-on aller au greffe du tribunal de commerce d&rsquo;Annecy ?<\/h2>\n<p>Les horaires d&rsquo;ouverture du greffe sont :<br \/>\nDu lundi au vendredi de 8h45 \u00e0 12h et de 13h45 \u00e0 16h.<\/p>\n<h2><\/h2>\n<h2>Quels sont les missions du greffe ?<\/h2>\n<p>Le<strong> greffe d&rsquo;Annecy<\/strong> est un service administratif qui rel\u00e8ve du minist\u00e8re de la justice et qui travaille pour le tribunal de commerce. Sa t\u00e2che est et garder des registres et de diriger les services administratifs du tribunal de commerce d&rsquo;Annecy. Il est le garant de la transparence et de la s\u00e9curit\u00e9 des soci\u00e9t\u00e9s commerciales.<\/p>\n<p>C&rsquo;est le greffe qui va se charger d&rsquo;immatriculer les entreprises, de r\u00e9aliser leur radiation et de proc\u00e9der \u00e0 des changements dans leurs documents officiels. Le greffe du tribunal de commerce d&rsquo;Annecy va aussi r\u00e9soudre les d\u00e9saccords commerciaux entre les soci\u00e9t\u00e9s. Le greffe va aussi g\u00e9rer le centre de formalit\u00e9 des entreprises: le <strong>CFE<\/strong>. Le greffe du tribunal est en correspondance directe avec d&rsquo;autres organismes comme par exemple les services des imp\u00f4ts ou les Assedics.<\/p>\n<p>&nbsp;<\/p>\n<h2>Quand demander un num\u00e9ro d&rsquo;enregistrement pour sa soci\u00e9t\u00e9 ?<\/h2>\n<p>Afin d&rsquo;enregistrer une organisation commerciale, il faut en premier lieu suppl\u00e9er le formulaire pertinent : P0 pour les personnes physiques ou M0 pour les personnes morales.<\/p>\n<p>Dans chaque formulaire est indiqu\u00e9 des justificatifs \u00e0 donner. Bien entendu, ils sont diff\u00e9rents si la soci\u00e9t\u00e9 est une personne morale ou physique. Une fois que vous \u00eates pr\u00eat, le dossier peut \u00eatre d\u00e9livr\u00e9 au au greffe du tribunal de commerce qui va contr\u00f4ler l&rsquo;exactitude du dossier. Si vous avez tout fait comme il faut, le greffe va envoyer rapidement un num\u00e9ro d&rsquo;enregistrement et un mod\u00e8le du K-bis de l&rsquo;entreprise (en 2 ou 3 jours).<br \/>\nSi le dossier est incomplet ou si les pi\u00e8ces justificatives ne sont pas valides, le greffe du tribunal va refuser l&rsquo;inscription et va demander une mise en conformit\u00e9.<\/p>\n","protected":false},"excerpt":{"rendered":"<p>Vous trouverez ici toutes les donn\u00e9es indispensables pour contacter le greffe du tribunal de commerce d&rsquo;Annecy. Pour rappel, le greffe [&hellip;]<\/p>\n","protected":false},"author":1,"featured_media":0,"parent":1759,"menu_order":0,"comment_status":"closed","ping_status":"closed","template":"","meta":{"inline_featured_image":false,"footnotes":""},"class_list":["post-1816","page","type-page","status-publish","hentry"],"yoast_head":"<!-- This site is optimized with the Yoast SEO plugin v26.8 - https:\/\/yoast.com\/product\/yoast-seo-wordpress\/ -->\n<title>Greffe du tribunal de commerce d&#039;Annecy - Actualit\u00e9 des entreprises<\/title>\n<meta name=\"robots\" content=\"index, follow, max-snippet:-1, max-image-preview:large, max-video-preview:-1\" \/>\n<link rel=\"canonical\" href=\"https:\/\/www.annonces-legales.org\/blog\/greffe\/greffe-du-tribunal-de-commerce-d-annecy\/\" \/>\n<meta property=\"og:locale\" content=\"fr_FR\" \/>\n<meta property=\"og:type\" content=\"article\" \/>\n<meta property=\"og:title\" content=\"Greffe du tribunal de commerce d&#039;Annecy - Actualit\u00e9 des entreprises\" \/>\n<meta property=\"og:description\" content=\"Vous trouverez ici toutes les donn\u00e9es indispensables pour contacter le greffe du tribunal de commerce d&rsquo;Annecy. Pour rappel, le greffe [&hellip;]\" \/>\n<meta property=\"og:url\" content=\"https:\/\/www.annonces-legales.org\/blog\/greffe\/greffe-du-tribunal-de-commerce-d-annecy\/\" \/>\n<meta property=\"og:site_name\" content=\"Actualit\u00e9 des entreprises\" \/>\n<meta property=\"article:modified_time\" content=\"2022-01-23T22:16:20+00:00\" \/>\n<meta name=\"twitter:card\" content=\"summary_large_image\" \/>\n<meta name=\"twitter:label1\" content=\"Dur\u00e9e de lecture estim\u00e9e\" \/>\n\t<meta name=\"twitter:data1\" content=\"2 minutes\" \/>\n<script type=\"application\/ld+json\" class=\"yoast-schema-graph\">{\"@context\":\"https:\/\/schema.org\",\"@graph\":[{\"@type\":\"WebPage\",\"@id\":\"https:\/\/www.annonces-legales.org\/blog\/greffe\/greffe-du-tribunal-de-commerce-d-annecy\/\",\"url\":\"https:\/\/www.annonces-legales.org\/blog\/greffe\/greffe-du-tribunal-de-commerce-d-annecy\/\",\"name\":\"Greffe du tribunal de commerce d'Annecy - Actualit\u00e9 des entreprises\",\"isPartOf\":{\"@id\":\"https:\/\/www.annonces-legales.org\/blog\/#website\"},\"datePublished\":\"2022-01-22T19:16:42+00:00\",\"dateModified\":\"2022-01-23T22:16:20+00:00\",\"breadcrumb\":{\"@id\":\"https:\/\/www.annonces-legales.org\/blog\/greffe\/greffe-du-tribunal-de-commerce-d-annecy\/#breadcrumb\"},\"inLanguage\":\"fr-FR\",\"potentialAction\":[{\"@type\":\"ReadAction\",\"target\":[\"https:\/\/www.annonces-legales.org\/blog\/greffe\/greffe-du-tribunal-de-commerce-d-annecy\/\"]}]},{\"@type\":\"BreadcrumbList\",\"@id\":\"https:\/\/www.annonces-legales.org\/blog\/greffe\/greffe-du-tribunal-de-commerce-d-annecy\/#breadcrumb\",\"itemListElement\":[{\"@type\":\"ListItem\",\"position\":1,\"name\":\"Accueil\",\"item\":\"https:\/\/www.annonces-legales.org\/blog\/\"},{\"@type\":\"ListItem\",\"position\":2,\"name\":\"Liste des Greffes des tribunaux de commerce\",\"item\":\"https:\/\/www.annonces-legales.org\/blog\/greffe\/\"},{\"@type\":\"ListItem\",\"position\":3,\"name\":\"Greffe du tribunal de commerce d&rsquo;Annecy\"}]},{\"@type\":\"WebSite\",\"@id\":\"https:\/\/www.annonces-legales.org\/blog\/#website\",\"url\":\"https:\/\/www.annonces-legales.org\/blog\/\",\"name\":\"Actualit\u00e9 des entreprises\",\"description\":\"\",\"publisher\":{\"@id\":\"https:\/\/www.annonces-legales.org\/blog\/#organization\"},\"potentialAction\":[{\"@type\":\"SearchAction\",\"target\":{\"@type\":\"EntryPoint\",\"urlTemplate\":\"https:\/\/www.annonces-legales.org\/blog\/?s={search_term_string}\"},\"query-input\":{\"@type\":\"PropertyValueSpecification\",\"valueRequired\":true,\"valueName\":\"search_term_string\"}}],\"inLanguage\":\"fr-FR\"},{\"@type\":\"Organization\",\"@id\":\"https:\/\/www.annonces-legales.org\/blog\/#organization\",\"name\":\"Actualit\u00e9 des entreprises\",\"url\":\"https:\/\/www.annonces-legales.org\/blog\/\",\"logo\":{\"@type\":\"ImageObject\",\"inLanguage\":\"fr-FR\",\"@id\":\"https:\/\/www.annonces-legales.org\/blog\/#\/schema\/logo\/image\/\",\"url\":\"https:\/\/www.annonces-legales.org\/blog\/wp-content\/uploads\/2023\/08\/annonces-legales.svg\",\"contentUrl\":\"https:\/\/www.annonces-legales.org\/blog\/wp-content\/uploads\/2023\/08\/annonces-legales.svg\",\"caption\":\"Actualit\u00e9 des entreprises\"},\"image\":{\"@id\":\"https:\/\/www.annonces-legales.org\/blog\/#\/schema\/logo\/image\/\"}}]}<\/script>\n<!-- \/ Yoast SEO plugin. -->","yoast_head_json":{"title":"Greffe du tribunal de commerce d'Annecy - Actualit\u00e9 des entreprises","robots":{"index":"index","follow":"follow","max-snippet":"max-snippet:-1","max-image-preview":"max-image-preview:large","max-video-preview":"max-video-preview:-1"},"canonical":"https:\/\/www.annonces-legales.org\/blog\/greffe\/greffe-du-tribunal-de-commerce-d-annecy\/","og_locale":"fr_FR","og_type":"article","og_title":"Greffe du tribunal de commerce d'Annecy - Actualit\u00e9 des entreprises","og_description":"Vous trouverez ici toutes les donn\u00e9es indispensables pour contacter le greffe du tribunal de commerce d&rsquo;Annecy. Pour rappel, le greffe [&hellip;]","og_url":"https:\/\/www.annonces-legales.org\/blog\/greffe\/greffe-du-tribunal-de-commerce-d-annecy\/","og_site_name":"Actualit\u00e9 des entreprises","article_modified_time":"2022-01-23T22:16:20+00:00","twitter_card":"summary_large_image","twitter_misc":{"Dur\u00e9e de lecture estim\u00e9e":"2 minutes"},"schema":{"@context":"https:\/\/schema.org","@graph":[{"@type":"WebPage","@id":"https:\/\/www.annonces-legales.org\/blog\/greffe\/greffe-du-tribunal-de-commerce-d-annecy\/","url":"https:\/\/www.annonces-legales.org\/blog\/greffe\/greffe-du-tribunal-de-commerce-d-annecy\/","name":"Greffe du tribunal de commerce d'Annecy - Actualit\u00e9 des entreprises","isPartOf":{"@id":"https:\/\/www.annonces-legales.org\/blog\/#website"},"datePublished":"2022-01-22T19:16:42+00:00","dateModified":"2022-01-23T22:16:20+00:00","breadcrumb":{"@id":"https:\/\/www.annonces-legales.org\/blog\/greffe\/greffe-du-tribunal-de-commerce-d-annecy\/#breadcrumb"},"inLanguage":"fr-FR","potentialAction":[{"@type":"ReadAction","target":["https:\/\/www.annonces-legales.org\/blog\/greffe\/greffe-du-tribunal-de-commerce-d-annecy\/"]}]},{"@type":"BreadcrumbList","@id":"https:\/\/www.annonces-legales.org\/blog\/greffe\/greffe-du-tribunal-de-commerce-d-annecy\/#breadcrumb","itemListElement":[{"@type":"ListItem","position":1,"name":"Accueil","item":"https:\/\/www.annonces-legales.org\/blog\/"},{"@type":"ListItem","position":2,"name":"Liste des Greffes des tribunaux de commerce","item":"https:\/\/www.annonces-legales.org\/blog\/greffe\/"},{"@type":"ListItem","position":3,"name":"Greffe du tribunal de commerce d&rsquo;Annecy"}]},{"@type":"WebSite","@id":"https:\/\/www.annonces-legales.org\/blog\/#website","url":"https:\/\/www.annonces-legales.org\/blog\/","name":"Actualit\u00e9 des entreprises","description":"","publisher":{"@id":"https:\/\/www.annonces-legales.org\/blog\/#organization"},"potentialAction":[{"@type":"SearchAction","target":{"@type":"EntryPoint","urlTemplate":"https:\/\/www.annonces-legales.org\/blog\/?s={search_term_string}"},"query-input":{"@type":"PropertyValueSpecification","valueRequired":true,"valueName":"search_term_string"}}],"inLanguage":"fr-FR"},{"@type":"Organization","@id":"https:\/\/www.annonces-legales.org\/blog\/#organization","name":"Actualit\u00e9 des entreprises","url":"https:\/\/www.annonces-legales.org\/blog\/","logo":{"@type":"ImageObject","inLanguage":"fr-FR","@id":"https:\/\/www.annonces-legales.org\/blog\/#\/schema\/logo\/image\/","url":"https:\/\/www.annonces-legales.org\/blog\/wp-content\/uploads\/2023\/08\/annonces-legales.svg","contentUrl":"https:\/\/www.annonces-legales.org\/blog\/wp-content\/uploads\/2023\/08\/annonces-legales.svg","caption":"Actualit\u00e9 des entreprises"},"image":{"@id":"https:\/\/www.annonces-legales.org\/blog\/#\/schema\/logo\/image\/"}}]}},"_links":{"self":[{"href":"https:\/\/www.annonces-legales.org\/blog\/wp-json\/wp\/v2\/pages\/1816","targetHints":{"allow":["GET"]}}],"collection":[{"href":"https:\/\/www.annonces-legales.org\/blog\/wp-json\/wp\/v2\/pages"}],"about":[{"href":"https:\/\/www.annonces-legales.org\/blog\/wp-json\/wp\/v2\/types\/page"}],"author":[{"embeddable":true,"href":"https:\/\/www.annonces-legales.org\/blog\/wp-json\/wp\/v2\/users\/1"}],"replies":[{"embeddable":true,"href":"https:\/\/www.annonces-legales.org\/blog\/wp-json\/wp\/v2\/comments?post=1816"}],"version-history":[{"count":5,"href":"https:\/\/www.annonces-legales.org\/blog\/wp-json\/wp\/v2\/pages\/1816\/revisions"}],"predecessor-version":[{"id":2201,"href":"https:\/\/www.annonces-legales.org\/blog\/wp-json\/wp\/v2\/pages\/1816\/revisions\/2201"}],"up":[{"embeddable":true,"href":"https:\/\/www.annonces-legales.org\/blog\/wp-json\/wp\/v2\/pages\/1759"}],"wp:attachment":[{"href":"https:\/\/www.annonces-legales.org\/blog\/wp-json\/wp\/v2\/media?parent=1816"}],"curies":[{"name":"wp","href":"https:\/\/api.w.org\/{rel}","templated":true}]}}