{"id":1844,"date":"2022-01-22T20:22:48","date_gmt":"2022-01-22T19:22:48","guid":{"rendered":"https:\/\/www.annonces-legales.org\/blog\/?page_id=1844"},"modified":"2022-01-24T19:46:59","modified_gmt":"2022-01-24T18:46:59","slug":"greffe-du-tribunal-de-commerce-de-bernay","status":"publish","type":"page","link":"https:\/\/www.annonces-legales.org\/blog\/greffe\/greffe-du-tribunal-de-commerce-de-bernay\/","title":{"rendered":"Greffe du tribunal de commerce de Bernay"},"content":{"rendered":"<p>Le <strong>greffe du tribunal de commerce de Bernay<\/strong> est un bureau minist\u00e9riel situ\u00e9 \u00e0 Bernay. Sa tache est de r\u00e9aliser l&rsquo;ensemble des services juridiques du tribunal. Les greffiers \u00e9paulent les juges mais vont \u00e9galement s&rsquo;occuper des obligations l\u00e9gales des soci\u00e9t\u00e9s ainsi que du RCS.<br \/>\nLanc\u00e9 il y a plus d&rsquo;un si\u00e8cle, le Registre du Commerce et des Soci\u00e9t\u00e9s renferme la plupart des donn\u00e9es sur les soci\u00e9t\u00e9s qui ont une structure commerciale. L&rsquo;ensemble de ces informations sont disponibles sur demande. Y figure, entre autre, les informations du dirigeant avec son lieu de domiciliation, le capital social, le nom du CAC, le type d&rsquo;activit\u00e9 etc<\/p>\n<p>Les cr\u00e9ateurs d&rsquo;entreprise dont la future soci\u00e9t\u00e9 d\u00e9pend du greffe vont devoir se servir de ses services pour faire l&rsquo;enregistrement de l&rsquo;entreprise.<\/p>\n<p>Nous avons rassembl\u00e9 ci dessous plus d&rsquo;informations sur ce greffe.<\/p>\n<p>&nbsp;<\/p>\n<h2>Contact et adresse du greffe du tribunal de commerce de Bernay<\/h2>\n<p>Il est possible d&rsquo;appeler le greffe de Bernay en faisant le 02 32 44 78 27.<\/p>\n<p><strong>Adresse du greffe du tribunal<\/strong> : Place Gustave Heon 27305 BERNAY CEDEX<\/p>\n<p>&nbsp;<\/p>\n<p><div class=\"leaflet-map WPLeafletMap\" style=\"height:250px; width:100%;\"><\/div><script>\nwindow.WPLeafletMapPlugin = window.WPLeafletMapPlugin || [];\nwindow.WPLeafletMapPlugin.push(function WPLeafletMapShortcode() {\/*<script>*\/\nvar baseUrl = atob('aHR0cHM6Ly97c30udGlsZS5vcGVuc3RyZWV0bWFwLm9yZy97en0ve3h9L3t5fS5wbmc=');\nvar base = (!baseUrl && window.MQ) ?\n    window.MQ.mapLayer() : L.tileLayer(baseUrl,\n        L.Util.extend({}, {\n            detectRetina: 0,\n        },\n        {\"subdomains\":\"abc\",\"noWrap\":false,\"maxZoom\":20}        )\n    );\n    var options = L.Util.extend({}, {\n        layers: [base],\n        attributionControl: false\n    },\n    {\"zoomControl\":true,\"scrollWheelZoom\":false,\"doubleClickZoom\":false,\"fitBounds\":false,\"minZoom\":0,\"maxZoom\":20,\"maxBounds\":null,\"attribution\":\"\"},\n    {});\nwindow.WPLeafletMapPlugin.createMap(options).setView([49.089435,0.597714],17);});<\/script> <script>\nwindow.WPLeafletMapPlugin = window.WPLeafletMapPlugin || [];\nwindow.WPLeafletMapPlugin.push(function WPLeafletMarkerShortcode() {\/*<script>*\/\nvar map = window.WPLeafletMapPlugin.getCurrentMap();\nvar group = window.WPLeafletMapPlugin.getCurrentGroup();\nvar marker_options = window.WPLeafletMapPlugin.getIconOptions({});\nvar marker = L.marker(\n    [0,0],\n    marker_options\n);\nvar is_image = map.is_image_map;\n    marker.setLatLng( map.getCenter() );\nif (marker_options.draggable) {\n    marker.on('dragend', function () {\n        var latlng = this.getLatLng();\n        var lat = latlng.lat;\n        var lng = latlng.lng;\n        if (is_image) {\n            console.log('leaflet-marker y=' + lat + ' x=' + lng);\n        } else {\n            console.log('leaflet-marker lat=' + lat + ' lng=' + lng);\n        }\n    });\n}\nmarker.addTo( group );\nmarker.bindPopup(window.WPLeafletMapPlugin.unescape(' Greffe du tribunal de commerce de Bernay ')).openPopup();window.WPLeafletMapPlugin.markers.push( marker );\n        });<\/script><\/p>\n<p><strong>Site internet du greffe<\/strong> : www.greffe-tc-bernay.fr<\/p>\n<p>&nbsp;<\/p>\n<h2>Quand aller au greffe du tribunal de commerce de Bernay ?<\/h2>\n<p>Le greffe de Bernay est ouvert du lundi au vendredi de 8h30 a 12H00 et de 13h15-16h30.<\/p>\n<p>&nbsp;<\/p>\n<h2>Les nombreuses missions du greffe de Bernay<\/h2>\n<p>Le greffe du tribunal de commerce de Bernay a un grand nombre de r\u00f4les avec les entreprises de l&rsquo;Eure .<br \/>\nIl va se charger de l&rsquo;ensemble des demandes et papiers officiels des soci\u00e9t\u00e9s. Cette administration r\u00e9ceptionne et \u00e9tudie les candidatures pour l&rsquo;immatriculation des soci\u00e9t\u00e9s. Cette administration accomplit les liquidations des soci\u00e9t\u00e9s. Elle va transmettre des demandes aux \u00e9tablissements qui n&rsquo;ont pas accompli des formalit\u00e9s en temps et en heure. Elle va aussi aider pour juger les conflits entre les commer\u00e7ants.<br \/>\nLe greffe du tribunal de commerce est aussi le CFE, le centre de formalit\u00e9 des entreprises. Le CFE va notamment conserver et fournir un grand nombre d&rsquo;\u00e9crits concernant les organisations commerciales comme leurs statuts sociaux.<\/p>\n<p>Une entreprise qui r\u00e9alise un commerce de biens ou de services doit s&rsquo;inscrire aupr\u00e8s du greffe du tribunal de commerce.<\/p>\n<p>&nbsp;<\/p>\n<h2>De quelle fa\u00e7on obtenir un num\u00e9ro de soci\u00e9t\u00e9 pour son enregistrement aupr\u00e8s du greffe du tribunal de commerce de Bernay ?<\/h2>\n<p>Une entreprise ne peut pas commencer ses ventes si celle-ci n&rsquo;est pas inscrite au RCS. Les structures artisanales devront en plus d\u00e9poser un dossier au r\u00e9pertoire des m\u00e9tiers.<\/p>\n<p>Il est possible de proc\u00e9der \u00e0 l&rsquo;immatriculation de la soci\u00e9t\u00e9 en se d\u00e9pla\u00e7ant au CFE du greffe du tribunal de commerce de Bernay. Il est aussi autoris\u00e9 d&rsquo;effectuer cette inscription par courrier en adressant le formulaire M0 avec l&rsquo;int\u00e9gralit\u00e9 des pi\u00e8ces justificatives demand\u00e9es.<br \/>\nCependant, le moyen le plus simple est de r\u00e9aliser cette immatriculation directement ligne sur le site officiel Infogreffe.<\/p>\n","protected":false},"excerpt":{"rendered":"<p>Le greffe du tribunal de commerce de Bernay est un bureau minist\u00e9riel situ\u00e9 \u00e0 Bernay. Sa tache est de r\u00e9aliser [&hellip;]<\/p>\n","protected":false},"author":1,"featured_media":0,"parent":1759,"menu_order":0,"comment_status":"closed","ping_status":"closed","template":"","meta":{"inline_featured_image":false,"footnotes":""},"class_list":["post-1844","page","type-page","status-publish","hentry"],"yoast_head":"<!-- This site is optimized with the Yoast SEO plugin v26.8 - https:\/\/yoast.com\/product\/yoast-seo-wordpress\/ -->\n<title>Greffe du tribunal de commerce de Bernay - Actualit\u00e9 des entreprises<\/title>\n<meta name=\"robots\" content=\"index, follow, max-snippet:-1, max-image-preview:large, max-video-preview:-1\" \/>\n<link rel=\"canonical\" href=\"https:\/\/www.annonces-legales.org\/blog\/greffe\/greffe-du-tribunal-de-commerce-de-bernay\/\" \/>\n<meta property=\"og:locale\" content=\"fr_FR\" \/>\n<meta property=\"og:type\" content=\"article\" \/>\n<meta property=\"og:title\" content=\"Greffe du tribunal de commerce de Bernay - Actualit\u00e9 des entreprises\" \/>\n<meta property=\"og:description\" content=\"Le greffe du tribunal de commerce de Bernay est un bureau minist\u00e9riel situ\u00e9 \u00e0 Bernay. Sa tache est de r\u00e9aliser [&hellip;]\" \/>\n<meta property=\"og:url\" content=\"https:\/\/www.annonces-legales.org\/blog\/greffe\/greffe-du-tribunal-de-commerce-de-bernay\/\" \/>\n<meta property=\"og:site_name\" content=\"Actualit\u00e9 des entreprises\" \/>\n<meta property=\"article:modified_time\" content=\"2022-01-24T18:46:59+00:00\" \/>\n<meta name=\"twitter:card\" content=\"summary_large_image\" \/>\n<meta name=\"twitter:label1\" content=\"Dur\u00e9e de lecture estim\u00e9e\" \/>\n\t<meta name=\"twitter:data1\" content=\"3 minutes\" \/>\n<script type=\"application\/ld+json\" class=\"yoast-schema-graph\">{\"@context\":\"https:\/\/schema.org\",\"@graph\":[{\"@type\":\"WebPage\",\"@id\":\"https:\/\/www.annonces-legales.org\/blog\/greffe\/greffe-du-tribunal-de-commerce-de-bernay\/\",\"url\":\"https:\/\/www.annonces-legales.org\/blog\/greffe\/greffe-du-tribunal-de-commerce-de-bernay\/\",\"name\":\"Greffe du tribunal de commerce de Bernay - Actualit\u00e9 des entreprises\",\"isPartOf\":{\"@id\":\"https:\/\/www.annonces-legales.org\/blog\/#website\"},\"datePublished\":\"2022-01-22T19:22:48+00:00\",\"dateModified\":\"2022-01-24T18:46:59+00:00\",\"breadcrumb\":{\"@id\":\"https:\/\/www.annonces-legales.org\/blog\/greffe\/greffe-du-tribunal-de-commerce-de-bernay\/#breadcrumb\"},\"inLanguage\":\"fr-FR\",\"potentialAction\":[{\"@type\":\"ReadAction\",\"target\":[\"https:\/\/www.annonces-legales.org\/blog\/greffe\/greffe-du-tribunal-de-commerce-de-bernay\/\"]}]},{\"@type\":\"BreadcrumbList\",\"@id\":\"https:\/\/www.annonces-legales.org\/blog\/greffe\/greffe-du-tribunal-de-commerce-de-bernay\/#breadcrumb\",\"itemListElement\":[{\"@type\":\"ListItem\",\"position\":1,\"name\":\"Accueil\",\"item\":\"https:\/\/www.annonces-legales.org\/blog\/\"},{\"@type\":\"ListItem\",\"position\":2,\"name\":\"Liste des Greffes des tribunaux de commerce\",\"item\":\"https:\/\/www.annonces-legales.org\/blog\/greffe\/\"},{\"@type\":\"ListItem\",\"position\":3,\"name\":\"Greffe du tribunal de commerce de Bernay\"}]},{\"@type\":\"WebSite\",\"@id\":\"https:\/\/www.annonces-legales.org\/blog\/#website\",\"url\":\"https:\/\/www.annonces-legales.org\/blog\/\",\"name\":\"Actualit\u00e9 des entreprises\",\"description\":\"\",\"publisher\":{\"@id\":\"https:\/\/www.annonces-legales.org\/blog\/#organization\"},\"potentialAction\":[{\"@type\":\"SearchAction\",\"target\":{\"@type\":\"EntryPoint\",\"urlTemplate\":\"https:\/\/www.annonces-legales.org\/blog\/?s={search_term_string}\"},\"query-input\":{\"@type\":\"PropertyValueSpecification\",\"valueRequired\":true,\"valueName\":\"search_term_string\"}}],\"inLanguage\":\"fr-FR\"},{\"@type\":\"Organization\",\"@id\":\"https:\/\/www.annonces-legales.org\/blog\/#organization\",\"name\":\"Actualit\u00e9 des entreprises\",\"url\":\"https:\/\/www.annonces-legales.org\/blog\/\",\"logo\":{\"@type\":\"ImageObject\",\"inLanguage\":\"fr-FR\",\"@id\":\"https:\/\/www.annonces-legales.org\/blog\/#\/schema\/logo\/image\/\",\"url\":\"https:\/\/www.annonces-legales.org\/blog\/wp-content\/uploads\/2023\/08\/annonces-legales.svg\",\"contentUrl\":\"https:\/\/www.annonces-legales.org\/blog\/wp-content\/uploads\/2023\/08\/annonces-legales.svg\",\"caption\":\"Actualit\u00e9 des entreprises\"},\"image\":{\"@id\":\"https:\/\/www.annonces-legales.org\/blog\/#\/schema\/logo\/image\/\"}}]}<\/script>\n<!-- \/ Yoast SEO plugin. -->","yoast_head_json":{"title":"Greffe du tribunal de commerce de Bernay - Actualit\u00e9 des entreprises","robots":{"index":"index","follow":"follow","max-snippet":"max-snippet:-1","max-image-preview":"max-image-preview:large","max-video-preview":"max-video-preview:-1"},"canonical":"https:\/\/www.annonces-legales.org\/blog\/greffe\/greffe-du-tribunal-de-commerce-de-bernay\/","og_locale":"fr_FR","og_type":"article","og_title":"Greffe du tribunal de commerce de Bernay - Actualit\u00e9 des entreprises","og_description":"Le greffe du tribunal de commerce de Bernay est un bureau minist\u00e9riel situ\u00e9 \u00e0 Bernay. Sa tache est de r\u00e9aliser [&hellip;]","og_url":"https:\/\/www.annonces-legales.org\/blog\/greffe\/greffe-du-tribunal-de-commerce-de-bernay\/","og_site_name":"Actualit\u00e9 des entreprises","article_modified_time":"2022-01-24T18:46:59+00:00","twitter_card":"summary_large_image","twitter_misc":{"Dur\u00e9e de lecture estim\u00e9e":"3 minutes"},"schema":{"@context":"https:\/\/schema.org","@graph":[{"@type":"WebPage","@id":"https:\/\/www.annonces-legales.org\/blog\/greffe\/greffe-du-tribunal-de-commerce-de-bernay\/","url":"https:\/\/www.annonces-legales.org\/blog\/greffe\/greffe-du-tribunal-de-commerce-de-bernay\/","name":"Greffe du tribunal de commerce de Bernay - Actualit\u00e9 des entreprises","isPartOf":{"@id":"https:\/\/www.annonces-legales.org\/blog\/#website"},"datePublished":"2022-01-22T19:22:48+00:00","dateModified":"2022-01-24T18:46:59+00:00","breadcrumb":{"@id":"https:\/\/www.annonces-legales.org\/blog\/greffe\/greffe-du-tribunal-de-commerce-de-bernay\/#breadcrumb"},"inLanguage":"fr-FR","potentialAction":[{"@type":"ReadAction","target":["https:\/\/www.annonces-legales.org\/blog\/greffe\/greffe-du-tribunal-de-commerce-de-bernay\/"]}]},{"@type":"BreadcrumbList","@id":"https:\/\/www.annonces-legales.org\/blog\/greffe\/greffe-du-tribunal-de-commerce-de-bernay\/#breadcrumb","itemListElement":[{"@type":"ListItem","position":1,"name":"Accueil","item":"https:\/\/www.annonces-legales.org\/blog\/"},{"@type":"ListItem","position":2,"name":"Liste des Greffes des tribunaux de commerce","item":"https:\/\/www.annonces-legales.org\/blog\/greffe\/"},{"@type":"ListItem","position":3,"name":"Greffe du tribunal de commerce de Bernay"}]},{"@type":"WebSite","@id":"https:\/\/www.annonces-legales.org\/blog\/#website","url":"https:\/\/www.annonces-legales.org\/blog\/","name":"Actualit\u00e9 des entreprises","description":"","publisher":{"@id":"https:\/\/www.annonces-legales.org\/blog\/#organization"},"potentialAction":[{"@type":"SearchAction","target":{"@type":"EntryPoint","urlTemplate":"https:\/\/www.annonces-legales.org\/blog\/?s={search_term_string}"},"query-input":{"@type":"PropertyValueSpecification","valueRequired":true,"valueName":"search_term_string"}}],"inLanguage":"fr-FR"},{"@type":"Organization","@id":"https:\/\/www.annonces-legales.org\/blog\/#organization","name":"Actualit\u00e9 des entreprises","url":"https:\/\/www.annonces-legales.org\/blog\/","logo":{"@type":"ImageObject","inLanguage":"fr-FR","@id":"https:\/\/www.annonces-legales.org\/blog\/#\/schema\/logo\/image\/","url":"https:\/\/www.annonces-legales.org\/blog\/wp-content\/uploads\/2023\/08\/annonces-legales.svg","contentUrl":"https:\/\/www.annonces-legales.org\/blog\/wp-content\/uploads\/2023\/08\/annonces-legales.svg","caption":"Actualit\u00e9 des entreprises"},"image":{"@id":"https:\/\/www.annonces-legales.org\/blog\/#\/schema\/logo\/image\/"}}]}},"_links":{"self":[{"href":"https:\/\/www.annonces-legales.org\/blog\/wp-json\/wp\/v2\/pages\/1844","targetHints":{"allow":["GET"]}}],"collection":[{"href":"https:\/\/www.annonces-legales.org\/blog\/wp-json\/wp\/v2\/pages"}],"about":[{"href":"https:\/\/www.annonces-legales.org\/blog\/wp-json\/wp\/v2\/types\/page"}],"author":[{"embeddable":true,"href":"https:\/\/www.annonces-legales.org\/blog\/wp-json\/wp\/v2\/users\/1"}],"replies":[{"embeddable":true,"href":"https:\/\/www.annonces-legales.org\/blog\/wp-json\/wp\/v2\/comments?post=1844"}],"version-history":[{"count":3,"href":"https:\/\/www.annonces-legales.org\/blog\/wp-json\/wp\/v2\/pages\/1844\/revisions"}],"predecessor-version":[{"id":2286,"href":"https:\/\/www.annonces-legales.org\/blog\/wp-json\/wp\/v2\/pages\/1844\/revisions\/2286"}],"up":[{"embeddable":true,"href":"https:\/\/www.annonces-legales.org\/blog\/wp-json\/wp\/v2\/pages\/1759"}],"wp:attachment":[{"href":"https:\/\/www.annonces-legales.org\/blog\/wp-json\/wp\/v2\/media?parent=1844"}],"curies":[{"name":"wp","href":"https:\/\/api.w.org\/{rel}","templated":true}]}}