{"id":1846,"date":"2022-01-22T20:23:17","date_gmt":"2022-01-22T19:23:17","guid":{"rendered":"https:\/\/www.annonces-legales.org\/blog\/?page_id=1846"},"modified":"2022-01-24T19:51:47","modified_gmt":"2022-01-24T18:51:47","slug":"greffe-du-tribunal-de-commerce-de-besancon","status":"publish","type":"page","link":"https:\/\/www.annonces-legales.org\/blog\/greffe\/greffe-du-tribunal-de-commerce-de-besancon\/","title":{"rendered":"Greffe du tribunal de commerce de Besancon"},"content":{"rendered":"<p>Vous contr\u00f4lez une structure pr\u00e8s de la ville de Besancon ? Vous allez devoir rencontrer le greffe pour effecture les d\u00e9marches administratives de cr\u00e9ation de votre soci\u00e9t\u00e9 ou des d\u00e9marches con\u00e7ernant des nouveaut\u00e9s dans votre structure.<\/p>\n<p>Le centre de formalit\u00e9s des soci\u00e9t\u00e9s a une responsabilit\u00e9 de groupement des informations l\u00e9gales relatives aux entreprises. Le greffe approuve l&rsquo;enregistrement des entreprises en leurs donnant un num\u00e9ro d&rsquo;enregistrement.<br \/>\nLe CFE a la responsabilit\u00e9 d&rsquo;immatriculer les entreprises naissantes.<\/p>\n<p>Trouvez tout ce que vous devez savoir sur ce greffe ici !<\/p>\n<h2><\/h2>\n<h2>Contact et adresse du greffe du tribunal de commerce de Besan\u00e7on<\/h2>\n<p>Adresse postale : 1, Rue Megevand 25000 BESANCON<\/p>\n<p><div class=\"leaflet-map WPLeafletMap\" style=\"height:250px; width:100%;\"><\/div><script>\nwindow.WPLeafletMapPlugin = window.WPLeafletMapPlugin || [];\nwindow.WPLeafletMapPlugin.push(function WPLeafletMapShortcode() {\/*<script>*\/\nvar baseUrl = atob('aHR0cHM6Ly97c30udGlsZS5vcGVuc3RyZWV0bWFwLm9yZy97en0ve3h9L3t5fS5wbmc=');\nvar base = (!baseUrl && window.MQ) ?\n    window.MQ.mapLayer() : L.tileLayer(baseUrl,\n        L.Util.extend({}, {\n            detectRetina: 0,\n        },\n        {\"subdomains\":\"abc\",\"noWrap\":false,\"maxZoom\":20}        )\n    );\n    var options = L.Util.extend({}, {\n        layers: [base],\n        attributionControl: false\n    },\n    {\"zoomControl\":true,\"scrollWheelZoom\":false,\"doubleClickZoom\":false,\"fitBounds\":false,\"minZoom\":0,\"maxZoom\":20,\"maxBounds\":null,\"attribution\":\"\"},\n    {});\nwindow.WPLeafletMapPlugin.createMap(options).setView([47.236615,6.022439],17);});<\/script> <script>\nwindow.WPLeafletMapPlugin = window.WPLeafletMapPlugin || [];\nwindow.WPLeafletMapPlugin.push(function WPLeafletMarkerShortcode() {\/*<script>*\/\nvar map = window.WPLeafletMapPlugin.getCurrentMap();\nvar group = window.WPLeafletMapPlugin.getCurrentGroup();\nvar marker_options = window.WPLeafletMapPlugin.getIconOptions({});\nvar marker = L.marker(\n    [0,0],\n    marker_options\n);\nvar is_image = map.is_image_map;\n    marker.setLatLng( map.getCenter() );\nif (marker_options.draggable) {\n    marker.on('dragend', function () {\n        var latlng = this.getLatLng();\n        var lat = latlng.lat;\n        var lng = latlng.lng;\n        if (is_image) {\n            console.log('leaflet-marker y=' + lat + ' x=' + lng);\n        } else {\n            console.log('leaflet-marker lat=' + lat + ' lng=' + lng);\n        }\n    });\n}\nmarker.addTo( group );\nmarker.bindPopup(window.WPLeafletMapPlugin.unescape(' Greffe du tribunal de commerce de Besancon ')).openPopup();window.WPLeafletMapPlugin.markers.push( marker );\n        });<\/script><\/p>\n<p>T\u00e9l\u00e9phone : 03 81 83 60 90<br \/>\nURL : www.greffe-tc-besancon.fr<\/p>\n<p>Le greffe est ouvert du lundi au vendredi 9h30 a 12 h et 14h a 16h<\/p>\n<h2><\/h2>\n<h2>Le greffe de Besan\u00e7on, un acteur incontournable<\/h2>\n<p>Les entrepreneurs qui ont leur adresse dans le<strong> d\u00e9partement du Doubs<\/strong> et qui aimeraient fonder leur entreprise doivent faire leur immatriculation avec le RCS de ce greffe.<br \/>\nLa validation de l&rsquo;immatriculation d&rsquo;une entreprise n&rsquo;est pas l&rsquo;unique service r\u00e9alis\u00e9 par le greffe du tribunal de commerce. Le greffe va \u00e9galement s&rsquo;occuper d&rsquo;\u00e9couter les gestionnaires et les cr\u00e9ateurs pour les aider dans leurs d\u00e9marches. Il va aussi accueillir les transformations dans les statuts juridiques des entreprises.<br \/>\nL&rsquo;arr\u00eat des activit\u00e9s d&rsquo;une structure va aussi se faire aupr\u00e8s de l&rsquo;office du greffe. \u00c9videmment, on trouve des autres formalit\u00e9s \u00e0 terminer avant une fermeture, comme le d\u00e9p\u00f4t de bilan, la publication d&rsquo;une annonce l\u00e9gale&#8230; mais ces d\u00e9marches administratives termineront au greffe de Besan\u00e7on.<br \/>\nLes soci\u00e9t\u00e9s de Besan\u00e7on peuvent aussi consigner leurs comptes annuels ou enregistrer des de nouveaux noms au RBE.<\/p>\n<p>&nbsp;<\/p>\n<h2>A quel moment obtenir un num\u00e9ro d&rsquo;inscription pour sa soci\u00e9t\u00e9 ?<\/h2>\n<p>Pour enregistrer une structure, il est vital d&rsquo;\u00e9tablir un dossier d&rsquo;immatriculation au greffe. Le dossier doit comporter le formulaire ad\u00e9quat et doit inclure l&rsquo;ensemble des pi\u00e8ces justificatives n\u00e9cessaires. Si le dossier n&rsquo;est pas complet ou comporte une maladresse, la demande d&rsquo;inscription sera refus\u00e9e par le greffe de Besan\u00e7on.<\/p>\n<p>Pour faire l&rsquo;inscription (apr\u00e8s avoir accompli les formalit\u00e9s n\u00e9cessaires), il faut vous d\u00e9placer au CFE ou exp\u00e9dier le dossier complet via internet.<\/p>\n<p>Si l&rsquo;enregistrement de l&rsquo;entreprise est certifi\u00e9 par le RCS, le greffe va avertir l&rsquo;int\u00e9gralit\u00e9 des institutions de l&rsquo;\u00c9tat (administration fiscale, URSSAF&#8230;) afin de leur indiquer la constitution de l&rsquo;entreprise.<\/p>\n","protected":false},"excerpt":{"rendered":"<p>Vous contr\u00f4lez une structure pr\u00e8s de la ville de Besancon ? Vous allez devoir rencontrer le greffe pour effecture les [&hellip;]<\/p>\n","protected":false},"author":1,"featured_media":0,"parent":1759,"menu_order":0,"comment_status":"closed","ping_status":"closed","template":"","meta":{"inline_featured_image":false,"footnotes":""},"class_list":["post-1846","page","type-page","status-publish","hentry"],"yoast_head":"<!-- This site is optimized with the Yoast SEO plugin v26.8 - https:\/\/yoast.com\/product\/yoast-seo-wordpress\/ -->\n<title>Greffe du tribunal de commerce de Besancon - Actualit\u00e9 des entreprises<\/title>\n<meta name=\"robots\" content=\"index, follow, max-snippet:-1, max-image-preview:large, max-video-preview:-1\" \/>\n<link rel=\"canonical\" href=\"https:\/\/www.annonces-legales.org\/blog\/greffe\/greffe-du-tribunal-de-commerce-de-besancon\/\" \/>\n<meta property=\"og:locale\" content=\"fr_FR\" \/>\n<meta property=\"og:type\" content=\"article\" \/>\n<meta property=\"og:title\" content=\"Greffe du tribunal de commerce de Besancon - Actualit\u00e9 des entreprises\" \/>\n<meta property=\"og:description\" content=\"Vous contr\u00f4lez une structure pr\u00e8s de la ville de Besancon ? Vous allez devoir rencontrer le greffe pour effecture les [&hellip;]\" \/>\n<meta property=\"og:url\" content=\"https:\/\/www.annonces-legales.org\/blog\/greffe\/greffe-du-tribunal-de-commerce-de-besancon\/\" \/>\n<meta property=\"og:site_name\" content=\"Actualit\u00e9 des entreprises\" \/>\n<meta property=\"article:modified_time\" content=\"2022-01-24T18:51:47+00:00\" \/>\n<meta name=\"twitter:card\" content=\"summary_large_image\" \/>\n<meta name=\"twitter:label1\" content=\"Dur\u00e9e de lecture estim\u00e9e\" \/>\n\t<meta name=\"twitter:data1\" content=\"2 minutes\" \/>\n<script type=\"application\/ld+json\" class=\"yoast-schema-graph\">{\"@context\":\"https:\/\/schema.org\",\"@graph\":[{\"@type\":\"WebPage\",\"@id\":\"https:\/\/www.annonces-legales.org\/blog\/greffe\/greffe-du-tribunal-de-commerce-de-besancon\/\",\"url\":\"https:\/\/www.annonces-legales.org\/blog\/greffe\/greffe-du-tribunal-de-commerce-de-besancon\/\",\"name\":\"Greffe du tribunal de commerce de Besancon - Actualit\u00e9 des entreprises\",\"isPartOf\":{\"@id\":\"https:\/\/www.annonces-legales.org\/blog\/#website\"},\"datePublished\":\"2022-01-22T19:23:17+00:00\",\"dateModified\":\"2022-01-24T18:51:47+00:00\",\"breadcrumb\":{\"@id\":\"https:\/\/www.annonces-legales.org\/blog\/greffe\/greffe-du-tribunal-de-commerce-de-besancon\/#breadcrumb\"},\"inLanguage\":\"fr-FR\",\"potentialAction\":[{\"@type\":\"ReadAction\",\"target\":[\"https:\/\/www.annonces-legales.org\/blog\/greffe\/greffe-du-tribunal-de-commerce-de-besancon\/\"]}]},{\"@type\":\"BreadcrumbList\",\"@id\":\"https:\/\/www.annonces-legales.org\/blog\/greffe\/greffe-du-tribunal-de-commerce-de-besancon\/#breadcrumb\",\"itemListElement\":[{\"@type\":\"ListItem\",\"position\":1,\"name\":\"Accueil\",\"item\":\"https:\/\/www.annonces-legales.org\/blog\/\"},{\"@type\":\"ListItem\",\"position\":2,\"name\":\"Liste des Greffes des tribunaux de commerce\",\"item\":\"https:\/\/www.annonces-legales.org\/blog\/greffe\/\"},{\"@type\":\"ListItem\",\"position\":3,\"name\":\"Greffe du tribunal de commerce de Besancon\"}]},{\"@type\":\"WebSite\",\"@id\":\"https:\/\/www.annonces-legales.org\/blog\/#website\",\"url\":\"https:\/\/www.annonces-legales.org\/blog\/\",\"name\":\"Actualit\u00e9 des entreprises\",\"description\":\"\",\"publisher\":{\"@id\":\"https:\/\/www.annonces-legales.org\/blog\/#organization\"},\"potentialAction\":[{\"@type\":\"SearchAction\",\"target\":{\"@type\":\"EntryPoint\",\"urlTemplate\":\"https:\/\/www.annonces-legales.org\/blog\/?s={search_term_string}\"},\"query-input\":{\"@type\":\"PropertyValueSpecification\",\"valueRequired\":true,\"valueName\":\"search_term_string\"}}],\"inLanguage\":\"fr-FR\"},{\"@type\":\"Organization\",\"@id\":\"https:\/\/www.annonces-legales.org\/blog\/#organization\",\"name\":\"Actualit\u00e9 des entreprises\",\"url\":\"https:\/\/www.annonces-legales.org\/blog\/\",\"logo\":{\"@type\":\"ImageObject\",\"inLanguage\":\"fr-FR\",\"@id\":\"https:\/\/www.annonces-legales.org\/blog\/#\/schema\/logo\/image\/\",\"url\":\"https:\/\/www.annonces-legales.org\/blog\/wp-content\/uploads\/2023\/08\/annonces-legales.svg\",\"contentUrl\":\"https:\/\/www.annonces-legales.org\/blog\/wp-content\/uploads\/2023\/08\/annonces-legales.svg\",\"caption\":\"Actualit\u00e9 des entreprises\"},\"image\":{\"@id\":\"https:\/\/www.annonces-legales.org\/blog\/#\/schema\/logo\/image\/\"}}]}<\/script>\n<!-- \/ Yoast SEO plugin. -->","yoast_head_json":{"title":"Greffe du tribunal de commerce de Besancon - Actualit\u00e9 des entreprises","robots":{"index":"index","follow":"follow","max-snippet":"max-snippet:-1","max-image-preview":"max-image-preview:large","max-video-preview":"max-video-preview:-1"},"canonical":"https:\/\/www.annonces-legales.org\/blog\/greffe\/greffe-du-tribunal-de-commerce-de-besancon\/","og_locale":"fr_FR","og_type":"article","og_title":"Greffe du tribunal de commerce de Besancon - Actualit\u00e9 des entreprises","og_description":"Vous contr\u00f4lez une structure pr\u00e8s de la ville de Besancon ? Vous allez devoir rencontrer le greffe pour effecture les [&hellip;]","og_url":"https:\/\/www.annonces-legales.org\/blog\/greffe\/greffe-du-tribunal-de-commerce-de-besancon\/","og_site_name":"Actualit\u00e9 des entreprises","article_modified_time":"2022-01-24T18:51:47+00:00","twitter_card":"summary_large_image","twitter_misc":{"Dur\u00e9e de lecture estim\u00e9e":"2 minutes"},"schema":{"@context":"https:\/\/schema.org","@graph":[{"@type":"WebPage","@id":"https:\/\/www.annonces-legales.org\/blog\/greffe\/greffe-du-tribunal-de-commerce-de-besancon\/","url":"https:\/\/www.annonces-legales.org\/blog\/greffe\/greffe-du-tribunal-de-commerce-de-besancon\/","name":"Greffe du tribunal de commerce de Besancon - Actualit\u00e9 des entreprises","isPartOf":{"@id":"https:\/\/www.annonces-legales.org\/blog\/#website"},"datePublished":"2022-01-22T19:23:17+00:00","dateModified":"2022-01-24T18:51:47+00:00","breadcrumb":{"@id":"https:\/\/www.annonces-legales.org\/blog\/greffe\/greffe-du-tribunal-de-commerce-de-besancon\/#breadcrumb"},"inLanguage":"fr-FR","potentialAction":[{"@type":"ReadAction","target":["https:\/\/www.annonces-legales.org\/blog\/greffe\/greffe-du-tribunal-de-commerce-de-besancon\/"]}]},{"@type":"BreadcrumbList","@id":"https:\/\/www.annonces-legales.org\/blog\/greffe\/greffe-du-tribunal-de-commerce-de-besancon\/#breadcrumb","itemListElement":[{"@type":"ListItem","position":1,"name":"Accueil","item":"https:\/\/www.annonces-legales.org\/blog\/"},{"@type":"ListItem","position":2,"name":"Liste des Greffes des tribunaux de commerce","item":"https:\/\/www.annonces-legales.org\/blog\/greffe\/"},{"@type":"ListItem","position":3,"name":"Greffe du tribunal de commerce de Besancon"}]},{"@type":"WebSite","@id":"https:\/\/www.annonces-legales.org\/blog\/#website","url":"https:\/\/www.annonces-legales.org\/blog\/","name":"Actualit\u00e9 des entreprises","description":"","publisher":{"@id":"https:\/\/www.annonces-legales.org\/blog\/#organization"},"potentialAction":[{"@type":"SearchAction","target":{"@type":"EntryPoint","urlTemplate":"https:\/\/www.annonces-legales.org\/blog\/?s={search_term_string}"},"query-input":{"@type":"PropertyValueSpecification","valueRequired":true,"valueName":"search_term_string"}}],"inLanguage":"fr-FR"},{"@type":"Organization","@id":"https:\/\/www.annonces-legales.org\/blog\/#organization","name":"Actualit\u00e9 des entreprises","url":"https:\/\/www.annonces-legales.org\/blog\/","logo":{"@type":"ImageObject","inLanguage":"fr-FR","@id":"https:\/\/www.annonces-legales.org\/blog\/#\/schema\/logo\/image\/","url":"https:\/\/www.annonces-legales.org\/blog\/wp-content\/uploads\/2023\/08\/annonces-legales.svg","contentUrl":"https:\/\/www.annonces-legales.org\/blog\/wp-content\/uploads\/2023\/08\/annonces-legales.svg","caption":"Actualit\u00e9 des entreprises"},"image":{"@id":"https:\/\/www.annonces-legales.org\/blog\/#\/schema\/logo\/image\/"}}]}},"_links":{"self":[{"href":"https:\/\/www.annonces-legales.org\/blog\/wp-json\/wp\/v2\/pages\/1846","targetHints":{"allow":["GET"]}}],"collection":[{"href":"https:\/\/www.annonces-legales.org\/blog\/wp-json\/wp\/v2\/pages"}],"about":[{"href":"https:\/\/www.annonces-legales.org\/blog\/wp-json\/wp\/v2\/types\/page"}],"author":[{"embeddable":true,"href":"https:\/\/www.annonces-legales.org\/blog\/wp-json\/wp\/v2\/users\/1"}],"replies":[{"embeddable":true,"href":"https:\/\/www.annonces-legales.org\/blog\/wp-json\/wp\/v2\/comments?post=1846"}],"version-history":[{"count":3,"href":"https:\/\/www.annonces-legales.org\/blog\/wp-json\/wp\/v2\/pages\/1846\/revisions"}],"predecessor-version":[{"id":2288,"href":"https:\/\/www.annonces-legales.org\/blog\/wp-json\/wp\/v2\/pages\/1846\/revisions\/2288"}],"up":[{"embeddable":true,"href":"https:\/\/www.annonces-legales.org\/blog\/wp-json\/wp\/v2\/pages\/1759"}],"wp:attachment":[{"href":"https:\/\/www.annonces-legales.org\/blog\/wp-json\/wp\/v2\/media?parent=1846"}],"curies":[{"name":"wp","href":"https:\/\/api.w.org\/{rel}","templated":true}]}}