{"id":1868,"date":"2022-01-22T20:28:13","date_gmt":"2022-01-22T19:28:13","guid":{"rendered":"https:\/\/www.annonces-legales.org\/blog\/?page_id=1868"},"modified":"2022-01-24T19:19:43","modified_gmt":"2022-01-24T18:19:43","slug":"greffe-du-tribunal-de-commerce-de-caen","status":"publish","type":"page","link":"https:\/\/www.annonces-legales.org\/blog\/greffe\/greffe-du-tribunal-de-commerce-de-caen\/","title":{"rendered":"Greffe du tribunal de commerce de Caen"},"content":{"rendered":"<p>Comment aller au greffe du tribunal de commerce de Caen ? De quelle mani\u00e8re joindre le greffe de Caen ? Quel est la relation avec le CFE ?<\/p>\n<p>Tous les chefs d&rsquo;entreprise ou gestionnaires de fonds de commerce vont devoir r\u00e9guli\u00e8rement contacter le greffe. Nous allons voir ici la plupart des d\u00e9marches officielles qu&rsquo;il faut r\u00e9aliser avec le <strong>greffe du tribunal de commerce de Caen<\/strong>.<\/p>\n<p>&nbsp;<\/p>\n<h2>Informations de contact du greffe du tribunal de commerce de Caen<\/h2>\n<p>Il est possible d&rsquo;appeler le greffe de Caen en composant le 02 31 85 40 00.<\/p>\n<p><strong>Adresse du greffe<\/strong> : Palais De Justice , Place Gambetta 14054 CAEN CEDEX 4<\/p>\n<p>&nbsp;<\/p>\n<p><div class=\"leaflet-map WPLeafletMap\" style=\"height:250px; width:100%;\"><\/div><script>\nwindow.WPLeafletMapPlugin = window.WPLeafletMapPlugin || [];\nwindow.WPLeafletMapPlugin.push(function WPLeafletMapShortcode() {\/*<script>*\/\nvar baseUrl = atob('aHR0cHM6Ly97c30udGlsZS5vcGVuc3RyZWV0bWFwLm9yZy97en0ve3h9L3t5fS5wbmc=');\nvar base = (!baseUrl && window.MQ) ?\n    window.MQ.mapLayer() : L.tileLayer(baseUrl,\n        L.Util.extend({}, {\n            detectRetina: 0,\n        },\n        {\"subdomains\":\"abc\",\"noWrap\":false,\"maxZoom\":20}        )\n    );\n    var options = L.Util.extend({}, {\n        layers: [base],\n        attributionControl: false\n    },\n    {\"zoomControl\":true,\"scrollWheelZoom\":false,\"doubleClickZoom\":false,\"fitBounds\":false,\"minZoom\":0,\"maxZoom\":20,\"maxBounds\":null,\"attribution\":\"\"},\n    {});\nwindow.WPLeafletMapPlugin.createMap(options).setView([49.179305,-0.366111],17);});<\/script> <script>\nwindow.WPLeafletMapPlugin = window.WPLeafletMapPlugin || [];\nwindow.WPLeafletMapPlugin.push(function WPLeafletMarkerShortcode() {\/*<script>*\/\nvar map = window.WPLeafletMapPlugin.getCurrentMap();\nvar group = window.WPLeafletMapPlugin.getCurrentGroup();\nvar marker_options = window.WPLeafletMapPlugin.getIconOptions({});\nvar marker = L.marker(\n    [0,0],\n    marker_options\n);\nvar is_image = map.is_image_map;\n    marker.setLatLng( map.getCenter() );\nif (marker_options.draggable) {\n    marker.on('dragend', function () {\n        var latlng = this.getLatLng();\n        var lat = latlng.lat;\n        var lng = latlng.lng;\n        if (is_image) {\n            console.log('leaflet-marker y=' + lat + ' x=' + lng);\n        } else {\n            console.log('leaflet-marker lat=' + lat + ' lng=' + lng);\n        }\n    });\n}\nmarker.addTo( group );\nmarker.bindPopup(window.WPLeafletMapPlugin.unescape(' Greffe du tribunal de commerce de Caen ')).openPopup();window.WPLeafletMapPlugin.markers.push( marker );\n        });<\/script><\/p>\n<p>&nbsp;<\/p>\n<p><strong>Site Web du greffe de Caen<\/strong> : <em>www.greffe-tc-caen.fr<\/em><\/p>\n<p>&nbsp;<\/p>\n<h2>Quand aller au greffe de Caen ?<\/h2>\n<p>Le greffe du tribunal de commerce est ouvert tous les jours ouvr\u00e9s de la semaine du lundi au vendredi de 8h30 a 12h et de 14h a 16h30.<\/p>\n<h2><\/h2>\n<h2>Pourquoi le greffe de Caen ?<\/h2>\n<p>Le greffe a pour objectif d&rsquo;administrer un nombre important de services du tribunal de Caen. Le greffe du tribunal de commerce va assister les juges dans leur travail en r\u00e9digeant des actes ou en les assistant lors des audiences. Le greffe va \u00e9galement tenir des fichiers, le plus c\u00e9l\u00e8bre, le registre du commerce RCS. Ce bureau minist\u00e9riel va aussi g\u00e9rer d&rsquo;autres fichiers comme le registre sp\u00e9cial des agents commerciaux ou les nantissements de fonds de commerce.<\/p>\n<p>Les d\u00e9marches administratives relatif \u00e0 la cr\u00e9ation ou aux modifications au sein d&rsquo;une soci\u00e9t\u00e9 doivent \u00eatre accomplies avec les services du greffe de Caen. Une entreprise du <strong>d\u00e9partement de Calvados<\/strong> doit donc utiliser les services du greffe de Caen si celle-ci est enregistr\u00e9e dans son registre.<\/p>\n<p>&nbsp;<\/p>\n<h2>La formalit\u00e9 d&rsquo;enregistrement au RCS de Caen<\/h2>\n<p>Pour cr\u00e9er une soci\u00e9t\u00e9, il faut faire un dossier pour l&rsquo;enregistrement. Le dossier d&rsquo;enregistrement doit \u00eatre exhaustif et doit inclure l&rsquo;ensemble des pi\u00e8ces justificatives n\u00e9cessaires.<\/p>\n<p>Pour faire l&rsquo;immatriculation , il faut vous rendre au RCS ou envoyer le dossier via internet (ou en dernier recours, par la poste).<\/p>\n<p>Si l&rsquo;inscription de la structure est approuv\u00e9 par le greffe, il va joindre l&rsquo;int\u00e9gralit\u00e9 des entit\u00e9s de l&rsquo;\u00c9tat comme l&rsquo;INSEE afin de leur signaler la cr\u00e9ation de l&rsquo;entreprise.<\/p>\n","protected":false},"excerpt":{"rendered":"<p>Comment aller au greffe du tribunal de commerce de Caen ? De quelle mani\u00e8re joindre le greffe de Caen ? [&hellip;]<\/p>\n","protected":false},"author":1,"featured_media":0,"parent":1759,"menu_order":0,"comment_status":"closed","ping_status":"closed","template":"","meta":{"inline_featured_image":false,"footnotes":""},"class_list":["post-1868","page","type-page","status-publish","hentry"],"yoast_head":"<!-- This site is optimized with the Yoast SEO plugin v26.8 - https:\/\/yoast.com\/product\/yoast-seo-wordpress\/ -->\n<title>Greffe du tribunal de commerce de Caen - Actualit\u00e9 des entreprises<\/title>\n<meta name=\"robots\" content=\"index, follow, max-snippet:-1, max-image-preview:large, max-video-preview:-1\" \/>\n<link rel=\"canonical\" href=\"https:\/\/www.annonces-legales.org\/blog\/greffe\/greffe-du-tribunal-de-commerce-de-caen\/\" \/>\n<meta property=\"og:locale\" content=\"fr_FR\" \/>\n<meta property=\"og:type\" content=\"article\" \/>\n<meta property=\"og:title\" content=\"Greffe du tribunal de commerce de Caen - Actualit\u00e9 des entreprises\" \/>\n<meta property=\"og:description\" content=\"Comment aller au greffe du tribunal de commerce de Caen ? De quelle mani\u00e8re joindre le greffe de Caen ? [&hellip;]\" \/>\n<meta property=\"og:url\" content=\"https:\/\/www.annonces-legales.org\/blog\/greffe\/greffe-du-tribunal-de-commerce-de-caen\/\" \/>\n<meta property=\"og:site_name\" content=\"Actualit\u00e9 des entreprises\" \/>\n<meta property=\"article:modified_time\" content=\"2022-01-24T18:19:43+00:00\" \/>\n<meta name=\"twitter:card\" content=\"summary_large_image\" \/>\n<meta name=\"twitter:label1\" content=\"Dur\u00e9e de lecture estim\u00e9e\" \/>\n\t<meta name=\"twitter:data1\" content=\"2 minutes\" \/>\n<script type=\"application\/ld+json\" class=\"yoast-schema-graph\">{\"@context\":\"https:\/\/schema.org\",\"@graph\":[{\"@type\":\"WebPage\",\"@id\":\"https:\/\/www.annonces-legales.org\/blog\/greffe\/greffe-du-tribunal-de-commerce-de-caen\/\",\"url\":\"https:\/\/www.annonces-legales.org\/blog\/greffe\/greffe-du-tribunal-de-commerce-de-caen\/\",\"name\":\"Greffe du tribunal de commerce de Caen - Actualit\u00e9 des entreprises\",\"isPartOf\":{\"@id\":\"https:\/\/www.annonces-legales.org\/blog\/#website\"},\"datePublished\":\"2022-01-22T19:28:13+00:00\",\"dateModified\":\"2022-01-24T18:19:43+00:00\",\"breadcrumb\":{\"@id\":\"https:\/\/www.annonces-legales.org\/blog\/greffe\/greffe-du-tribunal-de-commerce-de-caen\/#breadcrumb\"},\"inLanguage\":\"fr-FR\",\"potentialAction\":[{\"@type\":\"ReadAction\",\"target\":[\"https:\/\/www.annonces-legales.org\/blog\/greffe\/greffe-du-tribunal-de-commerce-de-caen\/\"]}]},{\"@type\":\"BreadcrumbList\",\"@id\":\"https:\/\/www.annonces-legales.org\/blog\/greffe\/greffe-du-tribunal-de-commerce-de-caen\/#breadcrumb\",\"itemListElement\":[{\"@type\":\"ListItem\",\"position\":1,\"name\":\"Accueil\",\"item\":\"https:\/\/www.annonces-legales.org\/blog\/\"},{\"@type\":\"ListItem\",\"position\":2,\"name\":\"Liste des Greffes des tribunaux de commerce\",\"item\":\"https:\/\/www.annonces-legales.org\/blog\/greffe\/\"},{\"@type\":\"ListItem\",\"position\":3,\"name\":\"Greffe du tribunal de commerce de Caen\"}]},{\"@type\":\"WebSite\",\"@id\":\"https:\/\/www.annonces-legales.org\/blog\/#website\",\"url\":\"https:\/\/www.annonces-legales.org\/blog\/\",\"name\":\"Actualit\u00e9 des entreprises\",\"description\":\"\",\"publisher\":{\"@id\":\"https:\/\/www.annonces-legales.org\/blog\/#organization\"},\"potentialAction\":[{\"@type\":\"SearchAction\",\"target\":{\"@type\":\"EntryPoint\",\"urlTemplate\":\"https:\/\/www.annonces-legales.org\/blog\/?s={search_term_string}\"},\"query-input\":{\"@type\":\"PropertyValueSpecification\",\"valueRequired\":true,\"valueName\":\"search_term_string\"}}],\"inLanguage\":\"fr-FR\"},{\"@type\":\"Organization\",\"@id\":\"https:\/\/www.annonces-legales.org\/blog\/#organization\",\"name\":\"Actualit\u00e9 des entreprises\",\"url\":\"https:\/\/www.annonces-legales.org\/blog\/\",\"logo\":{\"@type\":\"ImageObject\",\"inLanguage\":\"fr-FR\",\"@id\":\"https:\/\/www.annonces-legales.org\/blog\/#\/schema\/logo\/image\/\",\"url\":\"https:\/\/www.annonces-legales.org\/blog\/wp-content\/uploads\/2023\/08\/annonces-legales.svg\",\"contentUrl\":\"https:\/\/www.annonces-legales.org\/blog\/wp-content\/uploads\/2023\/08\/annonces-legales.svg\",\"caption\":\"Actualit\u00e9 des entreprises\"},\"image\":{\"@id\":\"https:\/\/www.annonces-legales.org\/blog\/#\/schema\/logo\/image\/\"}}]}<\/script>\n<!-- \/ Yoast SEO plugin. -->","yoast_head_json":{"title":"Greffe du tribunal de commerce de Caen - Actualit\u00e9 des entreprises","robots":{"index":"index","follow":"follow","max-snippet":"max-snippet:-1","max-image-preview":"max-image-preview:large","max-video-preview":"max-video-preview:-1"},"canonical":"https:\/\/www.annonces-legales.org\/blog\/greffe\/greffe-du-tribunal-de-commerce-de-caen\/","og_locale":"fr_FR","og_type":"article","og_title":"Greffe du tribunal de commerce de Caen - Actualit\u00e9 des entreprises","og_description":"Comment aller au greffe du tribunal de commerce de Caen ? De quelle mani\u00e8re joindre le greffe de Caen ? [&hellip;]","og_url":"https:\/\/www.annonces-legales.org\/blog\/greffe\/greffe-du-tribunal-de-commerce-de-caen\/","og_site_name":"Actualit\u00e9 des entreprises","article_modified_time":"2022-01-24T18:19:43+00:00","twitter_card":"summary_large_image","twitter_misc":{"Dur\u00e9e de lecture estim\u00e9e":"2 minutes"},"schema":{"@context":"https:\/\/schema.org","@graph":[{"@type":"WebPage","@id":"https:\/\/www.annonces-legales.org\/blog\/greffe\/greffe-du-tribunal-de-commerce-de-caen\/","url":"https:\/\/www.annonces-legales.org\/blog\/greffe\/greffe-du-tribunal-de-commerce-de-caen\/","name":"Greffe du tribunal de commerce de Caen - Actualit\u00e9 des entreprises","isPartOf":{"@id":"https:\/\/www.annonces-legales.org\/blog\/#website"},"datePublished":"2022-01-22T19:28:13+00:00","dateModified":"2022-01-24T18:19:43+00:00","breadcrumb":{"@id":"https:\/\/www.annonces-legales.org\/blog\/greffe\/greffe-du-tribunal-de-commerce-de-caen\/#breadcrumb"},"inLanguage":"fr-FR","potentialAction":[{"@type":"ReadAction","target":["https:\/\/www.annonces-legales.org\/blog\/greffe\/greffe-du-tribunal-de-commerce-de-caen\/"]}]},{"@type":"BreadcrumbList","@id":"https:\/\/www.annonces-legales.org\/blog\/greffe\/greffe-du-tribunal-de-commerce-de-caen\/#breadcrumb","itemListElement":[{"@type":"ListItem","position":1,"name":"Accueil","item":"https:\/\/www.annonces-legales.org\/blog\/"},{"@type":"ListItem","position":2,"name":"Liste des Greffes des tribunaux de commerce","item":"https:\/\/www.annonces-legales.org\/blog\/greffe\/"},{"@type":"ListItem","position":3,"name":"Greffe du tribunal de commerce de Caen"}]},{"@type":"WebSite","@id":"https:\/\/www.annonces-legales.org\/blog\/#website","url":"https:\/\/www.annonces-legales.org\/blog\/","name":"Actualit\u00e9 des entreprises","description":"","publisher":{"@id":"https:\/\/www.annonces-legales.org\/blog\/#organization"},"potentialAction":[{"@type":"SearchAction","target":{"@type":"EntryPoint","urlTemplate":"https:\/\/www.annonces-legales.org\/blog\/?s={search_term_string}"},"query-input":{"@type":"PropertyValueSpecification","valueRequired":true,"valueName":"search_term_string"}}],"inLanguage":"fr-FR"},{"@type":"Organization","@id":"https:\/\/www.annonces-legales.org\/blog\/#organization","name":"Actualit\u00e9 des entreprises","url":"https:\/\/www.annonces-legales.org\/blog\/","logo":{"@type":"ImageObject","inLanguage":"fr-FR","@id":"https:\/\/www.annonces-legales.org\/blog\/#\/schema\/logo\/image\/","url":"https:\/\/www.annonces-legales.org\/blog\/wp-content\/uploads\/2023\/08\/annonces-legales.svg","contentUrl":"https:\/\/www.annonces-legales.org\/blog\/wp-content\/uploads\/2023\/08\/annonces-legales.svg","caption":"Actualit\u00e9 des entreprises"},"image":{"@id":"https:\/\/www.annonces-legales.org\/blog\/#\/schema\/logo\/image\/"}}]}},"_links":{"self":[{"href":"https:\/\/www.annonces-legales.org\/blog\/wp-json\/wp\/v2\/pages\/1868","targetHints":{"allow":["GET"]}}],"collection":[{"href":"https:\/\/www.annonces-legales.org\/blog\/wp-json\/wp\/v2\/pages"}],"about":[{"href":"https:\/\/www.annonces-legales.org\/blog\/wp-json\/wp\/v2\/types\/page"}],"author":[{"embeddable":true,"href":"https:\/\/www.annonces-legales.org\/blog\/wp-json\/wp\/v2\/users\/1"}],"replies":[{"embeddable":true,"href":"https:\/\/www.annonces-legales.org\/blog\/wp-json\/wp\/v2\/comments?post=1868"}],"version-history":[{"count":3,"href":"https:\/\/www.annonces-legales.org\/blog\/wp-json\/wp\/v2\/pages\/1868\/revisions"}],"predecessor-version":[{"id":2274,"href":"https:\/\/www.annonces-legales.org\/blog\/wp-json\/wp\/v2\/pages\/1868\/revisions\/2274"}],"up":[{"embeddable":true,"href":"https:\/\/www.annonces-legales.org\/blog\/wp-json\/wp\/v2\/pages\/1759"}],"wp:attachment":[{"href":"https:\/\/www.annonces-legales.org\/blog\/wp-json\/wp\/v2\/media?parent=1868"}],"curies":[{"name":"wp","href":"https:\/\/api.w.org\/{rel}","templated":true}]}}

<p>Comment aller au greffe du tribunal de commerce de Caen ? De quelle manière joindre le greffe de Caen ? Quel est la relation avec le CFE ?</p>
<p>Tous les chefs d&rsquo;entreprise ou gestionnaires de fonds de commerce vont devoir régulièrement contacter le greffe. Nous allons voir ici la plupart des démarches officielles qu&rsquo;il faut réaliser avec le <strong>greffe du tribunal de commerce de Caen</strong>.</p>
<p>&nbsp;</p>
<h2>Informations de contact du greffe du tribunal de commerce de Caen</h2>
<p>Il est possible d&rsquo;appeler le greffe de Caen en composant le 02 31 85 40 00.</p>
<p><strong>Adresse du greffe</strong> : Palais De Justice , Place Gambetta 14054 CAEN CEDEX 4</p>
<p>&nbsp;</p>
<p><div class="leaflet-map WPLeafletMap" style="height:250px; width:100%;"></div><script>
window.WPLeafletMapPlugin = window.WPLeafletMapPlugin || [];
window.WPLeafletMapPlugin.push(function WPLeafletMapShortcode() {/*<script>*/
var baseUrl = atob('aHR0cHM6Ly97c30udGlsZS5vcGVuc3RyZWV0bWFwLm9yZy97en0ve3h9L3t5fS5wbmc=');
var base = (!baseUrl && window.MQ) ?
    window.MQ.mapLayer() : L.tileLayer(baseUrl,
        L.Util.extend({}, {
            detectRetina: 0,
        },
        {"subdomains":"abc","noWrap":false,"maxZoom":20}        )
    );
    var options = L.Util.extend({}, {
        layers: [base],
        attributionControl: false
    },
    {"zoomControl":true,"scrollWheelZoom":false,"doubleClickZoom":false,"fitBounds":false,"minZoom":0,"maxZoom":20,"maxBounds":null,"attribution":""},
    {});
window.WPLeafletMapPlugin.createMap(options).setView([49.179305,-0.366111],17);});</script> <script>
window.WPLeafletMapPlugin = window.WPLeafletMapPlugin || [];
window.WPLeafletMapPlugin.push(function WPLeafletMarkerShortcode() {/*<script>*/
var map = window.WPLeafletMapPlugin.getCurrentMap();
var group = window.WPLeafletMapPlugin.getCurrentGroup();
var marker_options = window.WPLeafletMapPlugin.getIconOptions({});
var marker = L.marker(
    [0,0],
    marker_options
);
var is_image = map.is_image_map;
    marker.setLatLng( map.getCenter() );
if (marker_options.draggable) {
    marker.on('dragend', function () {
        var latlng = this.getLatLng();
        var lat = latlng.lat;
        var lng = latlng.lng;
        if (is_image) {
            console.log('leaflet-marker y=' + lat + ' x=' + lng);
        } else {
            console.log('leaflet-marker lat=' + lat + ' lng=' + lng);
        }
    });
}
marker.addTo( group );
marker.bindPopup(window.WPLeafletMapPlugin.unescape(' Greffe du tribunal de commerce de Caen ')).openPopup();window.WPLeafletMapPlugin.markers.push( marker );
        });</script></p>
<p>&nbsp;</p>
<p><strong>Site Web du greffe de Caen</strong> : <em>www.greffe-tc-caen.fr</em></p>
<p>&nbsp;</p>
<h2>Quand aller au greffe de Caen ?</h2>
<p>Le greffe du tribunal de commerce est ouvert tous les jours ouvrés de la semaine du lundi au vendredi de 8h30 a 12h et de 14h a 16h30.</p>
<h2></h2>
<h2>Pourquoi le greffe de Caen ?</h2>
<p>Le greffe a pour objectif d&rsquo;administrer un nombre important de services du tribunal de Caen. Le greffe du tribunal de commerce va assister les juges dans leur travail en rédigeant des actes ou en les assistant lors des audiences. Le greffe va également tenir des fichiers, le plus célèbre, le registre du commerce RCS. Ce bureau ministériel va aussi gérer d&rsquo;autres fichiers comme le registre spécial des agents commerciaux ou les nantissements de fonds de commerce.</p>
<p>Les démarches administratives relatif à la création ou aux modifications au sein d&rsquo;une société doivent être accomplies avec les services du greffe de Caen. Une entreprise du <strong>département de Calvados</strong> doit donc utiliser les services du greffe de Caen si celle-ci est enregistrée dans son registre.</p>
<p>&nbsp;</p>
<h2>La formalité d&rsquo;enregistrement au RCS de Caen</h2>
<p>Pour créer une société, il faut faire un dossier pour l&rsquo;enregistrement. Le dossier d&rsquo;enregistrement doit être exhaustif et doit inclure l&rsquo;ensemble des pièces justificatives nécessaires.</p>
<p>Pour faire l&rsquo;immatriculation , il faut vous rendre au RCS ou envoyer le dossier via internet (ou en dernier recours, par la poste).</p>
<p>Si l&rsquo;inscription de la structure est approuvé par le greffe, il va joindre l&rsquo;intégralité des entités de l&rsquo;État comme l&rsquo;INSEE afin de leur signaler la création de l&rsquo;entreprise.</p>

<p>Comment aller au greffe du tribunal de commerce de Caen ? De quelle manière joindre le greffe de Caen ? [&hellip;]</p>

<!-- This site is optimized with the Yoast SEO plugin v26.8 - https://yoast.com/product/yoast-seo-wordpress/ -->
<title>Greffe du tribunal de commerce de Caen - Actualité des entreprises</title>
<meta name="robots" content="index, follow, max-snippet:-1, max-image-preview:large, max-video-preview:-1" />
<link rel="canonical" href="https://www.annonces-legales.org/blog/greffe/greffe-du-tribunal-de-commerce-de-caen/" />
<meta property="og:locale" content="fr_FR" />
<meta property="og:type" content="article" />
<meta property="og:title" content="Greffe du tribunal de commerce de Caen - Actualité des entreprises" />
<meta property="og:description" content="Comment aller au greffe du tribunal de commerce de Caen ? De quelle manière joindre le greffe de Caen ? [&hellip;]" />
<meta property="og:url" content="https://www.annonces-legales.org/blog/greffe/greffe-du-tribunal-de-commerce-de-caen/" />
<meta property="og:site_name" content="Actualité des entreprises" />
<meta property="article:modified_time" content="2022-01-24T18:19:43+00:00" />
<meta name="twitter:card" content="summary_large_image" />
<meta name="twitter:label1" content="Durée de lecture estimée" />
	<meta name="twitter:data1" content="2 minutes" />
<script type="application/ld+json" class="yoast-schema-graph">{"@context":"https://schema.org","@graph":[{"@type":"WebPage","@id":"https://www.annonces-legales.org/blog/greffe/greffe-du-tribunal-de-commerce-de-caen/","url":"https://www.annonces-legales.org/blog/greffe/greffe-du-tribunal-de-commerce-de-caen/","name":"Greffe du tribunal de commerce de Caen - Actualité des entreprises","isPartOf":{"@id":"https://www.annonces-legales.org/blog/#website"},"datePublished":"2022-01-22T19:28:13+00:00","dateModified":"2022-01-24T18:19:43+00:00","breadcrumb":{"@id":"https://www.annonces-legales.org/blog/greffe/greffe-du-tribunal-de-commerce-de-caen/#breadcrumb"},"inLanguage":"fr-FR","potentialAction":[{"@type":"ReadAction","target":["https://www.annonces-legales.org/blog/greffe/greffe-du-tribunal-de-commerce-de-caen/"]}]},{"@type":"BreadcrumbList","@id":"https://www.annonces-legales.org/blog/greffe/greffe-du-tribunal-de-commerce-de-caen/#breadcrumb","itemListElement":[{"@type":"ListItem","position":1,"name":"Accueil","item":"https://www.annonces-legales.org/blog/"},{"@type":"ListItem","position":2,"name":"Liste des Greffes des tribunaux de commerce","item":"https://www.annonces-legales.org/blog/greffe/"},{"@type":"ListItem","position":3,"name":"Greffe du tribunal de commerce de Caen"}]},{"@type":"WebSite","@id":"https://www.annonces-legales.org/blog/#website","url":"https://www.annonces-legales.org/blog/","name":"Actualité des entreprises","description":"","publisher":{"@id":"https://www.annonces-legales.org/blog/#organization"},"potentialAction":[{"@type":"SearchAction","target":{"@type":"EntryPoint","urlTemplate":"https://www.annonces-legales.org/blog/?s={search_term_string}"},"query-input":{"@type":"PropertyValueSpecification","valueRequired":true,"valueName":"search_term_string"}}],"inLanguage":"fr-FR"},{"@type":"Organization","@id":"https://www.annonces-legales.org/blog/#organization","name":"Actualité des entreprises","url":"https://www.annonces-legales.org/blog/","logo":{"@type":"ImageObject","inLanguage":"fr-FR","@id":"https://www.annonces-legales.org/blog/#/schema/logo/image/","url":"https://www.annonces-legales.org/blog/wp-content/uploads/2023/08/annonces-legales.svg","contentUrl":"https://www.annonces-legales.org/blog/wp-content/uploads/2023/08/annonces-legales.svg","caption":"Actualité des entreprises"},"image":{"@id":"https://www.annonces-legales.org/blog/#/schema/logo/image/"}}]}</script>
<!-- / Yoast SEO plugin. -->

Greffe du tribunal de commerce de Caen - Actualité des entreprises

Comment aller au greffe du tribunal de commerce de Caen ? De quelle manière joindre le greffe de Caen ? [&hellip;]

Actualité des entreprises
