{"id":1894,"date":"2022-01-22T20:33:34","date_gmt":"2022-01-22T19:33:34","guid":{"rendered":"https:\/\/www.annonces-legales.org\/blog\/?page_id=1894"},"modified":"2022-01-24T21:53:41","modified_gmt":"2022-01-24T20:53:41","slug":"greffe-du-tribunal-de-commerce-de-colmar","status":"publish","type":"page","link":"https:\/\/www.annonces-legales.org\/blog\/greffe\/greffe-du-tribunal-de-commerce-de-colmar\/","title":{"rendered":"Greffe du tribunal de commerce de Colmar"},"content":{"rendered":"<p>Retrouvez sur cette page l&rsquo;int\u00e9gralit\u00e9 des informations qui concernent le <strong>greffe de Colmar<\/strong> que l&rsquo;on trouve dans le d\u00e9partement de Haut-Rhin.<\/p>\n<p>&nbsp;<\/p>\n<h2>Contact du greffe du tribunal de commerce de Colmar<\/h2>\n<p><strong>Adresse<\/strong> : Registre Du Commerce &#8211; Bp 50466 10, Rue Des Augustins 68020 COLMAR CEDEX<\/p>\n<p><div class=\"leaflet-map WPLeafletMap\" style=\"height:250px; width:100%;\"><\/div><script>\nwindow.WPLeafletMapPlugin = window.WPLeafletMapPlugin || [];\nwindow.WPLeafletMapPlugin.push(function WPLeafletMapShortcode() {\/*<script>*\/\nvar baseUrl = atob('aHR0cHM6Ly97c30udGlsZS5vcGVuc3RyZWV0bWFwLm9yZy97en0ve3h9L3t5fS5wbmc=');\nvar base = (!baseUrl && window.MQ) ?\n    window.MQ.mapLayer() : L.tileLayer(baseUrl,\n        L.Util.extend({}, {\n            detectRetina: 0,\n        },\n        {\"subdomains\":\"abc\",\"noWrap\":false,\"maxZoom\":20}        )\n    );\n    var options = L.Util.extend({}, {\n        layers: [base],\n        attributionControl: false\n    },\n    {\"zoomControl\":true,\"scrollWheelZoom\":false,\"doubleClickZoom\":false,\"fitBounds\":false,\"minZoom\":0,\"maxZoom\":20,\"maxBounds\":null,\"attribution\":\"\"},\n    {});\nwindow.WPLeafletMapPlugin.createMap(options).setView([48.076351,7.35695],17);});<\/script> <script>\nwindow.WPLeafletMapPlugin = window.WPLeafletMapPlugin || [];\nwindow.WPLeafletMapPlugin.push(function WPLeafletMarkerShortcode() {\/*<script>*\/\nvar map = window.WPLeafletMapPlugin.getCurrentMap();\nvar group = window.WPLeafletMapPlugin.getCurrentGroup();\nvar marker_options = window.WPLeafletMapPlugin.getIconOptions({});\nvar marker = L.marker(\n    [0,0],\n    marker_options\n);\nvar is_image = map.is_image_map;\n    marker.setLatLng( map.getCenter() );\nif (marker_options.draggable) {\n    marker.on('dragend', function () {\n        var latlng = this.getLatLng();\n        var lat = latlng.lat;\n        var lng = latlng.lng;\n        if (is_image) {\n            console.log('leaflet-marker y=' + lat + ' x=' + lng);\n        } else {\n            console.log('leaflet-marker lat=' + lat + ' lng=' + lng);\n        }\n    });\n}\nmarker.addTo( group );\nmarker.bindPopup(window.WPLeafletMapPlugin.unescape(' Greffe du tribunal de commerce de Colmar ')).openPopup();window.WPLeafletMapPlugin.markers.push( marker );\n        });<\/script><\/p>\n<p>&nbsp;<\/p>\n<h2>La mission du greffe de Colmar<\/h2>\n<p>Le greffe du tribunal de commerce a pour objectif premier de recevoir et de valider toutes les inscriptions au <strong>registre du commerce et des soci\u00e9t\u00e9s<\/strong>. En effet, le RCS est une base de donn\u00e9e que va tenir le greffe. Il s&rsquo;assure que toutes les donn\u00e9es sont disponibles et authentiques. Pour chaque demande d&rsquo;immatriculation, cette administration officielle r\u00e9alise l&rsquo;enregistrement et affecte \u00e0 cette entreprise un num\u00e9ro d&rsquo;enregistrement, le SIRET (avec le num\u00e9ro de RCS).<\/p>\n<p>Une autre t\u00e2che du greffe du tribunal de commerce de Colmar est d&rsquo;archiver et de diffuser des informations officielles concernant les commerces et entreprises du d\u00e9partement. Le greffe du tribunal de commerce va ainsi \u00e9tudier la conformit\u00e9 et la pertinence de la globalit\u00e9 des donn\u00e9es indiqu\u00e9es dans les statuts des soci\u00e9t\u00e9s.<\/p>\n<h2>La proc\u00e9dure d&rsquo;immatriculation<\/h2>\n<p>Au moment de la formation de votre structure, il est vital d&rsquo;\u00e9tablir son inscription aupr\u00e8s du greffe du tribunal de commerce. Cette d\u00e9marche peut \u00eatre faite directement aupr\u00e8s du registre comp\u00e9tent ou sur le site des greffes.<\/p>\n","protected":false},"excerpt":{"rendered":"<p>Retrouvez sur cette page l&rsquo;int\u00e9gralit\u00e9 des informations qui concernent le greffe de Colmar que l&rsquo;on trouve dans le d\u00e9partement de [&hellip;]<\/p>\n","protected":false},"author":1,"featured_media":0,"parent":1759,"menu_order":0,"comment_status":"closed","ping_status":"closed","template":"","meta":{"inline_featured_image":false,"footnotes":""},"class_list":["post-1894","page","type-page","status-publish","hentry"],"yoast_head":"<!-- This site is optimized with the Yoast SEO plugin v26.8 - https:\/\/yoast.com\/product\/yoast-seo-wordpress\/ -->\n<title>Greffe du tribunal de commerce de Colmar - Actualit\u00e9 des entreprises<\/title>\n<meta name=\"robots\" content=\"index, follow, max-snippet:-1, max-image-preview:large, max-video-preview:-1\" \/>\n<link rel=\"canonical\" href=\"https:\/\/www.annonces-legales.org\/blog\/greffe\/greffe-du-tribunal-de-commerce-de-colmar\/\" \/>\n<meta property=\"og:locale\" content=\"fr_FR\" \/>\n<meta property=\"og:type\" content=\"article\" \/>\n<meta property=\"og:title\" content=\"Greffe du tribunal de commerce de Colmar - Actualit\u00e9 des entreprises\" \/>\n<meta property=\"og:description\" content=\"Retrouvez sur cette page l&rsquo;int\u00e9gralit\u00e9 des informations qui concernent le greffe de Colmar que l&rsquo;on trouve dans le d\u00e9partement de [&hellip;]\" \/>\n<meta property=\"og:url\" content=\"https:\/\/www.annonces-legales.org\/blog\/greffe\/greffe-du-tribunal-de-commerce-de-colmar\/\" \/>\n<meta property=\"og:site_name\" content=\"Actualit\u00e9 des entreprises\" \/>\n<meta property=\"article:modified_time\" content=\"2022-01-24T20:53:41+00:00\" \/>\n<meta name=\"twitter:card\" content=\"summary_large_image\" \/>\n<meta name=\"twitter:label1\" content=\"Dur\u00e9e de lecture estim\u00e9e\" \/>\n\t<meta name=\"twitter:data1\" content=\"1 minute\" \/>\n<script type=\"application\/ld+json\" class=\"yoast-schema-graph\">{\"@context\":\"https:\/\/schema.org\",\"@graph\":[{\"@type\":\"WebPage\",\"@id\":\"https:\/\/www.annonces-legales.org\/blog\/greffe\/greffe-du-tribunal-de-commerce-de-colmar\/\",\"url\":\"https:\/\/www.annonces-legales.org\/blog\/greffe\/greffe-du-tribunal-de-commerce-de-colmar\/\",\"name\":\"Greffe du tribunal de commerce de Colmar - Actualit\u00e9 des entreprises\",\"isPartOf\":{\"@id\":\"https:\/\/www.annonces-legales.org\/blog\/#website\"},\"datePublished\":\"2022-01-22T19:33:34+00:00\",\"dateModified\":\"2022-01-24T20:53:41+00:00\",\"breadcrumb\":{\"@id\":\"https:\/\/www.annonces-legales.org\/blog\/greffe\/greffe-du-tribunal-de-commerce-de-colmar\/#breadcrumb\"},\"inLanguage\":\"fr-FR\",\"potentialAction\":[{\"@type\":\"ReadAction\",\"target\":[\"https:\/\/www.annonces-legales.org\/blog\/greffe\/greffe-du-tribunal-de-commerce-de-colmar\/\"]}]},{\"@type\":\"BreadcrumbList\",\"@id\":\"https:\/\/www.annonces-legales.org\/blog\/greffe\/greffe-du-tribunal-de-commerce-de-colmar\/#breadcrumb\",\"itemListElement\":[{\"@type\":\"ListItem\",\"position\":1,\"name\":\"Accueil\",\"item\":\"https:\/\/www.annonces-legales.org\/blog\/\"},{\"@type\":\"ListItem\",\"position\":2,\"name\":\"Liste des Greffes des tribunaux de commerce\",\"item\":\"https:\/\/www.annonces-legales.org\/blog\/greffe\/\"},{\"@type\":\"ListItem\",\"position\":3,\"name\":\"Greffe du tribunal de commerce de Colmar\"}]},{\"@type\":\"WebSite\",\"@id\":\"https:\/\/www.annonces-legales.org\/blog\/#website\",\"url\":\"https:\/\/www.annonces-legales.org\/blog\/\",\"name\":\"Actualit\u00e9 des entreprises\",\"description\":\"\",\"publisher\":{\"@id\":\"https:\/\/www.annonces-legales.org\/blog\/#organization\"},\"potentialAction\":[{\"@type\":\"SearchAction\",\"target\":{\"@type\":\"EntryPoint\",\"urlTemplate\":\"https:\/\/www.annonces-legales.org\/blog\/?s={search_term_string}\"},\"query-input\":{\"@type\":\"PropertyValueSpecification\",\"valueRequired\":true,\"valueName\":\"search_term_string\"}}],\"inLanguage\":\"fr-FR\"},{\"@type\":\"Organization\",\"@id\":\"https:\/\/www.annonces-legales.org\/blog\/#organization\",\"name\":\"Actualit\u00e9 des entreprises\",\"url\":\"https:\/\/www.annonces-legales.org\/blog\/\",\"logo\":{\"@type\":\"ImageObject\",\"inLanguage\":\"fr-FR\",\"@id\":\"https:\/\/www.annonces-legales.org\/blog\/#\/schema\/logo\/image\/\",\"url\":\"https:\/\/www.annonces-legales.org\/blog\/wp-content\/uploads\/2023\/08\/annonces-legales.svg\",\"contentUrl\":\"https:\/\/www.annonces-legales.org\/blog\/wp-content\/uploads\/2023\/08\/annonces-legales.svg\",\"caption\":\"Actualit\u00e9 des entreprises\"},\"image\":{\"@id\":\"https:\/\/www.annonces-legales.org\/blog\/#\/schema\/logo\/image\/\"}}]}<\/script>\n<!-- \/ Yoast SEO plugin. -->","yoast_head_json":{"title":"Greffe du tribunal de commerce de Colmar - Actualit\u00e9 des entreprises","robots":{"index":"index","follow":"follow","max-snippet":"max-snippet:-1","max-image-preview":"max-image-preview:large","max-video-preview":"max-video-preview:-1"},"canonical":"https:\/\/www.annonces-legales.org\/blog\/greffe\/greffe-du-tribunal-de-commerce-de-colmar\/","og_locale":"fr_FR","og_type":"article","og_title":"Greffe du tribunal de commerce de Colmar - Actualit\u00e9 des entreprises","og_description":"Retrouvez sur cette page l&rsquo;int\u00e9gralit\u00e9 des informations qui concernent le greffe de Colmar que l&rsquo;on trouve dans le d\u00e9partement de [&hellip;]","og_url":"https:\/\/www.annonces-legales.org\/blog\/greffe\/greffe-du-tribunal-de-commerce-de-colmar\/","og_site_name":"Actualit\u00e9 des entreprises","article_modified_time":"2022-01-24T20:53:41+00:00","twitter_card":"summary_large_image","twitter_misc":{"Dur\u00e9e de lecture estim\u00e9e":"1 minute"},"schema":{"@context":"https:\/\/schema.org","@graph":[{"@type":"WebPage","@id":"https:\/\/www.annonces-legales.org\/blog\/greffe\/greffe-du-tribunal-de-commerce-de-colmar\/","url":"https:\/\/www.annonces-legales.org\/blog\/greffe\/greffe-du-tribunal-de-commerce-de-colmar\/","name":"Greffe du tribunal de commerce de Colmar - Actualit\u00e9 des entreprises","isPartOf":{"@id":"https:\/\/www.annonces-legales.org\/blog\/#website"},"datePublished":"2022-01-22T19:33:34+00:00","dateModified":"2022-01-24T20:53:41+00:00","breadcrumb":{"@id":"https:\/\/www.annonces-legales.org\/blog\/greffe\/greffe-du-tribunal-de-commerce-de-colmar\/#breadcrumb"},"inLanguage":"fr-FR","potentialAction":[{"@type":"ReadAction","target":["https:\/\/www.annonces-legales.org\/blog\/greffe\/greffe-du-tribunal-de-commerce-de-colmar\/"]}]},{"@type":"BreadcrumbList","@id":"https:\/\/www.annonces-legales.org\/blog\/greffe\/greffe-du-tribunal-de-commerce-de-colmar\/#breadcrumb","itemListElement":[{"@type":"ListItem","position":1,"name":"Accueil","item":"https:\/\/www.annonces-legales.org\/blog\/"},{"@type":"ListItem","position":2,"name":"Liste des Greffes des tribunaux de commerce","item":"https:\/\/www.annonces-legales.org\/blog\/greffe\/"},{"@type":"ListItem","position":3,"name":"Greffe du tribunal de commerce de Colmar"}]},{"@type":"WebSite","@id":"https:\/\/www.annonces-legales.org\/blog\/#website","url":"https:\/\/www.annonces-legales.org\/blog\/","name":"Actualit\u00e9 des entreprises","description":"","publisher":{"@id":"https:\/\/www.annonces-legales.org\/blog\/#organization"},"potentialAction":[{"@type":"SearchAction","target":{"@type":"EntryPoint","urlTemplate":"https:\/\/www.annonces-legales.org\/blog\/?s={search_term_string}"},"query-input":{"@type":"PropertyValueSpecification","valueRequired":true,"valueName":"search_term_string"}}],"inLanguage":"fr-FR"},{"@type":"Organization","@id":"https:\/\/www.annonces-legales.org\/blog\/#organization","name":"Actualit\u00e9 des entreprises","url":"https:\/\/www.annonces-legales.org\/blog\/","logo":{"@type":"ImageObject","inLanguage":"fr-FR","@id":"https:\/\/www.annonces-legales.org\/blog\/#\/schema\/logo\/image\/","url":"https:\/\/www.annonces-legales.org\/blog\/wp-content\/uploads\/2023\/08\/annonces-legales.svg","contentUrl":"https:\/\/www.annonces-legales.org\/blog\/wp-content\/uploads\/2023\/08\/annonces-legales.svg","caption":"Actualit\u00e9 des entreprises"},"image":{"@id":"https:\/\/www.annonces-legales.org\/blog\/#\/schema\/logo\/image\/"}}]}},"_links":{"self":[{"href":"https:\/\/www.annonces-legales.org\/blog\/wp-json\/wp\/v2\/pages\/1894","targetHints":{"allow":["GET"]}}],"collection":[{"href":"https:\/\/www.annonces-legales.org\/blog\/wp-json\/wp\/v2\/pages"}],"about":[{"href":"https:\/\/www.annonces-legales.org\/blog\/wp-json\/wp\/v2\/types\/page"}],"author":[{"embeddable":true,"href":"https:\/\/www.annonces-legales.org\/blog\/wp-json\/wp\/v2\/users\/1"}],"replies":[{"embeddable":true,"href":"https:\/\/www.annonces-legales.org\/blog\/wp-json\/wp\/v2\/comments?post=1894"}],"version-history":[{"count":4,"href":"https:\/\/www.annonces-legales.org\/blog\/wp-json\/wp\/v2\/pages\/1894\/revisions"}],"predecessor-version":[{"id":2321,"href":"https:\/\/www.annonces-legales.org\/blog\/wp-json\/wp\/v2\/pages\/1894\/revisions\/2321"}],"up":[{"embeddable":true,"href":"https:\/\/www.annonces-legales.org\/blog\/wp-json\/wp\/v2\/pages\/1759"}],"wp:attachment":[{"href":"https:\/\/www.annonces-legales.org\/blog\/wp-json\/wp\/v2\/media?parent=1894"}],"curies":[{"name":"wp","href":"https:\/\/api.w.org\/{rel}","templated":true}]}}

<p>Retrouvez sur cette page l&rsquo;intégralité des informations qui concernent le <strong>greffe de Colmar</strong> que l&rsquo;on trouve dans le département de Haut-Rhin.</p>
<p>&nbsp;</p>
<h2>Contact du greffe du tribunal de commerce de Colmar</h2>
<p><strong>Adresse</strong> : Registre Du Commerce &#8211; Bp 50466 10, Rue Des Augustins 68020 COLMAR CEDEX</p>
<p><div class="leaflet-map WPLeafletMap" style="height:250px; width:100%;"></div><script>
window.WPLeafletMapPlugin = window.WPLeafletMapPlugin || [];
window.WPLeafletMapPlugin.push(function WPLeafletMapShortcode() {/*<script>*/
var baseUrl = atob('aHR0cHM6Ly97c30udGlsZS5vcGVuc3RyZWV0bWFwLm9yZy97en0ve3h9L3t5fS5wbmc=');
var base = (!baseUrl && window.MQ) ?
    window.MQ.mapLayer() : L.tileLayer(baseUrl,
        L.Util.extend({}, {
            detectRetina: 0,
        },
        {"subdomains":"abc","noWrap":false,"maxZoom":20}        )
    );
    var options = L.Util.extend({}, {
        layers: [base],
        attributionControl: false
    },
    {"zoomControl":true,"scrollWheelZoom":false,"doubleClickZoom":false,"fitBounds":false,"minZoom":0,"maxZoom":20,"maxBounds":null,"attribution":""},
    {});
window.WPLeafletMapPlugin.createMap(options).setView([48.076351,7.35695],17);});</script> <script>
window.WPLeafletMapPlugin = window.WPLeafletMapPlugin || [];
window.WPLeafletMapPlugin.push(function WPLeafletMarkerShortcode() {/*<script>*/
var map = window.WPLeafletMapPlugin.getCurrentMap();
var group = window.WPLeafletMapPlugin.getCurrentGroup();
var marker_options = window.WPLeafletMapPlugin.getIconOptions({});
var marker = L.marker(
    [0,0],
    marker_options
);
var is_image = map.is_image_map;
    marker.setLatLng( map.getCenter() );
if (marker_options.draggable) {
    marker.on('dragend', function () {
        var latlng = this.getLatLng();
        var lat = latlng.lat;
        var lng = latlng.lng;
        if (is_image) {
            console.log('leaflet-marker y=' + lat + ' x=' + lng);
        } else {
            console.log('leaflet-marker lat=' + lat + ' lng=' + lng);
        }
    });
}
marker.addTo( group );
marker.bindPopup(window.WPLeafletMapPlugin.unescape(' Greffe du tribunal de commerce de Colmar ')).openPopup();window.WPLeafletMapPlugin.markers.push( marker );
        });</script></p>
<p>&nbsp;</p>
<h2>La mission du greffe de Colmar</h2>
<p>Le greffe du tribunal de commerce a pour objectif premier de recevoir et de valider toutes les inscriptions au <strong>registre du commerce et des sociétés</strong>. En effet, le RCS est une base de donnée que va tenir le greffe. Il s&rsquo;assure que toutes les données sont disponibles et authentiques. Pour chaque demande d&rsquo;immatriculation, cette administration officielle réalise l&rsquo;enregistrement et affecte à cette entreprise un numéro d&rsquo;enregistrement, le SIRET (avec le numéro de RCS).</p>
<p>Une autre tâche du greffe du tribunal de commerce de Colmar est d&rsquo;archiver et de diffuser des informations officielles concernant les commerces et entreprises du département. Le greffe du tribunal de commerce va ainsi étudier la conformité et la pertinence de la globalité des données indiquées dans les statuts des sociétés.</p>
<h2>La procédure d&rsquo;immatriculation</h2>
<p>Au moment de la formation de votre structure, il est vital d&rsquo;établir son inscription auprès du greffe du tribunal de commerce. Cette démarche peut être faite directement auprès du registre compétent ou sur le site des greffes.</p>

<p>Retrouvez sur cette page l&rsquo;intégralité des informations qui concernent le greffe de Colmar que l&rsquo;on trouve dans le département de [&hellip;]</p>

<!-- This site is optimized with the Yoast SEO plugin v26.8 - https://yoast.com/product/yoast-seo-wordpress/ -->
<title>Greffe du tribunal de commerce de Colmar - Actualité des entreprises</title>
<meta name="robots" content="index, follow, max-snippet:-1, max-image-preview:large, max-video-preview:-1" />
<link rel="canonical" href="https://www.annonces-legales.org/blog/greffe/greffe-du-tribunal-de-commerce-de-colmar/" />
<meta property="og:locale" content="fr_FR" />
<meta property="og:type" content="article" />
<meta property="og:title" content="Greffe du tribunal de commerce de Colmar - Actualité des entreprises" />
<meta property="og:description" content="Retrouvez sur cette page l&rsquo;intégralité des informations qui concernent le greffe de Colmar que l&rsquo;on trouve dans le département de [&hellip;]" />
<meta property="og:url" content="https://www.annonces-legales.org/blog/greffe/greffe-du-tribunal-de-commerce-de-colmar/" />
<meta property="og:site_name" content="Actualité des entreprises" />
<meta property="article:modified_time" content="2022-01-24T20:53:41+00:00" />
<meta name="twitter:card" content="summary_large_image" />
<meta name="twitter:label1" content="Durée de lecture estimée" />
	<meta name="twitter:data1" content="1 minute" />
<script type="application/ld+json" class="yoast-schema-graph">{"@context":"https://schema.org","@graph":[{"@type":"WebPage","@id":"https://www.annonces-legales.org/blog/greffe/greffe-du-tribunal-de-commerce-de-colmar/","url":"https://www.annonces-legales.org/blog/greffe/greffe-du-tribunal-de-commerce-de-colmar/","name":"Greffe du tribunal de commerce de Colmar - Actualité des entreprises","isPartOf":{"@id":"https://www.annonces-legales.org/blog/#website"},"datePublished":"2022-01-22T19:33:34+00:00","dateModified":"2022-01-24T20:53:41+00:00","breadcrumb":{"@id":"https://www.annonces-legales.org/blog/greffe/greffe-du-tribunal-de-commerce-de-colmar/#breadcrumb"},"inLanguage":"fr-FR","potentialAction":[{"@type":"ReadAction","target":["https://www.annonces-legales.org/blog/greffe/greffe-du-tribunal-de-commerce-de-colmar/"]}]},{"@type":"BreadcrumbList","@id":"https://www.annonces-legales.org/blog/greffe/greffe-du-tribunal-de-commerce-de-colmar/#breadcrumb","itemListElement":[{"@type":"ListItem","position":1,"name":"Accueil","item":"https://www.annonces-legales.org/blog/"},{"@type":"ListItem","position":2,"name":"Liste des Greffes des tribunaux de commerce","item":"https://www.annonces-legales.org/blog/greffe/"},{"@type":"ListItem","position":3,"name":"Greffe du tribunal de commerce de Colmar"}]},{"@type":"WebSite","@id":"https://www.annonces-legales.org/blog/#website","url":"https://www.annonces-legales.org/blog/","name":"Actualité des entreprises","description":"","publisher":{"@id":"https://www.annonces-legales.org/blog/#organization"},"potentialAction":[{"@type":"SearchAction","target":{"@type":"EntryPoint","urlTemplate":"https://www.annonces-legales.org/blog/?s={search_term_string}"},"query-input":{"@type":"PropertyValueSpecification","valueRequired":true,"valueName":"search_term_string"}}],"inLanguage":"fr-FR"},{"@type":"Organization","@id":"https://www.annonces-legales.org/blog/#organization","name":"Actualité des entreprises","url":"https://www.annonces-legales.org/blog/","logo":{"@type":"ImageObject","inLanguage":"fr-FR","@id":"https://www.annonces-legales.org/blog/#/schema/logo/image/","url":"https://www.annonces-legales.org/blog/wp-content/uploads/2023/08/annonces-legales.svg","contentUrl":"https://www.annonces-legales.org/blog/wp-content/uploads/2023/08/annonces-legales.svg","caption":"Actualité des entreprises"},"image":{"@id":"https://www.annonces-legales.org/blog/#/schema/logo/image/"}}]}</script>
<!-- / Yoast SEO plugin. -->

Greffe du tribunal de commerce de Colmar - Actualité des entreprises

Retrouvez sur cette page l&rsquo;intégralité des informations qui concernent le greffe de Colmar que l&rsquo;on trouve dans le département de [&hellip;]

Actualité des entreprises
