{"id":2016,"date":"2022-01-22T20:59:56","date_gmt":"2022-01-22T19:59:56","guid":{"rendered":"https:\/\/www.annonces-legales.org\/blog\/?page_id=2016"},"modified":"2022-01-31T17:45:40","modified_gmt":"2022-01-31T16:45:40","slug":"greffe-du-tribunal-de-commerce-de-quimper","status":"publish","type":"page","link":"https:\/\/www.annonces-legales.org\/blog\/greffe\/greffe-du-tribunal-de-commerce-de-quimper\/","title":{"rendered":"Greffe du tribunal de commerce de Quimper"},"content":{"rendered":"<p><img loading=\"lazy\" decoding=\"async\" class=\"alignleft wp-image-2423\" src=\"https:\/\/www.annonces-legales.org\/blog\/wp-content\/uploads\/2022\/01\/tribunal-150x150.png\" alt=\"\" width=\"90\" height=\"90\" \/>Le greffe du TC est indispensable pour le bon fonctionnement de l&rsquo;\u00e9conomie et des entreprises commerciales. Il va s&rsquo;occuper de l&rsquo;ensemble des formalit\u00e9s obligatoires pour les soci\u00e9t\u00e9s du Finist\u00e8re.<br \/>\nVous allez trouver ici la totalit\u00e9 des informations \u00e0 propos du <strong>greffe du TC de Quimper<\/strong> dans le d\u00e9partement du Finist\u00e8re .<\/p>\n<p>&nbsp;<\/p>\n<h2>Comment contacter le greffe ?<\/h2>\n<p>Adresse : <strong>4, Rue Du Palais 29000 QUIMPER<\/strong><\/p>\n<p><div class=\"leaflet-map WPLeafletMap\" style=\"height:250px; width:100%;\"><\/div><script>\nwindow.WPLeafletMapPlugin = window.WPLeafletMapPlugin || [];\nwindow.WPLeafletMapPlugin.push(function WPLeafletMapShortcode() {\/*<script>*\/\nvar baseUrl = atob('aHR0cHM6Ly97c30udGlsZS5vcGVuc3RyZWV0bWFwLm9yZy97en0ve3h9L3t5fS5wbmc=');\nvar base = (!baseUrl && window.MQ) ?\n    window.MQ.mapLayer() : L.tileLayer(baseUrl,\n        L.Util.extend({}, {\n            detectRetina: 0,\n        },\n        {\"subdomains\":\"abc\",\"noWrap\":false,\"maxZoom\":20}        )\n    );\n    var options = L.Util.extend({}, {\n        layers: [base],\n        attributionControl: false\n    },\n    {\"zoomControl\":true,\"scrollWheelZoom\":false,\"doubleClickZoom\":false,\"fitBounds\":false,\"minZoom\":0,\"maxZoom\":20,\"maxBounds\":null,\"attribution\":\"\"},\n    {});\nwindow.WPLeafletMapPlugin.createMap(options).setView([47.9937476,-4.1095589],17);});<\/script> <script>\nwindow.WPLeafletMapPlugin = window.WPLeafletMapPlugin || [];\nwindow.WPLeafletMapPlugin.push(function WPLeafletMarkerShortcode() {\/*<script>*\/\nvar map = window.WPLeafletMapPlugin.getCurrentMap();\nvar group = window.WPLeafletMapPlugin.getCurrentGroup();\nvar marker_options = window.WPLeafletMapPlugin.getIconOptions({});\nvar marker = L.marker(\n    [0,0],\n    marker_options\n);\nvar is_image = map.is_image_map;\n    marker.setLatLng( map.getCenter() );\nif (marker_options.draggable) {\n    marker.on('dragend', function () {\n        var latlng = this.getLatLng();\n        var lat = latlng.lat;\n        var lng = latlng.lng;\n        if (is_image) {\n            console.log('leaflet-marker y=' + lat + ' x=' + lng);\n        } else {\n            console.log('leaflet-marker lat=' + lat + ' lng=' + lng);\n        }\n    });\n}\nmarker.addTo( group );\nmarker.bindPopup(window.WPLeafletMapPlugin.unescape(' Greffe du tribunal de commerce de Quimper ')).openPopup();window.WPLeafletMapPlugin.markers.push( marker );\n        });<\/script><\/p>\n<p>Num\u00e9ro : <strong>02 98 55 42 47<\/strong><\/p>\n<p>Url : <em>www.greffe-tc-quimper.fr<\/em><\/p>\n<h2><\/h2>\n<h2>Horaires d&rsquo;ouverture du greffe du tribunal de commerce de Quimper<\/h2>\n<p>Le greffe de Quimper est ouvert tous les jours de la semaine entre 8h15 et 12h15 et entre 13h15 et 16h15.<\/p>\n<p>&nbsp;<\/p>\n<h2>Plus d&rsquo;informations sur le greffe du TC<\/h2>\n<p>Le greffe de Quimper est un secr\u00e9tariat officiel qui d\u00e9pend de la justice et donc du tribunal de commerce. Son r\u00f4le est de diriger les t\u00e2ches administratives du tribunal de Quimper. Il garantie le bon fonctionnement et la transparence des soci\u00e9t\u00e9s de nature commerciale.<\/p>\n<p>C&rsquo;est l&rsquo;entit\u00e9 qui va r\u00e9aliser l&rsquo;immatriculation des \u00e9tablissements, effectuer leur liquidation ou leur dissolution. Le TC de Quimper va \u00e9galement r\u00e9gir les litiges commerciaux entre les entreprises. Le greffe va \u00e9galement produire les registres du commerce et des soci\u00e9t\u00e9s de Quimper, le RCS. Le greffe du tribunal est en relation avec d&rsquo;autres organismes comme l&rsquo;Institut National des Statistiques \u00c9conomiques (Insee).<\/p>\n<p>&nbsp;<\/p>\n<h2>Comment immatriculer une soci\u00e9t\u00e9 aupr\u00e8s du greffe de Quimper ?<\/h2>\n<p>L&rsquo;enregistrement de l&rsquo;entreprise est la derni\u00e8re \u00e9tape de constitution avant le lancement officiel et le d\u00e9marrage des activit\u00e9s.<\/p>\n<p>Sans immatriculation, l&rsquo;entreprise ne peut pas acheter, vendre ou embaucher.<br \/>\nAvant de joindre le greffe pour finaliser l&rsquo;immatriculation de la soci\u00e9t\u00e9, il est important de bien avoir effectu\u00e9 les formalit\u00e9s appropri\u00e9es (signature des statuts de la soci\u00e9t\u00e9, <a href=\"https:\/\/www.annonces-legales.org\/blog\/avis-de-constitution\/\">insertion d&rsquo;un avis de constitution<\/a>, d\u00e9p\u00f4t du capital social&#8230;).<\/p>\n<p>Quand cela est fait, munissez vous de votre dossier complet et pr\u00e9sentez le au greffe. L&rsquo;enregistrement devrait \u00eatre tr\u00e8s rapide si le dossier est complet.<\/p>\n<p>&nbsp;<\/p>\n<h2>Les communes du ressort du greffe de Quimper<\/h2>\n<p>&nbsp;<\/p>\n<table class=\"tg table-striped container-fluid\">\n<tbody>\n<tr>\n<th>Code postal<\/th>\n<th>Commune<\/th>\n<\/tr>\n<tr>\n<td>29146<\/td>\n<td>Argol<\/td>\n<\/tr>\n<tr>\n<td>29130<\/td>\n<td>Arzano<\/td>\n<\/tr>\n<tr>\n<td>29113<\/td>\n<td>Audierne<\/td>\n<\/tr>\n<tr>\n<td>29114<\/td>\n<td>Bannalec<\/td>\n<\/tr>\n<tr>\n<td>29130<\/td>\n<td>Baye<\/td>\n<\/tr>\n<tr>\n<td>29118<\/td>\n<td>B\u00e9nodet<\/td>\n<\/tr>\n<tr>\n<td>29122<\/td>\n<td>Beuzec-Cap-Sizun<\/td>\n<\/tr>\n<tr>\n<td>29190<\/td>\n<td>Brasparts<\/td>\n<\/tr>\n<tr>\n<td>29218<\/td>\n<td>Brennilis<\/td>\n<\/tr>\n<tr>\n<td>29112<\/td>\n<td>Briec<\/td>\n<\/tr>\n<tr>\n<td>29129<\/td>\n<td>Camaret-sur-Mer<\/td>\n<\/tr>\n<tr>\n<td>29150<\/td>\n<td>Cast<\/td>\n<\/tr>\n<tr>\n<td>29150<\/td>\n<td>Ch\u00e2teaulin<\/td>\n<\/tr>\n<tr>\n<td>29119<\/td>\n<td>Ch\u00e2teauneuf-du-Faou<\/td>\n<\/tr>\n<tr>\n<td>29113<\/td>\n<td>Cl\u00e9den-Cap-Sizun<\/td>\n<\/tr>\n<tr>\n<td>29121<\/td>\n<td>Clohars-Carno\u00ebt<\/td>\n<\/tr>\n<tr>\n<td>29118<\/td>\n<td>Clohars-Fouesnant<\/td>\n<\/tr>\n<tr>\n<td>29126<\/td>\n<td>Collorec<\/td>\n<\/tr>\n<tr>\n<td>29120<\/td>\n<td>Combrit<\/td>\n<\/tr>\n<tr>\n<td>29110<\/td>\n<td>Concarneau<\/td>\n<\/tr>\n<tr>\n<td>29122<\/td>\n<td>Confort-Meilars<\/td>\n<\/tr>\n<tr>\n<td>29145<\/td>\n<td>Coray<\/td>\n<\/tr>\n<tr>\n<td>29160<\/td>\n<td>Crozon<\/td>\n<\/tr>\n<tr>\n<td>29150<\/td>\n<td>Din\u00e9ault<\/td>\n<\/tr>\n<tr>\n<td>29100<\/td>\n<td>Douarnenez<\/td>\n<\/tr>\n<tr>\n<td>29112<\/td>\n<td>Edern<\/td>\n<\/tr>\n<tr>\n<td>29145<\/td>\n<td>Elliant<\/td>\n<\/tr>\n<tr>\n<td>29500<\/td>\n<td>Ergu\u00e9-Gab\u00e9ric<\/td>\n<\/tr>\n<tr>\n<td>29113<\/td>\n<td>Esquibien<\/td>\n<\/tr>\n<tr>\n<td>29170<\/td>\n<td>Fouesnant<\/td>\n<\/tr>\n<tr>\n<td>29118<\/td>\n<td>Gouesnach<\/td>\n<\/tr>\n<tr>\n<td>29190<\/td>\n<td>Gou\u00e9zec<\/td>\n<\/tr>\n<tr>\n<td>29113<\/td>\n<td>Goulien<\/td>\n<\/tr>\n<tr>\n<td>29143<\/td>\n<td>Gourlizon<\/td>\n<\/tr>\n<tr>\n<td>29136<\/td>\n<td>Guengat<\/td>\n<\/tr>\n<tr>\n<td>29143<\/td>\n<td>Guiler-sur-Goyen<\/td>\n<\/tr>\n<tr>\n<td>29130<\/td>\n<td>Guilligomarc&rsquo;h<\/td>\n<\/tr>\n<tr>\n<td>29115<\/td>\n<td>Guilvinec<\/td>\n<\/tr>\n<tr>\n<td>29162<\/td>\n<td>\u00cele-de-Sein<\/td>\n<\/tr>\n<tr>\n<td>29157<\/td>\n<td>\u00cele-Tudy<\/td>\n<\/tr>\n<tr>\n<td>29100<\/td>\n<td>Kerlaz<\/td>\n<\/tr>\n<tr>\n<td>29133<\/td>\n<td>La For\u00eat-Fouesnant<\/td>\n<\/tr>\n<tr>\n<td>29126<\/td>\n<td>Landeleau<\/td>\n<\/tr>\n<tr>\n<td>29146<\/td>\n<td>Land\u00e9vennec<\/td>\n<\/tr>\n<tr>\n<td>29112<\/td>\n<td>Landr\u00e9varzec<\/td>\n<\/tr>\n<tr>\n<td>29112<\/td>\n<td>Landudal<\/td>\n<\/tr>\n<tr>\n<td>29143<\/td>\n<td>Landudec<\/td>\n<\/tr>\n<tr>\n<td>29112<\/td>\n<td>Langolen<\/td>\n<\/tr>\n<tr>\n<td>29190<\/td>\n<td>Lann\u00e9dern<\/td>\n<\/tr>\n<tr>\n<td>29160<\/td>\n<td>Lanv\u00e9oc<\/td>\n<\/tr>\n<tr>\n<td>29119<\/td>\n<td>Laz<\/td>\n<\/tr>\n<tr>\n<td>29190<\/td>\n<td>Le Clo\u00eetre-Pleyben<\/td>\n<\/tr>\n<tr>\n<td>29142<\/td>\n<td>Le Faou<\/td>\n<\/tr>\n<tr>\n<td>29100<\/td>\n<td>Le Juch<\/td>\n<\/tr>\n<tr>\n<td>29114<\/td>\n<td>Le Tr\u00e9voux<\/td>\n<\/tr>\n<tr>\n<td>29190<\/td>\n<td>Lennon<\/td>\n<\/tr>\n<tr>\n<td>29111<\/td>\n<td>Leuhan<\/td>\n<\/tr>\n<tr>\n<td>29136<\/td>\n<td>Locronan<\/td>\n<\/tr>\n<tr>\n<td>29125<\/td>\n<td>Loctudy<\/td>\n<\/tr>\n<tr>\n<td>29141<\/td>\n<td>Locunol\u00e9<\/td>\n<\/tr>\n<tr>\n<td>29117<\/td>\n<td>Lop\u00e9rec<\/td>\n<\/tr>\n<tr>\n<td>29126<\/td>\n<td>Loqueffret<\/td>\n<\/tr>\n<tr>\n<td>29190<\/td>\n<td>Lothey<\/td>\n<\/tr>\n<tr>\n<td>29122<\/td>\n<td>Mahalon<\/td>\n<\/tr>\n<tr>\n<td>29140<\/td>\n<td>Melgven<\/td>\n<\/tr>\n<tr>\n<td>29130<\/td>\n<td>Mellac<\/td>\n<\/tr>\n<tr>\n<td>29116<\/td>\n<td>Mo\u00eblan-sur-Mer<\/td>\n<\/tr>\n<tr>\n<td>29139<\/td>\n<td>N\u00e9vez<\/td>\n<\/tr>\n<tr>\n<td>29132<\/td>\n<td>Penmarch<\/td>\n<\/tr>\n<tr>\n<td>29143<\/td>\n<td>Peum\u00e9rit<\/td>\n<\/tr>\n<tr>\n<td>29170<\/td>\n<td>Pleuven<\/td>\n<\/tr>\n<tr>\n<td>29190<\/td>\n<td>Pleyben<\/td>\n<\/tr>\n<tr>\n<td>29138<\/td>\n<td>Plobannalec-Lesconil<\/td>\n<\/tr>\n<tr>\n<td>29127<\/td>\n<td>Plo\u00e9ven<\/td>\n<\/tr>\n<tr>\n<td>29143<\/td>\n<td>Plogastel-Saint-Germain<\/td>\n<\/tr>\n<tr>\n<td>29113<\/td>\n<td>Plogoff<\/td>\n<\/tr>\n<tr>\n<td>29136<\/td>\n<td>Plogonnec<\/td>\n<\/tr>\n<tr>\n<td>29700<\/td>\n<td>Plomelin<\/td>\n<\/tr>\n<tr>\n<td>29120<\/td>\n<td>Plomeur<\/td>\n<\/tr>\n<tr>\n<td>29127<\/td>\n<td>Plomodiern<\/td>\n<\/tr>\n<tr>\n<td>29143<\/td>\n<td>Plon\u00e9is<\/td>\n<\/tr>\n<tr>\n<td>29167<\/td>\n<td>Plon\u00e9our-Lanvern<\/td>\n<\/tr>\n<tr>\n<td>29126<\/td>\n<td>Plon\u00e9vez-du-Faou<\/td>\n<\/tr>\n<tr>\n<td>29127<\/td>\n<td>Plon\u00e9vez-Porzay<\/td>\n<\/tr>\n<tr>\n<td>29149<\/td>\n<td>Plouhinec<\/td>\n<\/tr>\n<tr>\n<td>29167<\/td>\n<td>Plovan<\/td>\n<\/tr>\n<tr>\n<td>29143<\/td>\n<td>Ploz\u00e9vet<\/td>\n<\/tr>\n<tr>\n<td>29700<\/td>\n<td>Pluguffan<\/td>\n<\/tr>\n<tr>\n<td>29123<\/td>\n<td>Pont-Aven<\/td>\n<\/tr>\n<tr>\n<td>29122<\/td>\n<td>Pont-Croix<\/td>\n<\/tr>\n<tr>\n<td>29117<\/td>\n<td>Pont-de-Buis-l\u00e8s-Quimerch<\/td>\n<\/tr>\n<tr>\n<td>29120<\/td>\n<td>Pont-l&rsquo;Abb\u00e9<\/td>\n<\/tr>\n<tr>\n<td>29150<\/td>\n<td>Port-Launay<\/td>\n<\/tr>\n<tr>\n<td>29100<\/td>\n<td>Pouldergat<\/td>\n<\/tr>\n<tr>\n<td>29143<\/td>\n<td>Pouldreuzic<\/td>\n<\/tr>\n<tr>\n<td>29100<\/td>\n<td>Poullan-sur-Mer<\/td>\n<\/tr>\n<tr>\n<td>29113<\/td>\n<td>Primelin<\/td>\n<\/tr>\n<tr>\n<td>29136<\/td>\n<td>Qu\u00e9m\u00e9n\u00e9ven<\/td>\n<\/tr>\n<tr>\n<td>29141<\/td>\n<td>Querrien<\/td>\n<\/tr>\n<tr>\n<td>29000<\/td>\n<\/tr>\n<tr>\n<td>29130<\/td>\n<td>Quimperl\u00e9<\/td>\n<\/tr>\n<tr>\n<td>29130<\/td>\n<td>R\u00e9den\u00e9<\/td>\n<\/tr>\n<tr>\n<td>29124<\/td>\n<td>Riec-sur-Belon<\/td>\n<\/tr>\n<tr>\n<td>29129<\/td>\n<td>Roscanvel<\/td>\n<\/tr>\n<tr>\n<td>29142<\/td>\n<td>Rosno\u00ebn<\/td>\n<\/tr>\n<tr>\n<td>29140<\/td>\n<td>Rosporden<\/td>\n<\/tr>\n<tr>\n<td>29150<\/td>\n<td>Saint-Coulitz<\/td>\n<\/tr>\n<tr>\n<td>29170<\/td>\n<td>Saint-\u00c9varzec<\/td>\n<\/tr>\n<tr>\n<td>29119<\/td>\n<td>Saint-Goazec<\/td>\n<\/tr>\n<tr>\n<td>29120<\/td>\n<td>Saint-Jean-Trolimon<\/td>\n<\/tr>\n<tr>\n<td>29127<\/td>\n<td>Saint-Nic<\/td>\n<\/tr>\n<tr>\n<td>29190<\/td>\n<td>Saint-Rivoal<\/td>\n<\/tr>\n<tr>\n<td>29117<\/td>\n<td>Saint-S\u00e9gal<\/td>\n<\/tr>\n<tr>\n<td>29119<\/td>\n<td>Saint-Thois<\/td>\n<\/tr>\n<tr>\n<td>29114<\/td>\n<td>Saint-Thurien<\/td>\n<\/tr>\n<tr>\n<td>29140<\/td>\n<td>Saint-Yvi<\/td>\n<\/tr>\n<tr>\n<td>29111<\/td>\n<td>Sca\u00ebr<\/td>\n<\/tr>\n<tr>\n<td>29146<\/td>\n<td>Telgruc-sur-Mer<\/td>\n<\/tr>\n<tr>\n<td>29140<\/td>\n<td>Tourch<\/td>\n<\/tr>\n<tr>\n<td>29115<\/td>\n<td>Treffiagat<\/td>\n<\/tr>\n<tr>\n<td>29146<\/td>\n<td>Tr\u00e9garvan<\/td>\n<\/tr>\n<tr>\n<td>29155<\/td>\n<td>Tr\u00e9gourez<\/td>\n<\/tr>\n<tr>\n<td>29167<\/td>\n<td>Tr\u00e9guennec<\/td>\n<\/tr>\n<tr>\n<td>29128<\/td>\n<td>Tr\u00e9gunc<\/td>\n<\/tr>\n<tr>\n<td>29120<\/td>\n<td>Tr\u00e9m\u00e9oc<\/td>\n<\/tr>\n<tr>\n<td>29130<\/td>\n<td>Tr\u00e9m\u00e9ven<\/td>\n<\/tr>\n<tr>\n<td>29167<\/td>\n<td>Tr\u00e9ogat<\/td>\n<\/tr>\n<\/tbody>\n<\/table>\n","protected":false},"excerpt":{"rendered":"<p>Le greffe du TC est indispensable pour le bon fonctionnement de l&rsquo;\u00e9conomie et des entreprises commerciales. Il va s&rsquo;occuper de [&hellip;]<\/p>\n","protected":false},"author":1,"featured_media":0,"parent":1759,"menu_order":0,"comment_status":"closed","ping_status":"closed","template":"","meta":{"inline_featured_image":false,"footnotes":""},"class_list":["post-2016","page","type-page","status-publish","hentry"],"yoast_head":"<!-- This site is optimized with the Yoast SEO plugin v26.8 - https:\/\/yoast.com\/product\/yoast-seo-wordpress\/ -->\n<title>Greffe du tribunal de commerce de Quimper - Actualit\u00e9 des entreprises<\/title>\n<meta name=\"robots\" content=\"index, follow, max-snippet:-1, max-image-preview:large, max-video-preview:-1\" \/>\n<link rel=\"canonical\" href=\"https:\/\/www.annonces-legales.org\/blog\/greffe\/greffe-du-tribunal-de-commerce-de-quimper\/\" \/>\n<meta property=\"og:locale\" content=\"fr_FR\" \/>\n<meta property=\"og:type\" content=\"article\" \/>\n<meta property=\"og:title\" content=\"Greffe du tribunal de commerce de Quimper - Actualit\u00e9 des entreprises\" \/>\n<meta property=\"og:description\" content=\"Le greffe du TC est indispensable pour le bon fonctionnement de l&rsquo;\u00e9conomie et des entreprises commerciales. Il va s&rsquo;occuper de [&hellip;]\" \/>\n<meta property=\"og:url\" content=\"https:\/\/www.annonces-legales.org\/blog\/greffe\/greffe-du-tribunal-de-commerce-de-quimper\/\" \/>\n<meta property=\"og:site_name\" content=\"Actualit\u00e9 des entreprises\" \/>\n<meta property=\"article:modified_time\" content=\"2022-01-31T16:45:40+00:00\" \/>\n<meta property=\"og:image\" content=\"https:\/\/www.annonces-legales.org\/blog\/wp-content\/uploads\/2022\/01\/tribunal.png\" \/>\n\t<meta property=\"og:image:width\" content=\"640\" \/>\n\t<meta property=\"og:image:height\" content=\"612\" \/>\n\t<meta property=\"og:image:type\" content=\"image\/png\" \/>\n<meta name=\"twitter:card\" content=\"summary_large_image\" \/>\n<meta name=\"twitter:label1\" content=\"Dur\u00e9e de lecture estim\u00e9e\" \/>\n\t<meta name=\"twitter:data1\" content=\"3 minutes\" \/>\n<script type=\"application\/ld+json\" class=\"yoast-schema-graph\">{\"@context\":\"https:\/\/schema.org\",\"@graph\":[{\"@type\":\"WebPage\",\"@id\":\"https:\/\/www.annonces-legales.org\/blog\/greffe\/greffe-du-tribunal-de-commerce-de-quimper\/\",\"url\":\"https:\/\/www.annonces-legales.org\/blog\/greffe\/greffe-du-tribunal-de-commerce-de-quimper\/\",\"name\":\"Greffe du tribunal de commerce de Quimper - Actualit\u00e9 des entreprises\",\"isPartOf\":{\"@id\":\"https:\/\/www.annonces-legales.org\/blog\/#website\"},\"primaryImageOfPage\":{\"@id\":\"https:\/\/www.annonces-legales.org\/blog\/greffe\/greffe-du-tribunal-de-commerce-de-quimper\/#primaryimage\"},\"image\":{\"@id\":\"https:\/\/www.annonces-legales.org\/blog\/greffe\/greffe-du-tribunal-de-commerce-de-quimper\/#primaryimage\"},\"thumbnailUrl\":\"https:\/\/www.annonces-legales.org\/blog\/wp-content\/uploads\/2022\/01\/tribunal-150x150.png\",\"datePublished\":\"2022-01-22T19:59:56+00:00\",\"dateModified\":\"2022-01-31T16:45:40+00:00\",\"breadcrumb\":{\"@id\":\"https:\/\/www.annonces-legales.org\/blog\/greffe\/greffe-du-tribunal-de-commerce-de-quimper\/#breadcrumb\"},\"inLanguage\":\"fr-FR\",\"potentialAction\":[{\"@type\":\"ReadAction\",\"target\":[\"https:\/\/www.annonces-legales.org\/blog\/greffe\/greffe-du-tribunal-de-commerce-de-quimper\/\"]}]},{\"@type\":\"ImageObject\",\"inLanguage\":\"fr-FR\",\"@id\":\"https:\/\/www.annonces-legales.org\/blog\/greffe\/greffe-du-tribunal-de-commerce-de-quimper\/#primaryimage\",\"url\":\"https:\/\/www.annonces-legales.org\/blog\/wp-content\/uploads\/2022\/01\/tribunal.png\",\"contentUrl\":\"https:\/\/www.annonces-legales.org\/blog\/wp-content\/uploads\/2022\/01\/tribunal.png\",\"width\":640,\"height\":612},{\"@type\":\"BreadcrumbList\",\"@id\":\"https:\/\/www.annonces-legales.org\/blog\/greffe\/greffe-du-tribunal-de-commerce-de-quimper\/#breadcrumb\",\"itemListElement\":[{\"@type\":\"ListItem\",\"position\":1,\"name\":\"Accueil\",\"item\":\"https:\/\/www.annonces-legales.org\/blog\/\"},{\"@type\":\"ListItem\",\"position\":2,\"name\":\"Liste des Greffes des tribunaux de commerce\",\"item\":\"https:\/\/www.annonces-legales.org\/blog\/greffe\/\"},{\"@type\":\"ListItem\",\"position\":3,\"name\":\"Greffe du tribunal de commerce de Quimper\"}]},{\"@type\":\"WebSite\",\"@id\":\"https:\/\/www.annonces-legales.org\/blog\/#website\",\"url\":\"https:\/\/www.annonces-legales.org\/blog\/\",\"name\":\"Actualit\u00e9 des entreprises\",\"description\":\"\",\"publisher\":{\"@id\":\"https:\/\/www.annonces-legales.org\/blog\/#organization\"},\"potentialAction\":[{\"@type\":\"SearchAction\",\"target\":{\"@type\":\"EntryPoint\",\"urlTemplate\":\"https:\/\/www.annonces-legales.org\/blog\/?s={search_term_string}\"},\"query-input\":{\"@type\":\"PropertyValueSpecification\",\"valueRequired\":true,\"valueName\":\"search_term_string\"}}],\"inLanguage\":\"fr-FR\"},{\"@type\":\"Organization\",\"@id\":\"https:\/\/www.annonces-legales.org\/blog\/#organization\",\"name\":\"Actualit\u00e9 des entreprises\",\"url\":\"https:\/\/www.annonces-legales.org\/blog\/\",\"logo\":{\"@type\":\"ImageObject\",\"inLanguage\":\"fr-FR\",\"@id\":\"https:\/\/www.annonces-legales.org\/blog\/#\/schema\/logo\/image\/\",\"url\":\"https:\/\/www.annonces-legales.org\/blog\/wp-content\/uploads\/2023\/08\/annonces-legales.svg\",\"contentUrl\":\"https:\/\/www.annonces-legales.org\/blog\/wp-content\/uploads\/2023\/08\/annonces-legales.svg\",\"caption\":\"Actualit\u00e9 des entreprises\"},\"image\":{\"@id\":\"https:\/\/www.annonces-legales.org\/blog\/#\/schema\/logo\/image\/\"}}]}<\/script>\n<!-- \/ Yoast SEO plugin. -->","yoast_head_json":{"title":"Greffe du tribunal de commerce de Quimper - Actualit\u00e9 des entreprises","robots":{"index":"index","follow":"follow","max-snippet":"max-snippet:-1","max-image-preview":"max-image-preview:large","max-video-preview":"max-video-preview:-1"},"canonical":"https:\/\/www.annonces-legales.org\/blog\/greffe\/greffe-du-tribunal-de-commerce-de-quimper\/","og_locale":"fr_FR","og_type":"article","og_title":"Greffe du tribunal de commerce de Quimper - Actualit\u00e9 des entreprises","og_description":"Le greffe du TC est indispensable pour le bon fonctionnement de l&rsquo;\u00e9conomie et des entreprises commerciales. Il va s&rsquo;occuper de [&hellip;]","og_url":"https:\/\/www.annonces-legales.org\/blog\/greffe\/greffe-du-tribunal-de-commerce-de-quimper\/","og_site_name":"Actualit\u00e9 des entreprises","article_modified_time":"2022-01-31T16:45:40+00:00","og_image":[{"width":640,"height":612,"url":"https:\/\/www.annonces-legales.org\/blog\/wp-content\/uploads\/2022\/01\/tribunal.png","type":"image\/png"}],"twitter_card":"summary_large_image","twitter_misc":{"Dur\u00e9e de lecture estim\u00e9e":"3 minutes"},"schema":{"@context":"https:\/\/schema.org","@graph":[{"@type":"WebPage","@id":"https:\/\/www.annonces-legales.org\/blog\/greffe\/greffe-du-tribunal-de-commerce-de-quimper\/","url":"https:\/\/www.annonces-legales.org\/blog\/greffe\/greffe-du-tribunal-de-commerce-de-quimper\/","name":"Greffe du tribunal de commerce de Quimper - Actualit\u00e9 des entreprises","isPartOf":{"@id":"https:\/\/www.annonces-legales.org\/blog\/#website"},"primaryImageOfPage":{"@id":"https:\/\/www.annonces-legales.org\/blog\/greffe\/greffe-du-tribunal-de-commerce-de-quimper\/#primaryimage"},"image":{"@id":"https:\/\/www.annonces-legales.org\/blog\/greffe\/greffe-du-tribunal-de-commerce-de-quimper\/#primaryimage"},"thumbnailUrl":"https:\/\/www.annonces-legales.org\/blog\/wp-content\/uploads\/2022\/01\/tribunal-150x150.png","datePublished":"2022-01-22T19:59:56+00:00","dateModified":"2022-01-31T16:45:40+00:00","breadcrumb":{"@id":"https:\/\/www.annonces-legales.org\/blog\/greffe\/greffe-du-tribunal-de-commerce-de-quimper\/#breadcrumb"},"inLanguage":"fr-FR","potentialAction":[{"@type":"ReadAction","target":["https:\/\/www.annonces-legales.org\/blog\/greffe\/greffe-du-tribunal-de-commerce-de-quimper\/"]}]},{"@type":"ImageObject","inLanguage":"fr-FR","@id":"https:\/\/www.annonces-legales.org\/blog\/greffe\/greffe-du-tribunal-de-commerce-de-quimper\/#primaryimage","url":"https:\/\/www.annonces-legales.org\/blog\/wp-content\/uploads\/2022\/01\/tribunal.png","contentUrl":"https:\/\/www.annonces-legales.org\/blog\/wp-content\/uploads\/2022\/01\/tribunal.png","width":640,"height":612},{"@type":"BreadcrumbList","@id":"https:\/\/www.annonces-legales.org\/blog\/greffe\/greffe-du-tribunal-de-commerce-de-quimper\/#breadcrumb","itemListElement":[{"@type":"ListItem","position":1,"name":"Accueil","item":"https:\/\/www.annonces-legales.org\/blog\/"},{"@type":"ListItem","position":2,"name":"Liste des Greffes des tribunaux de commerce","item":"https:\/\/www.annonces-legales.org\/blog\/greffe\/"},{"@type":"ListItem","position":3,"name":"Greffe du tribunal de commerce de Quimper"}]},{"@type":"WebSite","@id":"https:\/\/www.annonces-legales.org\/blog\/#website","url":"https:\/\/www.annonces-legales.org\/blog\/","name":"Actualit\u00e9 des entreprises","description":"","publisher":{"@id":"https:\/\/www.annonces-legales.org\/blog\/#organization"},"potentialAction":[{"@type":"SearchAction","target":{"@type":"EntryPoint","urlTemplate":"https:\/\/www.annonces-legales.org\/blog\/?s={search_term_string}"},"query-input":{"@type":"PropertyValueSpecification","valueRequired":true,"valueName":"search_term_string"}}],"inLanguage":"fr-FR"},{"@type":"Organization","@id":"https:\/\/www.annonces-legales.org\/blog\/#organization","name":"Actualit\u00e9 des entreprises","url":"https:\/\/www.annonces-legales.org\/blog\/","logo":{"@type":"ImageObject","inLanguage":"fr-FR","@id":"https:\/\/www.annonces-legales.org\/blog\/#\/schema\/logo\/image\/","url":"https:\/\/www.annonces-legales.org\/blog\/wp-content\/uploads\/2023\/08\/annonces-legales.svg","contentUrl":"https:\/\/www.annonces-legales.org\/blog\/wp-content\/uploads\/2023\/08\/annonces-legales.svg","caption":"Actualit\u00e9 des entreprises"},"image":{"@id":"https:\/\/www.annonces-legales.org\/blog\/#\/schema\/logo\/image\/"}}]}},"_links":{"self":[{"href":"https:\/\/www.annonces-legales.org\/blog\/wp-json\/wp\/v2\/pages\/2016","targetHints":{"allow":["GET"]}}],"collection":[{"href":"https:\/\/www.annonces-legales.org\/blog\/wp-json\/wp\/v2\/pages"}],"about":[{"href":"https:\/\/www.annonces-legales.org\/blog\/wp-json\/wp\/v2\/types\/page"}],"author":[{"embeddable":true,"href":"https:\/\/www.annonces-legales.org\/blog\/wp-json\/wp\/v2\/users\/1"}],"replies":[{"embeddable":true,"href":"https:\/\/www.annonces-legales.org\/blog\/wp-json\/wp\/v2\/comments?post=2016"}],"version-history":[{"count":3,"href":"https:\/\/www.annonces-legales.org\/blog\/wp-json\/wp\/v2\/pages\/2016\/revisions"}],"predecessor-version":[{"id":2498,"href":"https:\/\/www.annonces-legales.org\/blog\/wp-json\/wp\/v2\/pages\/2016\/revisions\/2498"}],"up":[{"embeddable":true,"href":"https:\/\/www.annonces-legales.org\/blog\/wp-json\/wp\/v2\/pages\/1759"}],"wp:attachment":[{"href":"https:\/\/www.annonces-legales.org\/blog\/wp-json\/wp\/v2\/media?parent=2016"}],"curies":[{"name":"wp","href":"https:\/\/api.w.org\/{rel}","templated":true}]}}