{"id":365,"date":"2021-09-01T16:56:24","date_gmt":"2021-09-01T14:56:24","guid":{"rendered":"https:\/\/www.annonces-legales.org\/blog\/?page_id=365"},"modified":"2022-01-26T11:48:09","modified_gmt":"2022-01-26T10:48:09","slug":"eco-de-lain","status":"publish","type":"page","link":"https:\/\/www.annonces-legales.org\/blog\/eco-de-lain\/","title":{"rendered":"Eco de l&rsquo;Ain"},"content":{"rendered":"<h2>Journal d&rsquo;annonces l\u00e9gales Eco de l&rsquo;Ain<\/h2>\n<p>Le <strong>journal Eco de l&rsquo;Ain<\/strong> vous relate toutes les actualit\u00e9s \u00e9conomiques politiques et g\u00e9n\u00e9ralistes du d\u00e9partement de l&rsquo;Ain (01). Le journal analyse et donne des informations de mani\u00e8re ind\u00e9pendante.<br \/>\nLa soci\u00e9t\u00e9 \u00e9ditrice du journal, le groupe <strong>EcoMedia<\/strong>, publie \u00e9galement un journal similaire dans le d\u00e9partement de la Savoie: L&rsquo;Eco Savoie Mont Blanc.<\/p>\n<p>&nbsp;<\/p>\n<p><img loading=\"lazy\" decoding=\"async\" class=\"aligncenter size-full wp-image-367\" src=\"https:\/\/www.annonces-legales.org\/blog\/wp-content\/uploads\/2021\/09\/ecodelain.png\" alt=\"\" width=\"400\" height=\"335\" srcset=\"https:\/\/www.annonces-legales.org\/blog\/wp-content\/uploads\/2021\/09\/ecodelain.png 400w, https:\/\/www.annonces-legales.org\/blog\/wp-content\/uploads\/2021\/09\/ecodelain-300x251.png 300w\" sizes=\"auto, (max-width: 400px) 100vw, 400px\" \/><\/p>\n<h3><\/h3>\n<h3>Publier une annonce l\u00e9gale dans le 01<\/h3>\n<p>Si vous souhaitez publier une annonce l\u00e9gale, vous pouvez utiliser <strong>diff\u00e9rents journaux habilit\u00e9s<\/strong>.<\/p>\n<p>Avec notre plateforme, vous pouvez comparer simplement les tarifs entre diff\u00e9rents journaux. Pour cela, il suffit de vous rendre sur la <a href=\"https:\/\/www.annonces-legales.org\/publication-annonce-legale.html\">page de publication JAL<\/a>.<\/p>\n<p>&nbsp;<\/p>\n<h3>L&rsquo;origine du journal Eco de l&rsquo;Ain<\/h3>\n<p>L&rsquo;Eco de l&rsquo;Ain est le plus vieux journal du d\u00e9partement. Il a \u00e9t\u00e9 cr\u00e9\u00e9 en 1821 et s&rsquo;appelait \u00e0 cette \u00e9poque le <strong>Courrier de l&rsquo;Ain<\/strong>. Interdit pendant un moment suite \u00e0 la seconde guerre mondiale, sous la vision de Gilbert Coltice, il devient dans les ann\u00e9es 50 un quotidien d&rsquo;information g\u00e9n\u00e9raliste.<\/p>\n<p>Le journal prosp\u00e8re dans les ann\u00e9es 70 et lance de nouveaux journaux comme par exemple le Tr\u00e9voux Libre. malheureusement, le journal fait faillite et d\u00e9pose le bilan en 1983 quelques ann\u00e9es apr\u00e8s la mort de Gilbert Coltice.<\/p>\n<p>La fermeture du plus vieux journal fait parler et un reprenneur parisien reprend le journal pour quelques ann\u00e9es avant de subir un redressement judiciaire \u00e0 la fin des ann\u00e9es 80.<\/p>\n<p>Suite \u00e0 cette deuxi\u00e8me faillite, les descendants de Gilbert Coltice d\u00e9cide de reprendre le journal en cr\u00e9ant une nouvelle formule : le journal devient hebdomadaire et traitera uniquement de l&rsquo;actualit\u00e9 \u00e9conomique. Il prend alors plusieurs noms : courrier expansion, puis courrier \u00e9conomie. Le journal trouve alors son public et devient un v\u00e9ritable succ\u00e8s.<\/p>\n<p>Le journal est donc une affaire familiale avec<strong> St\u00e9phane Coltice<\/strong> \u00e0 sa t\u00eate. Depuis 2014, le journal a beaucoup \u00e9volu\u00e9. Il s&rsquo;appelle d\u00e9sormais L&rsquo;Eco de L&rsquo;Ain, para\u00eet tous les jeudis et contient 32 pages d&rsquo;informations \u00e9conomiques sur le d\u00e9partement. Le journal est lu par un grand nombre d&rsquo;entreprises de l&rsquo;Ain. Le journal poss\u00e8de d\u00e9sormais son propre site internet qui permet de <strong>publier des annonces l\u00e9gales<\/strong>.<\/p>\n<h3><\/h3>\n<h3>Autres informations<\/h3>\n<p>Sur le site Internet, les anciens num\u00e9ros sont disponibles pour 8 euros par exemplaire. Un hors-s\u00e9rie (environ 100 pages) peut co\u00fbter jusqu&rsquo;\u00e0 12 \u20ac. Il est aussi possible de s&rsquo;abonner sur le site pour 4,90 \u20ac par mois ou 59 \u20ac par an. Cela vous donne acc\u00e8s au journal en format digital et un format papier. Avec cet abonnement, vous aurez \u00e9galement les num\u00e9ros hors-s\u00e9rie.<\/p>\n<p>L&rsquo;adresse du journal est 7 rue G\u00e9n\u00e9ral Debeney 01000 Bourg-en-Bresse. le num\u00e9ro du journal et les 04 37 62 12 12. le journal peut \u00eatre contact\u00e9 par mail : accueil@eco-ain.fr<\/p>\n<p>Le journal a \u00e9t\u00e9 cr\u00e9\u00e9 sous la forme d&rsquo;une soci\u00e9t\u00e9 anonyme simplifi\u00e9e unipersonnelle dans le capital et de 53\u00a0357 \u20ac. L&rsquo;entreprise est enregistr\u00e9e au registre du commerce et des soci\u00e9t\u00e9s de Bourg-en-Bresse (SIREN 340 863 216).<\/p>\n","protected":false},"excerpt":{"rendered":"<p>Journal d&rsquo;annonces l\u00e9gales Eco de l&rsquo;Ain Le journal Eco de l&rsquo;Ain vous relate toutes les actualit\u00e9s \u00e9conomiques politiques et g\u00e9n\u00e9ralistes [&hellip;]<\/p>\n","protected":false},"author":1,"featured_media":0,"parent":351,"menu_order":0,"comment_status":"closed","ping_status":"closed","template":"","meta":{"inline_featured_image":false,"footnotes":""},"class_list":["post-365","page","type-page","status-publish","hentry"],"yoast_head":"<!-- This site is optimized with the Yoast SEO plugin v26.8 - https:\/\/yoast.com\/product\/yoast-seo-wordpress\/ -->\n<title>Eco de l&#039;Ain - Actualit\u00e9 des entreprises<\/title>\n<meta name=\"robots\" content=\"index, follow, max-snippet:-1, max-image-preview:large, max-video-preview:-1\" \/>\n<link rel=\"canonical\" href=\"https:\/\/www.annonces-legales.org\/blog\/eco-de-lain\/\" \/>\n<meta property=\"og:locale\" content=\"fr_FR\" \/>\n<meta property=\"og:type\" content=\"article\" \/>\n<meta property=\"og:title\" content=\"Eco de l&#039;Ain - Actualit\u00e9 des entreprises\" \/>\n<meta property=\"og:description\" content=\"Journal d&rsquo;annonces l\u00e9gales Eco de l&rsquo;Ain Le journal Eco de l&rsquo;Ain vous relate toutes les actualit\u00e9s \u00e9conomiques politiques et g\u00e9n\u00e9ralistes [&hellip;]\" \/>\n<meta property=\"og:url\" content=\"https:\/\/www.annonces-legales.org\/blog\/eco-de-lain\/\" \/>\n<meta property=\"og:site_name\" content=\"Actualit\u00e9 des entreprises\" \/>\n<meta property=\"article:modified_time\" content=\"2022-01-26T10:48:09+00:00\" \/>\n<meta property=\"og:image\" content=\"https:\/\/www.annonces-legales.org\/blog\/wp-content\/uploads\/2021\/09\/ecodelain.png\" \/>\n\t<meta property=\"og:image:width\" content=\"400\" \/>\n\t<meta property=\"og:image:height\" content=\"335\" \/>\n\t<meta property=\"og:image:type\" content=\"image\/png\" \/>\n<meta name=\"twitter:card\" content=\"summary_large_image\" \/>\n<meta name=\"twitter:label1\" content=\"Dur\u00e9e de lecture estim\u00e9e\" \/>\n\t<meta name=\"twitter:data1\" content=\"2 minutes\" \/>\n<script type=\"application\/ld+json\" class=\"yoast-schema-graph\">{\"@context\":\"https:\/\/schema.org\",\"@graph\":[{\"@type\":\"WebPage\",\"@id\":\"https:\/\/www.annonces-legales.org\/blog\/eco-de-lain\/\",\"url\":\"https:\/\/www.annonces-legales.org\/blog\/eco-de-lain\/\",\"name\":\"Eco de l'Ain - Actualit\u00e9 des entreprises\",\"isPartOf\":{\"@id\":\"https:\/\/www.annonces-legales.org\/blog\/#website\"},\"primaryImageOfPage\":{\"@id\":\"https:\/\/www.annonces-legales.org\/blog\/eco-de-lain\/#primaryimage\"},\"image\":{\"@id\":\"https:\/\/www.annonces-legales.org\/blog\/eco-de-lain\/#primaryimage\"},\"thumbnailUrl\":\"https:\/\/www.annonces-legales.org\/blog\/wp-content\/uploads\/2021\/09\/ecodelain.png\",\"datePublished\":\"2021-09-01T14:56:24+00:00\",\"dateModified\":\"2022-01-26T10:48:09+00:00\",\"breadcrumb\":{\"@id\":\"https:\/\/www.annonces-legales.org\/blog\/eco-de-lain\/#breadcrumb\"},\"inLanguage\":\"fr-FR\",\"potentialAction\":[{\"@type\":\"ReadAction\",\"target\":[\"https:\/\/www.annonces-legales.org\/blog\/eco-de-lain\/\"]}]},{\"@type\":\"ImageObject\",\"inLanguage\":\"fr-FR\",\"@id\":\"https:\/\/www.annonces-legales.org\/blog\/eco-de-lain\/#primaryimage\",\"url\":\"https:\/\/www.annonces-legales.org\/blog\/wp-content\/uploads\/2021\/09\/ecodelain.png\",\"contentUrl\":\"https:\/\/www.annonces-legales.org\/blog\/wp-content\/uploads\/2021\/09\/ecodelain.png\",\"width\":400,\"height\":335},{\"@type\":\"BreadcrumbList\",\"@id\":\"https:\/\/www.annonces-legales.org\/blog\/eco-de-lain\/#breadcrumb\",\"itemListElement\":[{\"@type\":\"ListItem\",\"position\":1,\"name\":\"Accueil\",\"item\":\"https:\/\/www.annonces-legales.org\/blog\/\"},{\"@type\":\"ListItem\",\"position\":2,\"name\":\"Liste des journaux habilit\u00e9s \u00e0 publier des annonces l\u00e9gales\",\"item\":\"https:\/\/www.annonces-legales.org\/blog\/liste-des-journaux-habilites-a-publier-des-annonces-legales\/\"},{\"@type\":\"ListItem\",\"position\":3,\"name\":\"Eco de l&rsquo;Ain\"}]},{\"@type\":\"WebSite\",\"@id\":\"https:\/\/www.annonces-legales.org\/blog\/#website\",\"url\":\"https:\/\/www.annonces-legales.org\/blog\/\",\"name\":\"Actualit\u00e9 des entreprises\",\"description\":\"\",\"publisher\":{\"@id\":\"https:\/\/www.annonces-legales.org\/blog\/#organization\"},\"potentialAction\":[{\"@type\":\"SearchAction\",\"target\":{\"@type\":\"EntryPoint\",\"urlTemplate\":\"https:\/\/www.annonces-legales.org\/blog\/?s={search_term_string}\"},\"query-input\":{\"@type\":\"PropertyValueSpecification\",\"valueRequired\":true,\"valueName\":\"search_term_string\"}}],\"inLanguage\":\"fr-FR\"},{\"@type\":\"Organization\",\"@id\":\"https:\/\/www.annonces-legales.org\/blog\/#organization\",\"name\":\"Actualit\u00e9 des entreprises\",\"url\":\"https:\/\/www.annonces-legales.org\/blog\/\",\"logo\":{\"@type\":\"ImageObject\",\"inLanguage\":\"fr-FR\",\"@id\":\"https:\/\/www.annonces-legales.org\/blog\/#\/schema\/logo\/image\/\",\"url\":\"https:\/\/www.annonces-legales.org\/blog\/wp-content\/uploads\/2023\/08\/annonces-legales.svg\",\"contentUrl\":\"https:\/\/www.annonces-legales.org\/blog\/wp-content\/uploads\/2023\/08\/annonces-legales.svg\",\"caption\":\"Actualit\u00e9 des entreprises\"},\"image\":{\"@id\":\"https:\/\/www.annonces-legales.org\/blog\/#\/schema\/logo\/image\/\"}}]}<\/script>\n<!-- \/ Yoast SEO plugin. -->","yoast_head_json":{"title":"Eco de l'Ain - Actualit\u00e9 des entreprises","robots":{"index":"index","follow":"follow","max-snippet":"max-snippet:-1","max-image-preview":"max-image-preview:large","max-video-preview":"max-video-preview:-1"},"canonical":"https:\/\/www.annonces-legales.org\/blog\/eco-de-lain\/","og_locale":"fr_FR","og_type":"article","og_title":"Eco de l'Ain - Actualit\u00e9 des entreprises","og_description":"Journal d&rsquo;annonces l\u00e9gales Eco de l&rsquo;Ain Le journal Eco de l&rsquo;Ain vous relate toutes les actualit\u00e9s \u00e9conomiques politiques et g\u00e9n\u00e9ralistes [&hellip;]","og_url":"https:\/\/www.annonces-legales.org\/blog\/eco-de-lain\/","og_site_name":"Actualit\u00e9 des entreprises","article_modified_time":"2022-01-26T10:48:09+00:00","og_image":[{"width":400,"height":335,"url":"https:\/\/www.annonces-legales.org\/blog\/wp-content\/uploads\/2021\/09\/ecodelain.png","type":"image\/png"}],"twitter_card":"summary_large_image","twitter_misc":{"Dur\u00e9e de lecture estim\u00e9e":"2 minutes"},"schema":{"@context":"https:\/\/schema.org","@graph":[{"@type":"WebPage","@id":"https:\/\/www.annonces-legales.org\/blog\/eco-de-lain\/","url":"https:\/\/www.annonces-legales.org\/blog\/eco-de-lain\/","name":"Eco de l'Ain - Actualit\u00e9 des entreprises","isPartOf":{"@id":"https:\/\/www.annonces-legales.org\/blog\/#website"},"primaryImageOfPage":{"@id":"https:\/\/www.annonces-legales.org\/blog\/eco-de-lain\/#primaryimage"},"image":{"@id":"https:\/\/www.annonces-legales.org\/blog\/eco-de-lain\/#primaryimage"},"thumbnailUrl":"https:\/\/www.annonces-legales.org\/blog\/wp-content\/uploads\/2021\/09\/ecodelain.png","datePublished":"2021-09-01T14:56:24+00:00","dateModified":"2022-01-26T10:48:09+00:00","breadcrumb":{"@id":"https:\/\/www.annonces-legales.org\/blog\/eco-de-lain\/#breadcrumb"},"inLanguage":"fr-FR","potentialAction":[{"@type":"ReadAction","target":["https:\/\/www.annonces-legales.org\/blog\/eco-de-lain\/"]}]},{"@type":"ImageObject","inLanguage":"fr-FR","@id":"https:\/\/www.annonces-legales.org\/blog\/eco-de-lain\/#primaryimage","url":"https:\/\/www.annonces-legales.org\/blog\/wp-content\/uploads\/2021\/09\/ecodelain.png","contentUrl":"https:\/\/www.annonces-legales.org\/blog\/wp-content\/uploads\/2021\/09\/ecodelain.png","width":400,"height":335},{"@type":"BreadcrumbList","@id":"https:\/\/www.annonces-legales.org\/blog\/eco-de-lain\/#breadcrumb","itemListElement":[{"@type":"ListItem","position":1,"name":"Accueil","item":"https:\/\/www.annonces-legales.org\/blog\/"},{"@type":"ListItem","position":2,"name":"Liste des journaux habilit\u00e9s \u00e0 publier des annonces l\u00e9gales","item":"https:\/\/www.annonces-legales.org\/blog\/liste-des-journaux-habilites-a-publier-des-annonces-legales\/"},{"@type":"ListItem","position":3,"name":"Eco de l&rsquo;Ain"}]},{"@type":"WebSite","@id":"https:\/\/www.annonces-legales.org\/blog\/#website","url":"https:\/\/www.annonces-legales.org\/blog\/","name":"Actualit\u00e9 des entreprises","description":"","publisher":{"@id":"https:\/\/www.annonces-legales.org\/blog\/#organization"},"potentialAction":[{"@type":"SearchAction","target":{"@type":"EntryPoint","urlTemplate":"https:\/\/www.annonces-legales.org\/blog\/?s={search_term_string}"},"query-input":{"@type":"PropertyValueSpecification","valueRequired":true,"valueName":"search_term_string"}}],"inLanguage":"fr-FR"},{"@type":"Organization","@id":"https:\/\/www.annonces-legales.org\/blog\/#organization","name":"Actualit\u00e9 des entreprises","url":"https:\/\/www.annonces-legales.org\/blog\/","logo":{"@type":"ImageObject","inLanguage":"fr-FR","@id":"https:\/\/www.annonces-legales.org\/blog\/#\/schema\/logo\/image\/","url":"https:\/\/www.annonces-legales.org\/blog\/wp-content\/uploads\/2023\/08\/annonces-legales.svg","contentUrl":"https:\/\/www.annonces-legales.org\/blog\/wp-content\/uploads\/2023\/08\/annonces-legales.svg","caption":"Actualit\u00e9 des entreprises"},"image":{"@id":"https:\/\/www.annonces-legales.org\/blog\/#\/schema\/logo\/image\/"}}]}},"_links":{"self":[{"href":"https:\/\/www.annonces-legales.org\/blog\/wp-json\/wp\/v2\/pages\/365","targetHints":{"allow":["GET"]}}],"collection":[{"href":"https:\/\/www.annonces-legales.org\/blog\/wp-json\/wp\/v2\/pages"}],"about":[{"href":"https:\/\/www.annonces-legales.org\/blog\/wp-json\/wp\/v2\/types\/page"}],"author":[{"embeddable":true,"href":"https:\/\/www.annonces-legales.org\/blog\/wp-json\/wp\/v2\/users\/1"}],"replies":[{"embeddable":true,"href":"https:\/\/www.annonces-legales.org\/blog\/wp-json\/wp\/v2\/comments?post=365"}],"version-history":[{"count":9,"href":"https:\/\/www.annonces-legales.org\/blog\/wp-json\/wp\/v2\/pages\/365\/revisions"}],"predecessor-version":[{"id":375,"href":"https:\/\/www.annonces-legales.org\/blog\/wp-json\/wp\/v2\/pages\/365\/revisions\/375"}],"up":[{"embeddable":true,"href":"https:\/\/www.annonces-legales.org\/blog\/wp-json\/wp\/v2\/pages\/351"}],"wp:attachment":[{"href":"https:\/\/www.annonces-legales.org\/blog\/wp-json\/wp\/v2\/media?parent=365"}],"curies":[{"name":"wp","href":"https:\/\/api.w.org\/{rel}","templated":true}]}}