{"id":376,"date":"2021-09-01T17:04:24","date_gmt":"2021-09-01T15:04:24","guid":{"rendered":"https:\/\/www.annonces-legales.org\/blog\/?page_id=376"},"modified":"2022-01-26T11:48:16","modified_gmt":"2022-01-26T10:48:16","slug":"eco-savoie-mont-blanc","status":"publish","type":"page","link":"https:\/\/www.annonces-legales.org\/blog\/eco-savoie-mont-blanc\/","title":{"rendered":"Eco Savoie Mont Blanc"},"content":{"rendered":"<h2><img loading=\"lazy\" decoding=\"async\" class=\"aligncenter size-full wp-image-378\" src=\"https:\/\/www.annonces-legales.org\/blog\/wp-content\/uploads\/2021\/09\/eco-savoie-mont-blanc.png\" alt=\"\" width=\"400\" height=\"335\" srcset=\"https:\/\/www.annonces-legales.org\/blog\/wp-content\/uploads\/2021\/09\/eco-savoie-mont-blanc.png 400w, https:\/\/www.annonces-legales.org\/blog\/wp-content\/uploads\/2021\/09\/eco-savoie-mont-blanc-300x251.png 300w\" sizes=\"auto, (max-width: 400px) 100vw, 400px\" \/><\/h2>\n<h2><\/h2>\n<h2>D\u00e9poser une annonce l\u00e9gale dans l&rsquo;Ain avec l&rsquo;Eco Savoie Mont Blanc<\/h2>\n<p>Afin de r\u00e9aliser les obligations l\u00e9gales de publication d&rsquo;avis, les entreprise du 01 peuvent utiliser ce journal. Il est autoris\u00e9 \u00e0 faire des annonces pour ce d\u00e9partement. N&rsquo;h\u00e9sitez pas \u00e0 faire une <a href=\"https:\/\/www.annonces-legales.org\/devis-annonce-legale.html\">demande de prix en ligne<\/a> sur notre service.<\/p>\n<p>Pour mieux comprendre le co\u00fbt des annonces l\u00e9gales, dans l&rsquo;Ain et ailleurs, nous vous invitons \u00e0 lire notre page d\u00e9di\u00e9e: <a href=\"https:\/\/www.annonces-legales.org\/quel-est-le-prix-dune-annonce-legale.php\">prix des annonces l\u00e9gales<\/a><\/p>\n<h2><\/h2>\n<p>&nbsp;<\/p>\n<h2>En savoir plus sur ce journal<\/h2>\n<p>Cet hebdomadaire na\u00eet en 1869 \u00e0 Annecy sous la houlette de Jules Philippe et Joseph D\u00e9pollier. Le journal souhaite apporter des articles s\u00e9rieux, instructif et sans sensationnalisme. Il s&rsquo;appelle alors le<strong> journal Les Alpes<\/strong>.<br \/>\nEn 1919, le journal devient l&rsquo;<strong>\u00e9cho des Alpes<\/strong>. il est d\u00e9sormais g\u00e9r\u00e9 par Louis D\u00e9pollier (De la m\u00eame famille que Joseph D\u00e9pollier) et Joseph Blanc, \u00e0 cette \u00e9poque maire d&rsquo;Annecy.<br \/>\nSuite \u00e0 la lib\u00e9ration le journal change \u00e0 nouveau de nom et devient le <strong>R\u00e9publicain Savoyard<\/strong> en septembre 1944. Le journal est alors vendu 1 franc. Il est toujours g\u00e9r\u00e9 \u00e0 ce moment la par Louis Depollier.<\/p>\n<p>Partir de 1987, le journal \u00e0 pour r\u00e9dacteur en chef Ren\u00e9 toujours descendant de la famille D\u00e9pollier. En 1995, le journal ouvre des bureaux \u00e0 Chamb\u00e9ry et reprend le journal Affaires Savoyardes. Il devient Eco des pays de Savoie. Les r\u00e9dactions des deux journaux fusionnent et le journal fait appel \u00e0 de nouveaux investisseurs locaux pour financer son expansion.<\/p>\n<p>Depuis le d\u00e9but des ann\u00e9es 2000, le journal est pr\u00e9sent sur Internet avec une version moderne depuis 2016. En 2017, le journal \u00c9co pays de Savoie devient Eco Savoie Mont-Blanc, son nom \u00e0 l&rsquo;heure d&rsquo;aujourd&rsquo;hui.<\/p>\n<p>Le journal para\u00eet cette semaine tous les jeudis. Pour s&rsquo;abonner il faudra d\u00e9bourser 119 \u20ac par an pour num\u00e9ro (ou 9,90 \u20ac par mois). L&rsquo;abonnement permet d&rsquo;avoir le journal en version papier ainsi qu&rsquo;en version digitale.<\/p>\n<p>L&rsquo;<strong>Eco de Savoie Mont-Blanc<\/strong> est un journal du groupe Eco m\u00e9dia, une marque de la soci\u00e9t\u00e9 SOPREDA2. Ce journal est le petit fr\u00e8re du <a href=\"https:\/\/www.annonces-legales.org\/blog\/eco-de-lain\/\">journal L&rsquo;Eco de l&rsquo;Ain<\/a>.<\/p>\n<p>L&rsquo;adresse du journal est 7 route de Nanfray, Cran-Grevier, 74960 Annecy.<\/p>\n<p>T\u00e9l\u00e9phone du journal : 04 50 33 35 35.<\/p>\n<p>E-mail du journal : digital@groupe-ecomedia.com<\/p>\n","protected":false},"excerpt":{"rendered":"<p>D\u00e9poser une annonce l\u00e9gale dans l&rsquo;Ain avec l&rsquo;Eco Savoie Mont Blanc Afin de r\u00e9aliser les obligations l\u00e9gales de publication d&rsquo;avis, [&hellip;]<\/p>\n","protected":false},"author":1,"featured_media":0,"parent":351,"menu_order":0,"comment_status":"closed","ping_status":"closed","template":"","meta":{"inline_featured_image":false,"footnotes":""},"class_list":["post-376","page","type-page","status-publish","hentry"],"yoast_head":"<!-- This site is optimized with the Yoast SEO plugin v26.8 - https:\/\/yoast.com\/product\/yoast-seo-wordpress\/ -->\n<title>Eco Savoie Mont Blanc - Actualit\u00e9 des entreprises<\/title>\n<meta name=\"robots\" content=\"index, follow, max-snippet:-1, max-image-preview:large, max-video-preview:-1\" \/>\n<link rel=\"canonical\" href=\"https:\/\/www.annonces-legales.org\/blog\/eco-savoie-mont-blanc\/\" \/>\n<meta property=\"og:locale\" content=\"fr_FR\" \/>\n<meta property=\"og:type\" content=\"article\" \/>\n<meta property=\"og:title\" content=\"Eco Savoie Mont Blanc - Actualit\u00e9 des entreprises\" \/>\n<meta property=\"og:description\" content=\"D\u00e9poser une annonce l\u00e9gale dans l&rsquo;Ain avec l&rsquo;Eco Savoie Mont Blanc Afin de r\u00e9aliser les obligations l\u00e9gales de publication d&rsquo;avis, [&hellip;]\" \/>\n<meta property=\"og:url\" content=\"https:\/\/www.annonces-legales.org\/blog\/eco-savoie-mont-blanc\/\" \/>\n<meta property=\"og:site_name\" content=\"Actualit\u00e9 des entreprises\" \/>\n<meta property=\"article:modified_time\" content=\"2022-01-26T10:48:16+00:00\" \/>\n<meta property=\"og:image\" content=\"https:\/\/www.annonces-legales.org\/blog\/wp-content\/uploads\/2021\/09\/eco-savoie-mont-blanc.png\" \/>\n\t<meta property=\"og:image:width\" content=\"400\" \/>\n\t<meta property=\"og:image:height\" content=\"335\" \/>\n\t<meta property=\"og:image:type\" content=\"image\/png\" \/>\n<meta name=\"twitter:card\" content=\"summary_large_image\" \/>\n<meta name=\"twitter:label1\" content=\"Dur\u00e9e de lecture estim\u00e9e\" \/>\n\t<meta name=\"twitter:data1\" content=\"2 minutes\" \/>\n<script type=\"application\/ld+json\" class=\"yoast-schema-graph\">{\"@context\":\"https:\/\/schema.org\",\"@graph\":[{\"@type\":\"WebPage\",\"@id\":\"https:\/\/www.annonces-legales.org\/blog\/eco-savoie-mont-blanc\/\",\"url\":\"https:\/\/www.annonces-legales.org\/blog\/eco-savoie-mont-blanc\/\",\"name\":\"Eco Savoie Mont Blanc - Actualit\u00e9 des entreprises\",\"isPartOf\":{\"@id\":\"https:\/\/www.annonces-legales.org\/blog\/#website\"},\"primaryImageOfPage\":{\"@id\":\"https:\/\/www.annonces-legales.org\/blog\/eco-savoie-mont-blanc\/#primaryimage\"},\"image\":{\"@id\":\"https:\/\/www.annonces-legales.org\/blog\/eco-savoie-mont-blanc\/#primaryimage\"},\"thumbnailUrl\":\"https:\/\/www.annonces-legales.org\/blog\/wp-content\/uploads\/2021\/09\/eco-savoie-mont-blanc.png\",\"datePublished\":\"2021-09-01T15:04:24+00:00\",\"dateModified\":\"2022-01-26T10:48:16+00:00\",\"breadcrumb\":{\"@id\":\"https:\/\/www.annonces-legales.org\/blog\/eco-savoie-mont-blanc\/#breadcrumb\"},\"inLanguage\":\"fr-FR\",\"potentialAction\":[{\"@type\":\"ReadAction\",\"target\":[\"https:\/\/www.annonces-legales.org\/blog\/eco-savoie-mont-blanc\/\"]}]},{\"@type\":\"ImageObject\",\"inLanguage\":\"fr-FR\",\"@id\":\"https:\/\/www.annonces-legales.org\/blog\/eco-savoie-mont-blanc\/#primaryimage\",\"url\":\"https:\/\/www.annonces-legales.org\/blog\/wp-content\/uploads\/2021\/09\/eco-savoie-mont-blanc.png\",\"contentUrl\":\"https:\/\/www.annonces-legales.org\/blog\/wp-content\/uploads\/2021\/09\/eco-savoie-mont-blanc.png\",\"width\":400,\"height\":335},{\"@type\":\"BreadcrumbList\",\"@id\":\"https:\/\/www.annonces-legales.org\/blog\/eco-savoie-mont-blanc\/#breadcrumb\",\"itemListElement\":[{\"@type\":\"ListItem\",\"position\":1,\"name\":\"Accueil\",\"item\":\"https:\/\/www.annonces-legales.org\/blog\/\"},{\"@type\":\"ListItem\",\"position\":2,\"name\":\"Liste des journaux habilit\u00e9s \u00e0 publier des annonces l\u00e9gales\",\"item\":\"https:\/\/www.annonces-legales.org\/blog\/liste-des-journaux-habilites-a-publier-des-annonces-legales\/\"},{\"@type\":\"ListItem\",\"position\":3,\"name\":\"Eco Savoie Mont Blanc\"}]},{\"@type\":\"WebSite\",\"@id\":\"https:\/\/www.annonces-legales.org\/blog\/#website\",\"url\":\"https:\/\/www.annonces-legales.org\/blog\/\",\"name\":\"Actualit\u00e9 des entreprises\",\"description\":\"\",\"publisher\":{\"@id\":\"https:\/\/www.annonces-legales.org\/blog\/#organization\"},\"potentialAction\":[{\"@type\":\"SearchAction\",\"target\":{\"@type\":\"EntryPoint\",\"urlTemplate\":\"https:\/\/www.annonces-legales.org\/blog\/?s={search_term_string}\"},\"query-input\":{\"@type\":\"PropertyValueSpecification\",\"valueRequired\":true,\"valueName\":\"search_term_string\"}}],\"inLanguage\":\"fr-FR\"},{\"@type\":\"Organization\",\"@id\":\"https:\/\/www.annonces-legales.org\/blog\/#organization\",\"name\":\"Actualit\u00e9 des entreprises\",\"url\":\"https:\/\/www.annonces-legales.org\/blog\/\",\"logo\":{\"@type\":\"ImageObject\",\"inLanguage\":\"fr-FR\",\"@id\":\"https:\/\/www.annonces-legales.org\/blog\/#\/schema\/logo\/image\/\",\"url\":\"https:\/\/www.annonces-legales.org\/blog\/wp-content\/uploads\/2023\/08\/annonces-legales.svg\",\"contentUrl\":\"https:\/\/www.annonces-legales.org\/blog\/wp-content\/uploads\/2023\/08\/annonces-legales.svg\",\"caption\":\"Actualit\u00e9 des entreprises\"},\"image\":{\"@id\":\"https:\/\/www.annonces-legales.org\/blog\/#\/schema\/logo\/image\/\"}}]}<\/script>\n<!-- \/ Yoast SEO plugin. -->","yoast_head_json":{"title":"Eco Savoie Mont Blanc - Actualit\u00e9 des entreprises","robots":{"index":"index","follow":"follow","max-snippet":"max-snippet:-1","max-image-preview":"max-image-preview:large","max-video-preview":"max-video-preview:-1"},"canonical":"https:\/\/www.annonces-legales.org\/blog\/eco-savoie-mont-blanc\/","og_locale":"fr_FR","og_type":"article","og_title":"Eco Savoie Mont Blanc - Actualit\u00e9 des entreprises","og_description":"D\u00e9poser une annonce l\u00e9gale dans l&rsquo;Ain avec l&rsquo;Eco Savoie Mont Blanc Afin de r\u00e9aliser les obligations l\u00e9gales de publication d&rsquo;avis, [&hellip;]","og_url":"https:\/\/www.annonces-legales.org\/blog\/eco-savoie-mont-blanc\/","og_site_name":"Actualit\u00e9 des entreprises","article_modified_time":"2022-01-26T10:48:16+00:00","og_image":[{"width":400,"height":335,"url":"https:\/\/www.annonces-legales.org\/blog\/wp-content\/uploads\/2021\/09\/eco-savoie-mont-blanc.png","type":"image\/png"}],"twitter_card":"summary_large_image","twitter_misc":{"Dur\u00e9e de lecture estim\u00e9e":"2 minutes"},"schema":{"@context":"https:\/\/schema.org","@graph":[{"@type":"WebPage","@id":"https:\/\/www.annonces-legales.org\/blog\/eco-savoie-mont-blanc\/","url":"https:\/\/www.annonces-legales.org\/blog\/eco-savoie-mont-blanc\/","name":"Eco Savoie Mont Blanc - Actualit\u00e9 des entreprises","isPartOf":{"@id":"https:\/\/www.annonces-legales.org\/blog\/#website"},"primaryImageOfPage":{"@id":"https:\/\/www.annonces-legales.org\/blog\/eco-savoie-mont-blanc\/#primaryimage"},"image":{"@id":"https:\/\/www.annonces-legales.org\/blog\/eco-savoie-mont-blanc\/#primaryimage"},"thumbnailUrl":"https:\/\/www.annonces-legales.org\/blog\/wp-content\/uploads\/2021\/09\/eco-savoie-mont-blanc.png","datePublished":"2021-09-01T15:04:24+00:00","dateModified":"2022-01-26T10:48:16+00:00","breadcrumb":{"@id":"https:\/\/www.annonces-legales.org\/blog\/eco-savoie-mont-blanc\/#breadcrumb"},"inLanguage":"fr-FR","potentialAction":[{"@type":"ReadAction","target":["https:\/\/www.annonces-legales.org\/blog\/eco-savoie-mont-blanc\/"]}]},{"@type":"ImageObject","inLanguage":"fr-FR","@id":"https:\/\/www.annonces-legales.org\/blog\/eco-savoie-mont-blanc\/#primaryimage","url":"https:\/\/www.annonces-legales.org\/blog\/wp-content\/uploads\/2021\/09\/eco-savoie-mont-blanc.png","contentUrl":"https:\/\/www.annonces-legales.org\/blog\/wp-content\/uploads\/2021\/09\/eco-savoie-mont-blanc.png","width":400,"height":335},{"@type":"BreadcrumbList","@id":"https:\/\/www.annonces-legales.org\/blog\/eco-savoie-mont-blanc\/#breadcrumb","itemListElement":[{"@type":"ListItem","position":1,"name":"Accueil","item":"https:\/\/www.annonces-legales.org\/blog\/"},{"@type":"ListItem","position":2,"name":"Liste des journaux habilit\u00e9s \u00e0 publier des annonces l\u00e9gales","item":"https:\/\/www.annonces-legales.org\/blog\/liste-des-journaux-habilites-a-publier-des-annonces-legales\/"},{"@type":"ListItem","position":3,"name":"Eco Savoie Mont Blanc"}]},{"@type":"WebSite","@id":"https:\/\/www.annonces-legales.org\/blog\/#website","url":"https:\/\/www.annonces-legales.org\/blog\/","name":"Actualit\u00e9 des entreprises","description":"","publisher":{"@id":"https:\/\/www.annonces-legales.org\/blog\/#organization"},"potentialAction":[{"@type":"SearchAction","target":{"@type":"EntryPoint","urlTemplate":"https:\/\/www.annonces-legales.org\/blog\/?s={search_term_string}"},"query-input":{"@type":"PropertyValueSpecification","valueRequired":true,"valueName":"search_term_string"}}],"inLanguage":"fr-FR"},{"@type":"Organization","@id":"https:\/\/www.annonces-legales.org\/blog\/#organization","name":"Actualit\u00e9 des entreprises","url":"https:\/\/www.annonces-legales.org\/blog\/","logo":{"@type":"ImageObject","inLanguage":"fr-FR","@id":"https:\/\/www.annonces-legales.org\/blog\/#\/schema\/logo\/image\/","url":"https:\/\/www.annonces-legales.org\/blog\/wp-content\/uploads\/2023\/08\/annonces-legales.svg","contentUrl":"https:\/\/www.annonces-legales.org\/blog\/wp-content\/uploads\/2023\/08\/annonces-legales.svg","caption":"Actualit\u00e9 des entreprises"},"image":{"@id":"https:\/\/www.annonces-legales.org\/blog\/#\/schema\/logo\/image\/"}}]}},"_links":{"self":[{"href":"https:\/\/www.annonces-legales.org\/blog\/wp-json\/wp\/v2\/pages\/376","targetHints":{"allow":["GET"]}}],"collection":[{"href":"https:\/\/www.annonces-legales.org\/blog\/wp-json\/wp\/v2\/pages"}],"about":[{"href":"https:\/\/www.annonces-legales.org\/blog\/wp-json\/wp\/v2\/types\/page"}],"author":[{"embeddable":true,"href":"https:\/\/www.annonces-legales.org\/blog\/wp-json\/wp\/v2\/users\/1"}],"replies":[{"embeddable":true,"href":"https:\/\/www.annonces-legales.org\/blog\/wp-json\/wp\/v2\/comments?post=376"}],"version-history":[{"count":6,"href":"https:\/\/www.annonces-legales.org\/blog\/wp-json\/wp\/v2\/pages\/376\/revisions"}],"predecessor-version":[{"id":383,"href":"https:\/\/www.annonces-legales.org\/blog\/wp-json\/wp\/v2\/pages\/376\/revisions\/383"}],"up":[{"embeddable":true,"href":"https:\/\/www.annonces-legales.org\/blog\/wp-json\/wp\/v2\/pages\/351"}],"wp:attachment":[{"href":"https:\/\/www.annonces-legales.org\/blog\/wp-json\/wp\/v2\/media?parent=376"}],"curies":[{"name":"wp","href":"https:\/\/api.w.org\/{rel}","templated":true}]}}