{"id":411,"date":"2021-09-01T18:19:14","date_gmt":"2021-09-01T16:19:14","guid":{"rendered":"https:\/\/www.annonces-legales.org\/blog\/?page_id=411"},"modified":"2022-01-26T11:34:56","modified_gmt":"2022-01-26T10:34:56","slug":"aisne-nouvelle","status":"publish","type":"page","link":"https:\/\/www.annonces-legales.org\/blog\/aisne-nouvelle\/","title":{"rendered":"Aisne nouvelle"},"content":{"rendered":"<p>Le quadri-hebdomadaire <strong>Aisne Nouvelle<\/strong> relate les actualit\u00e9s r\u00e9gionales du d\u00e9partement de l&rsquo;Aisne: les pays Chaunois, Laon, Ham, Saint-Quentin.<\/p>\n<p>Le journal Aisne Nouvelle est vendu 1,10 euros l&rsquo;unit\u00e9. Les abonnements \u00e0 la version papier (+ num\u00e9rique) et \u00e0 la version num\u00e9rique co\u00fbtent respectivement\u00a0 20,80 euros et 4,90 euros par mois.<\/p>\n<p>Il appartient au groupe de m\u00e9dia Rossel &#8211; La Voix. Ce groupe poss\u00e8de de nombreux journaux gratuit et payant ainsi que des radios et des petites cha\u00eenes de t\u00e9l\u00e9vision.<\/p>\n<p>On peut le trouver en kiosque tous les lundis, mardis, jeudis et samedis.<br \/>\nLes bureaux de la r\u00e9daction sont \u00e0 Saint-Quentin au 35 rue Arnaud Bisson.<\/p>\n<p>Le journal a obtenu l&rsquo;habilitation de la pr\u00e9fecture de l&rsquo;Aisne pour pouvoir effectuer les annonces l\u00e9gales des entreprises de son d\u00e9partement. Il a obtenu cette autorisation car il respecte les crit\u00e8res d&rsquo;admissibilit\u00e9 notamment l&rsquo;existence d&rsquo;un num\u00e9ro de la comit\u00e9 paritaire des agences de presse.<\/p>\n<p>&nbsp;<\/p>\n<p><img loading=\"lazy\" decoding=\"async\" class=\"aligncenter size-full wp-image-412\" src=\"https:\/\/www.annonces-legales.org\/blog\/wp-content\/uploads\/2021\/09\/aisne-nouvelle.png\" alt=\"\" width=\"400\" height=\"236\" srcset=\"https:\/\/www.annonces-legales.org\/blog\/wp-content\/uploads\/2021\/09\/aisne-nouvelle.png 400w, https:\/\/www.annonces-legales.org\/blog\/wp-content\/uploads\/2021\/09\/aisne-nouvelle-300x177.png 300w\" sizes=\"auto, (max-width: 400px) 100vw, 400px\" \/><\/p>\n<h2><\/h2>\n<h2>En savoir plus sur l&rsquo;Aisne Nouvelle<\/h2>\n<p>Ce journal est n\u00e9 pendant la seconde guerre mondiale en 1944, alors que la ville de Saint-Quentin n&rsquo;est pas encore lib\u00e9r\u00e9e. Un r\u00e9sistant et professeur nomm\u00e9 <strong>Pierre Choquart<\/strong> organise la cr\u00e9ation d&rsquo;un journal pour pouvoir rassembler tous les r\u00e9sistants et les politiques apr\u00e8s la lib\u00e9ration.<\/p>\n<p>Le 3 septembre 1944,24 heures apr\u00e8s que la ville retrouve sa libert\u00e9, le premier num\u00e9ro para\u00eet avec le titre \u00ab Saint-Quentin est lib\u00e9r\u00e9 ! \u00bb.<br \/>\nLe journal devient rapidement un tri hebdomadaire. Il le restera jusqu&rsquo;en 2008.<br \/>\nDurant les ann\u00e9es 50, le journal se d\u00e9veloppe et publie son premier exemplaire en couleur en 1957. A cette p\u00e9riode, le journal \u00e0 trois \u00e9ditions :<strong> une pour Saint-Quentin, une pour Chauny-Laon et une pour Thi\u00e9rarche<\/strong>.<\/p>\n<p>Durant les ann\u00e9es 60 et 70 le d\u00e9veloppement du journal continu avec une quatri\u00e8me \u00e9dition locale est un partenariat avec la soci\u00e9t\u00e9 Havas. Au d\u00e9but des ann\u00e9es 90, la soci\u00e9t\u00e9 derri\u00e8re le journal <strong>La Voix du Nord<\/strong> entre au capital du journal. L&rsquo;\u00e9dition Saint-Quentinoise de La Voix du Nord disparait alors.<\/p>\n<p>En 2004, le quadri hebdomadaires est rachet\u00e9 par le groupe Hersan Media (anciennement France-Antilles). Le nombre d&rsquo;\u00e9ditions diminue \u00e0 deux Mais le rythme de publication augmente en septembre 2008 avec quatre exemplaires par semaine. En 2013 le groupe Rossel (Le courrier Picard) devient le nouveau propri\u00e9taire du journal.<\/p>\n<p>Depuis 2014, le journal Aisne Nouvelle s&rsquo;est num\u00e9ris\u00e9 et \u00e0 modernis\u00e9 le design de ses parutions. Malgr\u00e9 une forte concurrence, le journal arrive \u00e0 garder ses lecteurs fid\u00e8les.<\/p>\n<p>&nbsp;<\/p>\n<h2>Pourquoi se servir de notre plateforme Annonces-legales.org ?<\/h2>\n<p>Les journaux nationaux ayant des \u00e9ditions d\u00e9partementales pratiquent des tarifs \u00e9lev\u00e9s. Les journaux locaux comme l&rsquo;Aisne Nouvelle sont nombreux.<br \/>\nPour obtenir le meilleurs prix pour une annonce officielle, il faut les lister et comparer leurs prix.<br \/>\nApr\u00e8s les avoir list\u00e9, il faudra par la suite demander un devis et examiner leur tarifs. Cela vous prendra beaucoup de temps et c&rsquo;est r\u00e9barbatif.<br \/>\nAvec notre site, vous pouvez obtenir un <strong>devis avec plusieurs journaux<\/strong>, tr\u00e8s facilement et sans inscription.<\/p>\n<p>&nbsp;<\/p>\n<h3>Quelles sont les structures qui ont la responsabilit\u00e9 de publier une annonce officielle ?<\/h3>\n<p>Toutes les soci\u00e9t\u00e9s ne sont pas contraintes de r\u00e9aliser des annonces. Les entreprises individuelles comme les auto-entreprises n&rsquo;ont pas besoin de publier une annonce l\u00e9gale.<br \/>\nLes mod\u00e8les de structures qui doivent le faire sont les suivantes:<br \/>\n&#8211; Les SARL<br \/>\n&#8211; Les EURL<br \/>\n&#8211; Les SAS<br \/>\n&#8211; Les SCI<br \/>\n&#8211; Toute soci\u00e9t\u00e9 avec des statuts \u00e9crits et transmis au greffe<\/p>\n<p>&nbsp;<\/p>\n<h3><\/h3>\n<h3>Comment choisir un journal d&rsquo;annonce l\u00e9gale homologu\u00e9 ?<\/h3>\n<p>La s\u00e9lection du journal d&rsquo;annonces l\u00e9gales \u00e0 l&rsquo;int\u00e9rieur duquel vous allez faire votre publication importe peu. Pour le d\u00e9partement 02, vous pouvez utiliser Aisne nouvelle ou tout autre journal ayant l&rsquo;habilitation.<\/p>\n<p>Les journaux papiers ayant une habilitation pour le d\u00e9partement 02 sont les suivants:<\/p>\n<ul>\n<li>Aisne Nouvelle<\/li>\n<li><a href=\"https:\/\/www.annonces-legales.org\/blog\/axonais\/\">L&rsquo;Axonais<\/a><\/li>\n<li>Le <a href=\"https:\/\/www.annonces-legales.org\/blog\/courrier-la-gazette\/\">Courrier La Gazette<\/a><\/li>\n<li>Le Courrier Picard<\/li>\n<li>Le D\u00e9mocrate de l&rsquo;Aisne<\/li>\n<li><a href=\"https:\/\/www.annonces-legales.org\/blog\/picardie-la-gazette\/\">Picardie la Gazette<\/a><\/li>\n<li>L&rsquo;Union<\/li>\n<li><a href=\"https:\/\/www.annonces-legales.org\/blog\/thierarche\/\">La Thi\u00e9rache<\/a><\/li>\n<li>L&rsquo;<a href=\"https:\/\/www.annonces-legales.org\/blog\/agriculteur-de-laisne\/\">Agriculteur de l&rsquo;Aisne<\/a><\/li>\n<\/ul>\n<p>&nbsp;<\/p>\n<p>Notre service utilise bien s\u00fbr uniquement les journaux habilit\u00e9s pour le d\u00e9partement de l&rsquo;Aisne.<\/p>\n<br\/><br\/><div class=\"entry-content notopmargin\">\n\t<img decoding=\"async\" class=\"img-fluid fleft\" src=\"https:\/\/www.annonces-legales.org\/images\/rapide-economique-tout-departement.png\" alt=\"Journal d'annonce l\u00e9gale habilit\u00e9 de l'Aisne \"><a href=\"https:\/\/www.annonces-legales.org\/publication-annonce-legale.html\" class=\"button button-desc fright mtop30\"><div>Je publie<br> mon annonce<br> l\u00e9gale<\/div><span>dans un journal habilit\u00e9 de l'Aisne !<\/span><\/a>\n<\/div><div class=\"clrbth\"><\/div><br\/><br\/>\n","protected":false},"excerpt":{"rendered":"<p>Le quadri-hebdomadaire Aisne Nouvelle relate les actualit\u00e9s r\u00e9gionales du d\u00e9partement de l&rsquo;Aisne: les pays Chaunois, Laon, Ham, Saint-Quentin. Le journal [&hellip;]<\/p>\n","protected":false},"author":1,"featured_media":0,"parent":351,"menu_order":0,"comment_status":"closed","ping_status":"closed","template":"","meta":{"inline_featured_image":false,"footnotes":""},"class_list":["post-411","page","type-page","status-publish","hentry"],"yoast_head":"<!-- This site is optimized with the Yoast SEO plugin v26.8 - https:\/\/yoast.com\/product\/yoast-seo-wordpress\/ -->\n<title>Aisne nouvelle - Actualit\u00e9 des entreprises<\/title>\n<meta name=\"robots\" content=\"index, follow, max-snippet:-1, max-image-preview:large, max-video-preview:-1\" \/>\n<link rel=\"canonical\" href=\"https:\/\/www.annonces-legales.org\/blog\/aisne-nouvelle\/\" \/>\n<meta property=\"og:locale\" content=\"fr_FR\" \/>\n<meta property=\"og:type\" content=\"article\" \/>\n<meta property=\"og:title\" content=\"Aisne nouvelle - Actualit\u00e9 des entreprises\" \/>\n<meta property=\"og:description\" content=\"Le quadri-hebdomadaire Aisne Nouvelle relate les actualit\u00e9s r\u00e9gionales du d\u00e9partement de l&rsquo;Aisne: les pays Chaunois, Laon, Ham, Saint-Quentin. Le journal [&hellip;]\" \/>\n<meta property=\"og:url\" content=\"https:\/\/www.annonces-legales.org\/blog\/aisne-nouvelle\/\" \/>\n<meta property=\"og:site_name\" content=\"Actualit\u00e9 des entreprises\" \/>\n<meta property=\"article:modified_time\" content=\"2022-01-26T10:34:56+00:00\" \/>\n<meta property=\"og:image\" content=\"https:\/\/www.annonces-legales.org\/blog\/wp-content\/uploads\/2021\/09\/aisne-nouvelle.png\" \/>\n\t<meta property=\"og:image:width\" content=\"400\" \/>\n\t<meta property=\"og:image:height\" content=\"236\" \/>\n\t<meta property=\"og:image:type\" content=\"image\/png\" \/>\n<meta name=\"twitter:card\" content=\"summary_large_image\" \/>\n<meta name=\"twitter:label1\" content=\"Dur\u00e9e de lecture estim\u00e9e\" \/>\n\t<meta name=\"twitter:data1\" content=\"3 minutes\" \/>\n<script type=\"application\/ld+json\" class=\"yoast-schema-graph\">{\"@context\":\"https:\/\/schema.org\",\"@graph\":[{\"@type\":\"WebPage\",\"@id\":\"https:\/\/www.annonces-legales.org\/blog\/aisne-nouvelle\/\",\"url\":\"https:\/\/www.annonces-legales.org\/blog\/aisne-nouvelle\/\",\"name\":\"Aisne nouvelle - Actualit\u00e9 des entreprises\",\"isPartOf\":{\"@id\":\"https:\/\/www.annonces-legales.org\/blog\/#website\"},\"primaryImageOfPage\":{\"@id\":\"https:\/\/www.annonces-legales.org\/blog\/aisne-nouvelle\/#primaryimage\"},\"image\":{\"@id\":\"https:\/\/www.annonces-legales.org\/blog\/aisne-nouvelle\/#primaryimage\"},\"thumbnailUrl\":\"https:\/\/www.annonces-legales.org\/blog\/wp-content\/uploads\/2021\/09\/aisne-nouvelle.png\",\"datePublished\":\"2021-09-01T16:19:14+00:00\",\"dateModified\":\"2022-01-26T10:34:56+00:00\",\"breadcrumb\":{\"@id\":\"https:\/\/www.annonces-legales.org\/blog\/aisne-nouvelle\/#breadcrumb\"},\"inLanguage\":\"fr-FR\",\"potentialAction\":[{\"@type\":\"ReadAction\",\"target\":[\"https:\/\/www.annonces-legales.org\/blog\/aisne-nouvelle\/\"]}]},{\"@type\":\"ImageObject\",\"inLanguage\":\"fr-FR\",\"@id\":\"https:\/\/www.annonces-legales.org\/blog\/aisne-nouvelle\/#primaryimage\",\"url\":\"https:\/\/www.annonces-legales.org\/blog\/wp-content\/uploads\/2021\/09\/aisne-nouvelle.png\",\"contentUrl\":\"https:\/\/www.annonces-legales.org\/blog\/wp-content\/uploads\/2021\/09\/aisne-nouvelle.png\",\"width\":400,\"height\":236},{\"@type\":\"BreadcrumbList\",\"@id\":\"https:\/\/www.annonces-legales.org\/blog\/aisne-nouvelle\/#breadcrumb\",\"itemListElement\":[{\"@type\":\"ListItem\",\"position\":1,\"name\":\"Accueil\",\"item\":\"https:\/\/www.annonces-legales.org\/blog\/\"},{\"@type\":\"ListItem\",\"position\":2,\"name\":\"Liste des journaux habilit\u00e9s \u00e0 publier des annonces l\u00e9gales\",\"item\":\"https:\/\/www.annonces-legales.org\/blog\/liste-des-journaux-habilites-a-publier-des-annonces-legales\/\"},{\"@type\":\"ListItem\",\"position\":3,\"name\":\"Aisne nouvelle\"}]},{\"@type\":\"WebSite\",\"@id\":\"https:\/\/www.annonces-legales.org\/blog\/#website\",\"url\":\"https:\/\/www.annonces-legales.org\/blog\/\",\"name\":\"Actualit\u00e9 des entreprises\",\"description\":\"\",\"publisher\":{\"@id\":\"https:\/\/www.annonces-legales.org\/blog\/#organization\"},\"potentialAction\":[{\"@type\":\"SearchAction\",\"target\":{\"@type\":\"EntryPoint\",\"urlTemplate\":\"https:\/\/www.annonces-legales.org\/blog\/?s={search_term_string}\"},\"query-input\":{\"@type\":\"PropertyValueSpecification\",\"valueRequired\":true,\"valueName\":\"search_term_string\"}}],\"inLanguage\":\"fr-FR\"},{\"@type\":\"Organization\",\"@id\":\"https:\/\/www.annonces-legales.org\/blog\/#organization\",\"name\":\"Actualit\u00e9 des entreprises\",\"url\":\"https:\/\/www.annonces-legales.org\/blog\/\",\"logo\":{\"@type\":\"ImageObject\",\"inLanguage\":\"fr-FR\",\"@id\":\"https:\/\/www.annonces-legales.org\/blog\/#\/schema\/logo\/image\/\",\"url\":\"https:\/\/www.annonces-legales.org\/blog\/wp-content\/uploads\/2023\/08\/annonces-legales.svg\",\"contentUrl\":\"https:\/\/www.annonces-legales.org\/blog\/wp-content\/uploads\/2023\/08\/annonces-legales.svg\",\"caption\":\"Actualit\u00e9 des entreprises\"},\"image\":{\"@id\":\"https:\/\/www.annonces-legales.org\/blog\/#\/schema\/logo\/image\/\"}}]}<\/script>\n<!-- \/ Yoast SEO plugin. -->","yoast_head_json":{"title":"Aisne nouvelle - Actualit\u00e9 des entreprises","robots":{"index":"index","follow":"follow","max-snippet":"max-snippet:-1","max-image-preview":"max-image-preview:large","max-video-preview":"max-video-preview:-1"},"canonical":"https:\/\/www.annonces-legales.org\/blog\/aisne-nouvelle\/","og_locale":"fr_FR","og_type":"article","og_title":"Aisne nouvelle - Actualit\u00e9 des entreprises","og_description":"Le quadri-hebdomadaire Aisne Nouvelle relate les actualit\u00e9s r\u00e9gionales du d\u00e9partement de l&rsquo;Aisne: les pays Chaunois, Laon, Ham, Saint-Quentin. Le journal [&hellip;]","og_url":"https:\/\/www.annonces-legales.org\/blog\/aisne-nouvelle\/","og_site_name":"Actualit\u00e9 des entreprises","article_modified_time":"2022-01-26T10:34:56+00:00","og_image":[{"width":400,"height":236,"url":"https:\/\/www.annonces-legales.org\/blog\/wp-content\/uploads\/2021\/09\/aisne-nouvelle.png","type":"image\/png"}],"twitter_card":"summary_large_image","twitter_misc":{"Dur\u00e9e de lecture estim\u00e9e":"3 minutes"},"schema":{"@context":"https:\/\/schema.org","@graph":[{"@type":"WebPage","@id":"https:\/\/www.annonces-legales.org\/blog\/aisne-nouvelle\/","url":"https:\/\/www.annonces-legales.org\/blog\/aisne-nouvelle\/","name":"Aisne nouvelle - Actualit\u00e9 des entreprises","isPartOf":{"@id":"https:\/\/www.annonces-legales.org\/blog\/#website"},"primaryImageOfPage":{"@id":"https:\/\/www.annonces-legales.org\/blog\/aisne-nouvelle\/#primaryimage"},"image":{"@id":"https:\/\/www.annonces-legales.org\/blog\/aisne-nouvelle\/#primaryimage"},"thumbnailUrl":"https:\/\/www.annonces-legales.org\/blog\/wp-content\/uploads\/2021\/09\/aisne-nouvelle.png","datePublished":"2021-09-01T16:19:14+00:00","dateModified":"2022-01-26T10:34:56+00:00","breadcrumb":{"@id":"https:\/\/www.annonces-legales.org\/blog\/aisne-nouvelle\/#breadcrumb"},"inLanguage":"fr-FR","potentialAction":[{"@type":"ReadAction","target":["https:\/\/www.annonces-legales.org\/blog\/aisne-nouvelle\/"]}]},{"@type":"ImageObject","inLanguage":"fr-FR","@id":"https:\/\/www.annonces-legales.org\/blog\/aisne-nouvelle\/#primaryimage","url":"https:\/\/www.annonces-legales.org\/blog\/wp-content\/uploads\/2021\/09\/aisne-nouvelle.png","contentUrl":"https:\/\/www.annonces-legales.org\/blog\/wp-content\/uploads\/2021\/09\/aisne-nouvelle.png","width":400,"height":236},{"@type":"BreadcrumbList","@id":"https:\/\/www.annonces-legales.org\/blog\/aisne-nouvelle\/#breadcrumb","itemListElement":[{"@type":"ListItem","position":1,"name":"Accueil","item":"https:\/\/www.annonces-legales.org\/blog\/"},{"@type":"ListItem","position":2,"name":"Liste des journaux habilit\u00e9s \u00e0 publier des annonces l\u00e9gales","item":"https:\/\/www.annonces-legales.org\/blog\/liste-des-journaux-habilites-a-publier-des-annonces-legales\/"},{"@type":"ListItem","position":3,"name":"Aisne nouvelle"}]},{"@type":"WebSite","@id":"https:\/\/www.annonces-legales.org\/blog\/#website","url":"https:\/\/www.annonces-legales.org\/blog\/","name":"Actualit\u00e9 des entreprises","description":"","publisher":{"@id":"https:\/\/www.annonces-legales.org\/blog\/#organization"},"potentialAction":[{"@type":"SearchAction","target":{"@type":"EntryPoint","urlTemplate":"https:\/\/www.annonces-legales.org\/blog\/?s={search_term_string}"},"query-input":{"@type":"PropertyValueSpecification","valueRequired":true,"valueName":"search_term_string"}}],"inLanguage":"fr-FR"},{"@type":"Organization","@id":"https:\/\/www.annonces-legales.org\/blog\/#organization","name":"Actualit\u00e9 des entreprises","url":"https:\/\/www.annonces-legales.org\/blog\/","logo":{"@type":"ImageObject","inLanguage":"fr-FR","@id":"https:\/\/www.annonces-legales.org\/blog\/#\/schema\/logo\/image\/","url":"https:\/\/www.annonces-legales.org\/blog\/wp-content\/uploads\/2023\/08\/annonces-legales.svg","contentUrl":"https:\/\/www.annonces-legales.org\/blog\/wp-content\/uploads\/2023\/08\/annonces-legales.svg","caption":"Actualit\u00e9 des entreprises"},"image":{"@id":"https:\/\/www.annonces-legales.org\/blog\/#\/schema\/logo\/image\/"}}]}},"_links":{"self":[{"href":"https:\/\/www.annonces-legales.org\/blog\/wp-json\/wp\/v2\/pages\/411","targetHints":{"allow":["GET"]}}],"collection":[{"href":"https:\/\/www.annonces-legales.org\/blog\/wp-json\/wp\/v2\/pages"}],"about":[{"href":"https:\/\/www.annonces-legales.org\/blog\/wp-json\/wp\/v2\/types\/page"}],"author":[{"embeddable":true,"href":"https:\/\/www.annonces-legales.org\/blog\/wp-json\/wp\/v2\/users\/1"}],"replies":[{"embeddable":true,"href":"https:\/\/www.annonces-legales.org\/blog\/wp-json\/wp\/v2\/comments?post=411"}],"version-history":[{"count":6,"href":"https:\/\/www.annonces-legales.org\/blog\/wp-json\/wp\/v2\/pages\/411\/revisions"}],"predecessor-version":[{"id":1092,"href":"https:\/\/www.annonces-legales.org\/blog\/wp-json\/wp\/v2\/pages\/411\/revisions\/1092"}],"up":[{"embeddable":true,"href":"https:\/\/www.annonces-legales.org\/blog\/wp-json\/wp\/v2\/pages\/351"}],"wp:attachment":[{"href":"https:\/\/www.annonces-legales.org\/blog\/wp-json\/wp\/v2\/media?parent=411"}],"curies":[{"name":"wp","href":"https:\/\/api.w.org\/{rel}","templated":true}]}}