{"id":431,"date":"2021-09-01T20:48:12","date_gmt":"2021-09-01T18:48:12","guid":{"rendered":"https:\/\/www.annonces-legales.org\/blog\/?page_id=431"},"modified":"2022-01-26T12:01:27","modified_gmt":"2022-01-26T11:01:27","slug":"semaine-de-lallier","status":"publish","type":"page","link":"https:\/\/www.annonces-legales.org\/blog\/semaine-de-lallier\/","title":{"rendered":"La Semaine de l&rsquo;Allier"},"content":{"rendered":"<h2>Journal La Semaine de l&rsquo;Allier<\/h2>\n<p><img loading=\"lazy\" decoding=\"async\" class=\"size-full wp-image-433 alignleft\" src=\"https:\/\/www.annonces-legales.org\/blog\/wp-content\/uploads\/2021\/09\/La-Semaine-de-lAllier.png\" alt=\"\" width=\"450\" height=\"98\" srcset=\"https:\/\/www.annonces-legales.org\/blog\/wp-content\/uploads\/2021\/09\/La-Semaine-de-lAllier.png 450w, https:\/\/www.annonces-legales.org\/blog\/wp-content\/uploads\/2021\/09\/La-Semaine-de-lAllier-300x65.png 300w\" sizes=\"auto, (max-width: 450px) 100vw, 450px\" \/><\/p>\n<p><strong>La Semaine de l&rsquo;Allier<\/strong> est un hebdomadaire tir\u00e9 \u00e0 plus de 5000 exemplaires. C&rsquo;est un<strong> journal habilit\u00e9 \u00e0 publier des annonces l\u00e9gales pour le d\u00e9partement de l&rsquo;Allier 03<\/strong>. Il est vendu 1,50 \u20ac et est \u00e9dit\u00e9 en 7 \u00e9ditions diff\u00e9rentes : Montlu\u00e7on, Vichy, Moulins, montagne bourbonnaise, bocage\/Tron\u00e7ais, Sologne bourbonnaise, Saint Pour\u00e7ain\/Gannat.<\/p>\n<p>&nbsp;<\/p>\n<h2>A propos de la Semaine de l&rsquo;Allier<\/h2>\n<p>Ce journal est apparu en 2005 \u00e0 Moulins. Son tirage a fortement baiss\u00e9 depuis 2008. Il est pass\u00e9 de 13\u00a0000 exemplaires \u00e0 moins de 5000. Plus d&rsquo;une dizaine de salari\u00e9s travaille pour le journal avec une vingtaine de correspondants dans le d\u00e9partement.<br \/>\nA la direction du journal, on retrouve Jean de Charron, qui a \u00e9t\u00e9 \u00e0 la t\u00eate de nombreux groupes de presses.<\/p>\n<p>L&rsquo;adresse du journal est 18, Rue de la fraternit\u00e9 03000 moulins. Cet hebdomadaire poss\u00e8de aussi une pr\u00e9sence sur Internet qui permet de dire le journal directement ligne est de s&rsquo;abonner (75 \u20ac pour un an).<\/p>\n<p>&nbsp;<\/p>\n<p><strong>Vous voulez publier des publicit\u00e9s l\u00e9gales dans dans un JAL similaire \u00e0 La Semaine de l&rsquo;Allier ?<\/strong><\/p>\n<p>Si c&rsquo;est le cas, nous vous invitons \u00e0 utiliser nos services pour profiter des tarifs les plus bas possibles.<\/p>\n<br\/><br\/><div class=\"entry-content notopmargin\">\n\t<img decoding=\"async\" class=\"img-fluid fleft\" src=\"https:\/\/www.annonces-legales.org\/images\/rapide-economique-tout-departement.png\" alt=\"Journal d'annonce l\u00e9gale JAL du 03 \"><a href=\"https:\/\/www.annonces-legales.org\/publication-annonce-legale.html\" class=\"button button-desc fright mtop30\"><div>Je publie<br> mon annonce<br> l\u00e9gale<\/div><span>dans un journal JAL du 03 !<\/span><\/a>\n<\/div><div class=\"clrbth\"><\/div><br\/><br\/>\n<p>&nbsp;<\/p>\n<h2>Pour quel type de structure est-on oblig\u00e9 de publier des annonces l\u00e9gales ?<\/h2>\n<p>Les annonces l\u00e9gales sont une exigence pour toutes les entreprises enregistr\u00e9es dans un registre des commerce et soci\u00e9t\u00e9 de l&rsquo;hexagone (SARL, EURL, SCI, SCM, SCPI, SCCV, SCI\u2026).<\/p>\n<p>Bien s\u00fbr, l&rsquo;entreprise doit aussi poss\u00e9der des statuts d\u00e9pos\u00e9s au Greffe. Si ce n&rsquo;est pas le cas (exemple de l&rsquo;autoentreprise), des annonces l\u00e9gales ne sont pas n\u00e9cessaires.<\/p>\n<p>&nbsp;<\/p>\n<h3>Quel hebdomadaire choisir pour une annonce dans le 03?<\/h3>\n<p>Il n&rsquo;est pas n\u00e9cessaire de publier dans un un jal plus c\u00e9l\u00e8bre qu&rsquo;un autre, l&rsquo;issue sera la m\u00eame. Vous pouvez publier dans La Semaine de l&rsquo;Allier ou dans un autre journal du d\u00e9partement.<br \/>\nL&rsquo;unique crit\u00e8re \u00e0 regarder est que la soci\u00e9t\u00e9 (ou le journal) soit homologu\u00e9.<\/p>\n<p>C&rsquo;est le cas bien s\u00fbr pour notre service d&rsquo;annonce l\u00e9gale. Annonces-legales.org ne travaille qu&rsquo;avec des journaux habilit\u00e9s.<\/p>\n<p>&nbsp;<\/p>\n<h3>Quel est le prix d&rsquo;une annonce l\u00e9gale sur le journal La Semaine de l&rsquo;Allier ?<\/h3>\n<p>Comme tous les autre journaux de l\u2019Aisne, La Semaine de l&rsquo;Allier utilise les tarifs forfaitaire en ce qui concerne les <a href=\"https:\/\/www.annonces-legales.org\/blog\/avis-de-constitution\/\">annonces l\u00e9gales de constitution<\/a>. Le prix sera donc vraisemblablement le m\u00eame peu importe le journal, \u00e0 quelques euros pr\u00e8s.<\/p>\n<p>&nbsp;<\/p>\n<p>Par contre, pour les autres annonces l\u00e9gales, chaque journal choisit le <a href=\"https:\/\/www.annonces-legales.org\/quel-est-le-prix-dune-annonce-legale.php\">prix de l&rsquo;annonce<\/a> (tant que le prix est sup\u00e9rieur au minimum fix\u00e9 par arr\u00eat\u00e9 pr\u00e9fectorale).<\/p>\n","protected":false},"excerpt":{"rendered":"<p>Journal La Semaine de l&rsquo;Allier La Semaine de l&rsquo;Allier est un hebdomadaire tir\u00e9 \u00e0 plus de 5000 exemplaires. C&rsquo;est un [&hellip;]<\/p>\n","protected":false},"author":1,"featured_media":0,"parent":351,"menu_order":0,"comment_status":"closed","ping_status":"closed","template":"","meta":{"inline_featured_image":false,"footnotes":""},"class_list":["post-431","page","type-page","status-publish","hentry"],"yoast_head":"<!-- This site is optimized with the Yoast SEO plugin v26.8 - https:\/\/yoast.com\/product\/yoast-seo-wordpress\/ -->\n<title>La Semaine de l&#039;Allier - Actualit\u00e9 des entreprises<\/title>\n<meta name=\"robots\" content=\"index, follow, max-snippet:-1, max-image-preview:large, max-video-preview:-1\" \/>\n<link rel=\"canonical\" href=\"https:\/\/www.annonces-legales.org\/blog\/semaine-de-lallier\/\" \/>\n<meta property=\"og:locale\" content=\"fr_FR\" \/>\n<meta property=\"og:type\" content=\"article\" \/>\n<meta property=\"og:title\" content=\"La Semaine de l&#039;Allier - Actualit\u00e9 des entreprises\" \/>\n<meta property=\"og:description\" content=\"Journal La Semaine de l&rsquo;Allier La Semaine de l&rsquo;Allier est un hebdomadaire tir\u00e9 \u00e0 plus de 5000 exemplaires. C&rsquo;est un [&hellip;]\" \/>\n<meta property=\"og:url\" content=\"https:\/\/www.annonces-legales.org\/blog\/semaine-de-lallier\/\" \/>\n<meta property=\"og:site_name\" content=\"Actualit\u00e9 des entreprises\" \/>\n<meta property=\"article:modified_time\" content=\"2022-01-26T11:01:27+00:00\" \/>\n<meta property=\"og:image\" content=\"https:\/\/www.annonces-legales.org\/blog\/wp-content\/uploads\/2021\/09\/La-Semaine-de-lAllier.png\" \/>\n\t<meta property=\"og:image:width\" content=\"450\" \/>\n\t<meta property=\"og:image:height\" content=\"98\" \/>\n\t<meta property=\"og:image:type\" content=\"image\/png\" \/>\n<meta name=\"twitter:card\" content=\"summary_large_image\" \/>\n<meta name=\"twitter:label1\" content=\"Dur\u00e9e de lecture estim\u00e9e\" \/>\n\t<meta name=\"twitter:data1\" content=\"2 minutes\" \/>\n<script type=\"application\/ld+json\" class=\"yoast-schema-graph\">{\"@context\":\"https:\/\/schema.org\",\"@graph\":[{\"@type\":\"WebPage\",\"@id\":\"https:\/\/www.annonces-legales.org\/blog\/semaine-de-lallier\/\",\"url\":\"https:\/\/www.annonces-legales.org\/blog\/semaine-de-lallier\/\",\"name\":\"La Semaine de l'Allier - Actualit\u00e9 des entreprises\",\"isPartOf\":{\"@id\":\"https:\/\/www.annonces-legales.org\/blog\/#website\"},\"primaryImageOfPage\":{\"@id\":\"https:\/\/www.annonces-legales.org\/blog\/semaine-de-lallier\/#primaryimage\"},\"image\":{\"@id\":\"https:\/\/www.annonces-legales.org\/blog\/semaine-de-lallier\/#primaryimage\"},\"thumbnailUrl\":\"https:\/\/www.annonces-legales.org\/blog\/wp-content\/uploads\/2021\/09\/La-Semaine-de-lAllier.png\",\"datePublished\":\"2021-09-01T18:48:12+00:00\",\"dateModified\":\"2022-01-26T11:01:27+00:00\",\"breadcrumb\":{\"@id\":\"https:\/\/www.annonces-legales.org\/blog\/semaine-de-lallier\/#breadcrumb\"},\"inLanguage\":\"fr-FR\",\"potentialAction\":[{\"@type\":\"ReadAction\",\"target\":[\"https:\/\/www.annonces-legales.org\/blog\/semaine-de-lallier\/\"]}]},{\"@type\":\"ImageObject\",\"inLanguage\":\"fr-FR\",\"@id\":\"https:\/\/www.annonces-legales.org\/blog\/semaine-de-lallier\/#primaryimage\",\"url\":\"https:\/\/www.annonces-legales.org\/blog\/wp-content\/uploads\/2021\/09\/La-Semaine-de-lAllier.png\",\"contentUrl\":\"https:\/\/www.annonces-legales.org\/blog\/wp-content\/uploads\/2021\/09\/La-Semaine-de-lAllier.png\",\"width\":450,\"height\":98},{\"@type\":\"BreadcrumbList\",\"@id\":\"https:\/\/www.annonces-legales.org\/blog\/semaine-de-lallier\/#breadcrumb\",\"itemListElement\":[{\"@type\":\"ListItem\",\"position\":1,\"name\":\"Accueil\",\"item\":\"https:\/\/www.annonces-legales.org\/blog\/\"},{\"@type\":\"ListItem\",\"position\":2,\"name\":\"Liste des journaux habilit\u00e9s \u00e0 publier des annonces l\u00e9gales\",\"item\":\"https:\/\/www.annonces-legales.org\/blog\/liste-des-journaux-habilites-a-publier-des-annonces-legales\/\"},{\"@type\":\"ListItem\",\"position\":3,\"name\":\"La Semaine de l&rsquo;Allier\"}]},{\"@type\":\"WebSite\",\"@id\":\"https:\/\/www.annonces-legales.org\/blog\/#website\",\"url\":\"https:\/\/www.annonces-legales.org\/blog\/\",\"name\":\"Actualit\u00e9 des entreprises\",\"description\":\"\",\"publisher\":{\"@id\":\"https:\/\/www.annonces-legales.org\/blog\/#organization\"},\"potentialAction\":[{\"@type\":\"SearchAction\",\"target\":{\"@type\":\"EntryPoint\",\"urlTemplate\":\"https:\/\/www.annonces-legales.org\/blog\/?s={search_term_string}\"},\"query-input\":{\"@type\":\"PropertyValueSpecification\",\"valueRequired\":true,\"valueName\":\"search_term_string\"}}],\"inLanguage\":\"fr-FR\"},{\"@type\":\"Organization\",\"@id\":\"https:\/\/www.annonces-legales.org\/blog\/#organization\",\"name\":\"Actualit\u00e9 des entreprises\",\"url\":\"https:\/\/www.annonces-legales.org\/blog\/\",\"logo\":{\"@type\":\"ImageObject\",\"inLanguage\":\"fr-FR\",\"@id\":\"https:\/\/www.annonces-legales.org\/blog\/#\/schema\/logo\/image\/\",\"url\":\"https:\/\/www.annonces-legales.org\/blog\/wp-content\/uploads\/2023\/08\/annonces-legales.svg\",\"contentUrl\":\"https:\/\/www.annonces-legales.org\/blog\/wp-content\/uploads\/2023\/08\/annonces-legales.svg\",\"caption\":\"Actualit\u00e9 des entreprises\"},\"image\":{\"@id\":\"https:\/\/www.annonces-legales.org\/blog\/#\/schema\/logo\/image\/\"}}]}<\/script>\n<!-- \/ Yoast SEO plugin. -->","yoast_head_json":{"title":"La Semaine de l'Allier - Actualit\u00e9 des entreprises","robots":{"index":"index","follow":"follow","max-snippet":"max-snippet:-1","max-image-preview":"max-image-preview:large","max-video-preview":"max-video-preview:-1"},"canonical":"https:\/\/www.annonces-legales.org\/blog\/semaine-de-lallier\/","og_locale":"fr_FR","og_type":"article","og_title":"La Semaine de l'Allier - Actualit\u00e9 des entreprises","og_description":"Journal La Semaine de l&rsquo;Allier La Semaine de l&rsquo;Allier est un hebdomadaire tir\u00e9 \u00e0 plus de 5000 exemplaires. C&rsquo;est un [&hellip;]","og_url":"https:\/\/www.annonces-legales.org\/blog\/semaine-de-lallier\/","og_site_name":"Actualit\u00e9 des entreprises","article_modified_time":"2022-01-26T11:01:27+00:00","og_image":[{"width":450,"height":98,"url":"https:\/\/www.annonces-legales.org\/blog\/wp-content\/uploads\/2021\/09\/La-Semaine-de-lAllier.png","type":"image\/png"}],"twitter_card":"summary_large_image","twitter_misc":{"Dur\u00e9e de lecture estim\u00e9e":"2 minutes"},"schema":{"@context":"https:\/\/schema.org","@graph":[{"@type":"WebPage","@id":"https:\/\/www.annonces-legales.org\/blog\/semaine-de-lallier\/","url":"https:\/\/www.annonces-legales.org\/blog\/semaine-de-lallier\/","name":"La Semaine de l'Allier - Actualit\u00e9 des entreprises","isPartOf":{"@id":"https:\/\/www.annonces-legales.org\/blog\/#website"},"primaryImageOfPage":{"@id":"https:\/\/www.annonces-legales.org\/blog\/semaine-de-lallier\/#primaryimage"},"image":{"@id":"https:\/\/www.annonces-legales.org\/blog\/semaine-de-lallier\/#primaryimage"},"thumbnailUrl":"https:\/\/www.annonces-legales.org\/blog\/wp-content\/uploads\/2021\/09\/La-Semaine-de-lAllier.png","datePublished":"2021-09-01T18:48:12+00:00","dateModified":"2022-01-26T11:01:27+00:00","breadcrumb":{"@id":"https:\/\/www.annonces-legales.org\/blog\/semaine-de-lallier\/#breadcrumb"},"inLanguage":"fr-FR","potentialAction":[{"@type":"ReadAction","target":["https:\/\/www.annonces-legales.org\/blog\/semaine-de-lallier\/"]}]},{"@type":"ImageObject","inLanguage":"fr-FR","@id":"https:\/\/www.annonces-legales.org\/blog\/semaine-de-lallier\/#primaryimage","url":"https:\/\/www.annonces-legales.org\/blog\/wp-content\/uploads\/2021\/09\/La-Semaine-de-lAllier.png","contentUrl":"https:\/\/www.annonces-legales.org\/blog\/wp-content\/uploads\/2021\/09\/La-Semaine-de-lAllier.png","width":450,"height":98},{"@type":"BreadcrumbList","@id":"https:\/\/www.annonces-legales.org\/blog\/semaine-de-lallier\/#breadcrumb","itemListElement":[{"@type":"ListItem","position":1,"name":"Accueil","item":"https:\/\/www.annonces-legales.org\/blog\/"},{"@type":"ListItem","position":2,"name":"Liste des journaux habilit\u00e9s \u00e0 publier des annonces l\u00e9gales","item":"https:\/\/www.annonces-legales.org\/blog\/liste-des-journaux-habilites-a-publier-des-annonces-legales\/"},{"@type":"ListItem","position":3,"name":"La Semaine de l&rsquo;Allier"}]},{"@type":"WebSite","@id":"https:\/\/www.annonces-legales.org\/blog\/#website","url":"https:\/\/www.annonces-legales.org\/blog\/","name":"Actualit\u00e9 des entreprises","description":"","publisher":{"@id":"https:\/\/www.annonces-legales.org\/blog\/#organization"},"potentialAction":[{"@type":"SearchAction","target":{"@type":"EntryPoint","urlTemplate":"https:\/\/www.annonces-legales.org\/blog\/?s={search_term_string}"},"query-input":{"@type":"PropertyValueSpecification","valueRequired":true,"valueName":"search_term_string"}}],"inLanguage":"fr-FR"},{"@type":"Organization","@id":"https:\/\/www.annonces-legales.org\/blog\/#organization","name":"Actualit\u00e9 des entreprises","url":"https:\/\/www.annonces-legales.org\/blog\/","logo":{"@type":"ImageObject","inLanguage":"fr-FR","@id":"https:\/\/www.annonces-legales.org\/blog\/#\/schema\/logo\/image\/","url":"https:\/\/www.annonces-legales.org\/blog\/wp-content\/uploads\/2023\/08\/annonces-legales.svg","contentUrl":"https:\/\/www.annonces-legales.org\/blog\/wp-content\/uploads\/2023\/08\/annonces-legales.svg","caption":"Actualit\u00e9 des entreprises"},"image":{"@id":"https:\/\/www.annonces-legales.org\/blog\/#\/schema\/logo\/image\/"}}]}},"_links":{"self":[{"href":"https:\/\/www.annonces-legales.org\/blog\/wp-json\/wp\/v2\/pages\/431","targetHints":{"allow":["GET"]}}],"collection":[{"href":"https:\/\/www.annonces-legales.org\/blog\/wp-json\/wp\/v2\/pages"}],"about":[{"href":"https:\/\/www.annonces-legales.org\/blog\/wp-json\/wp\/v2\/types\/page"}],"author":[{"embeddable":true,"href":"https:\/\/www.annonces-legales.org\/blog\/wp-json\/wp\/v2\/users\/1"}],"replies":[{"embeddable":true,"href":"https:\/\/www.annonces-legales.org\/blog\/wp-json\/wp\/v2\/comments?post=431"}],"version-history":[{"count":8,"href":"https:\/\/www.annonces-legales.org\/blog\/wp-json\/wp\/v2\/pages\/431\/revisions"}],"predecessor-version":[{"id":1324,"href":"https:\/\/www.annonces-legales.org\/blog\/wp-json\/wp\/v2\/pages\/431\/revisions\/1324"}],"up":[{"embeddable":true,"href":"https:\/\/www.annonces-legales.org\/blog\/wp-json\/wp\/v2\/pages\/351"}],"wp:attachment":[{"href":"https:\/\/www.annonces-legales.org\/blog\/wp-json\/wp\/v2\/media?parent=431"}],"curies":[{"name":"wp","href":"https:\/\/api.w.org\/{rel}","templated":true}]}}