{"id":477,"date":"2021-09-01T21:46:22","date_gmt":"2021-09-01T19:46:22","guid":{"rendered":"https:\/\/www.annonces-legales.org\/blog\/?page_id=477"},"modified":"2022-01-26T11:36:10","modified_gmt":"2022-01-26T10:36:10","slug":"ardennais","status":"publish","type":"page","link":"https:\/\/www.annonces-legales.org\/blog\/ardennais\/","title":{"rendered":"Ardennais"},"content":{"rendered":"<h2><img loading=\"lazy\" decoding=\"async\" class=\"aligncenter size-full wp-image-479\" src=\"https:\/\/www.annonces-legales.org\/blog\/wp-content\/uploads\/2021\/09\/Ardennais.png\" alt=\"\" width=\"400\" height=\"400\" srcset=\"https:\/\/www.annonces-legales.org\/blog\/wp-content\/uploads\/2021\/09\/Ardennais.png 400w, https:\/\/www.annonces-legales.org\/blog\/wp-content\/uploads\/2021\/09\/Ardennais-300x300.png 300w, https:\/\/www.annonces-legales.org\/blog\/wp-content\/uploads\/2021\/09\/Ardennais-150x150.png 150w\" sizes=\"auto, (max-width: 400px) 100vw, 400px\" \/><\/h2>\n<h2>Le journal l&rsquo;Ardennais<\/h2>\n<p>Ce journal de l&rsquo;Ardenne, cr\u00e9\u00e9e \u00e0 Maizi\u00e8res \u00e0 la fin de la seconde guerre mondiale est un quotidien qui est vendu 1,25 euros, sauf le samedi o\u00f9 l&rsquo;on peut l&rsquo;acheter pour 1,80 euros.<\/p>\n<p>Il a d\u00e9j\u00e0 publi\u00e9 pas loin de 25 000 num\u00e9ros.<\/p>\n<p>Sur le <strong>journal l&rsquo;Ardennais<\/strong>, les lecteurs peuvent consulter des informations g\u00e9n\u00e9ralistes sur le d\u00e9partement. Il couvre, entre autre, l&rsquo;actualit\u00e9 de Sedan, Charleville-M\u00e9zi\u00e8res, Rethel, Vouziers, Givet et Revin.<\/p>\n<p>Le journal poss\u00e8de un site Internet ardennais.fr<br \/>\nIl est possible de s&rsquo;abonner au journal pour 29,90 \u20ac par mois pour 12 mois. L&rsquo;abonnement num\u00e9rique et moins cher et est propos\u00e9 \u00e0 19,90 \u20ac par mois. Le journal est tr\u00e8s moderne avec un site web de derni\u00e8re g\u00e9n\u00e9ration, responsive et tr\u00e8s facile \u00e0 lire.<\/p>\n<p>Ce journal est la propri\u00e9t\u00e9 du <strong>groupe Rossel<\/strong> qui poss\u00e8de \u00e9galement le m\u00e9dia 20minutes, le Journal l&rsquo;Union ou encore La Voix.<\/p>\n<p>&nbsp;<\/p>\n<h2>Qui sont les lecteurs du journal l&rsquo;Ardennais ?<\/h2>\n<p>Selon l&rsquo;ACPM, le journal est autant lu par des femmes que par des hommes. Les lecteurs consid\u00e9r\u00e9s CSP+ (cat\u00e9gories socio-professionnelles favoris\u00e9es) repr\u00e9sente 20% des lecteurs.<br \/>\nChaque num\u00e9ro est imprim\u00e9 \u00e0 plus de 70 000 exemplaires.<\/p>\n<br\/><br\/><div class=\"entry-content notopmargin\">\n\t<img decoding=\"async\" class=\"img-fluid fleft\" src=\"https:\/\/www.annonces-legales.org\/images\/rapide-economique-tout-departement.png\" alt=\"Journal d'annonce l\u00e9gale des Ardennes \"><a href=\"https:\/\/www.annonces-legales.org\/publication-annonce-legale.html\" class=\"button button-desc fright mtop30\"><div>Je publie<br> mon annonce<br> l\u00e9gale<\/div><span>dans un journal des Ardennes !<\/span><\/a>\n<\/div><div class=\"clrbth\"><\/div><br\/><br\/>\n<h2>Publier une annonce dans l&rsquo;Ardennais<\/h2>\n<p>Ce journal de la presse r\u00e9gionale est habilit\u00e9 pour effectuer des formalit\u00e9s l\u00e9gales d&rsquo;annonce pour le <strong>d\u00e9partement 08<\/strong>, le d\u00e9partement de l&rsquo;Ardenne. Si vous souhaitez faire une annonce l\u00e9gale pour votre entreprise dans ce d\u00e9partement, il existe d&rsquo;autres journaux d&rsquo;annonces l\u00e9gales qui peuvent le faire. Nous vous invitons \u00e0 faire un devis sur notre site pour obtenir le meilleur prix pour votre formalit\u00e9.<\/p>\n<p>&nbsp;<\/p>\n<p>&nbsp;<\/p>\n<h2>Rappel sur les annonces l\u00e9gales en Ardennes<\/h2>\n<h3>Quelles structures d&rsquo;entreprise Ard\u00e9noise ont besoin de publier une annonce l\u00e9gale ?<\/h3>\n<p>Les annonces l\u00e9gales et judiciaires sont un imp\u00e9ratif pour toutes les entreprises inscrites au greffe en Ardenne et ayant des statuts juridiques (SARL, EURL, SCI, SCM, SCPI, SCCV, SCI\u2026).<\/p>\n<p>Cette formalit\u00e9 n&rsquo;est pas \u00e0 faire pour les auto-entrepreneurs ard\u00e9nois ou pour les micro-entreprises.<\/p>\n<p>&nbsp;<\/p>\n<p>&nbsp;<\/p>\n<h3>Quel journal d&rsquo;annonces l\u00e9gales adopter ?<\/h3>\n<p>Le journal dans lequel vous irez faire para\u00eetre une annonce l\u00e9gale et judiciaire a peu d&rsquo;importance. Il faut simplement comparer les prix.<\/p>\n<p>Bien sur, le journal doit \u00e9galement avoir une habilitation en bonne et due forme de la pr\u00e9fecture des Ardennes. C&rsquo;est le cas pour le <strong>journal l&rsquo;Ardennais<\/strong> pour l&rsquo;ann\u00e9e 2001.<\/p>\n<p>Comparer les prix des annonces l\u00e9gales, c&rsquo;est tr\u00e8s facile avec nos services. Essayez, cela prend que quelques minutes !<\/p>\n<p>&nbsp;<\/p>\n<p>&nbsp;<\/p>\n","protected":false},"excerpt":{"rendered":"<p>Le journal l&rsquo;Ardennais Ce journal de l&rsquo;Ardenne, cr\u00e9\u00e9e \u00e0 Maizi\u00e8res \u00e0 la fin de la seconde guerre mondiale est un [&hellip;]<\/p>\n","protected":false},"author":1,"featured_media":0,"parent":351,"menu_order":0,"comment_status":"closed","ping_status":"closed","template":"","meta":{"inline_featured_image":false,"footnotes":""},"class_list":["post-477","page","type-page","status-publish","hentry"],"yoast_head":"<!-- This site is optimized with the Yoast SEO plugin v26.8 - https:\/\/yoast.com\/product\/yoast-seo-wordpress\/ -->\n<title>Ardennais - Actualit\u00e9 des entreprises<\/title>\n<meta name=\"robots\" content=\"index, follow, max-snippet:-1, max-image-preview:large, max-video-preview:-1\" \/>\n<link rel=\"canonical\" href=\"https:\/\/www.annonces-legales.org\/blog\/ardennais\/\" \/>\n<meta property=\"og:locale\" content=\"fr_FR\" \/>\n<meta property=\"og:type\" content=\"article\" \/>\n<meta property=\"og:title\" content=\"Ardennais - Actualit\u00e9 des entreprises\" \/>\n<meta property=\"og:description\" content=\"Le journal l&rsquo;Ardennais Ce journal de l&rsquo;Ardenne, cr\u00e9\u00e9e \u00e0 Maizi\u00e8res \u00e0 la fin de la seconde guerre mondiale est un [&hellip;]\" \/>\n<meta property=\"og:url\" content=\"https:\/\/www.annonces-legales.org\/blog\/ardennais\/\" \/>\n<meta property=\"og:site_name\" content=\"Actualit\u00e9 des entreprises\" \/>\n<meta property=\"article:modified_time\" content=\"2022-01-26T10:36:10+00:00\" \/>\n<meta property=\"og:image\" content=\"https:\/\/www.annonces-legales.org\/blog\/wp-content\/uploads\/2021\/09\/Ardennais.png\" \/>\n\t<meta property=\"og:image:width\" content=\"400\" \/>\n\t<meta property=\"og:image:height\" content=\"400\" \/>\n\t<meta property=\"og:image:type\" content=\"image\/png\" \/>\n<meta name=\"twitter:card\" content=\"summary_large_image\" \/>\n<meta name=\"twitter:label1\" content=\"Dur\u00e9e de lecture estim\u00e9e\" \/>\n\t<meta name=\"twitter:data1\" content=\"2 minutes\" \/>\n<script type=\"application\/ld+json\" class=\"yoast-schema-graph\">{\"@context\":\"https:\/\/schema.org\",\"@graph\":[{\"@type\":\"WebPage\",\"@id\":\"https:\/\/www.annonces-legales.org\/blog\/ardennais\/\",\"url\":\"https:\/\/www.annonces-legales.org\/blog\/ardennais\/\",\"name\":\"Ardennais - Actualit\u00e9 des entreprises\",\"isPartOf\":{\"@id\":\"https:\/\/www.annonces-legales.org\/blog\/#website\"},\"primaryImageOfPage\":{\"@id\":\"https:\/\/www.annonces-legales.org\/blog\/ardennais\/#primaryimage\"},\"image\":{\"@id\":\"https:\/\/www.annonces-legales.org\/blog\/ardennais\/#primaryimage\"},\"thumbnailUrl\":\"https:\/\/www.annonces-legales.org\/blog\/wp-content\/uploads\/2021\/09\/Ardennais.png\",\"datePublished\":\"2021-09-01T19:46:22+00:00\",\"dateModified\":\"2022-01-26T10:36:10+00:00\",\"breadcrumb\":{\"@id\":\"https:\/\/www.annonces-legales.org\/blog\/ardennais\/#breadcrumb\"},\"inLanguage\":\"fr-FR\",\"potentialAction\":[{\"@type\":\"ReadAction\",\"target\":[\"https:\/\/www.annonces-legales.org\/blog\/ardennais\/\"]}]},{\"@type\":\"ImageObject\",\"inLanguage\":\"fr-FR\",\"@id\":\"https:\/\/www.annonces-legales.org\/blog\/ardennais\/#primaryimage\",\"url\":\"https:\/\/www.annonces-legales.org\/blog\/wp-content\/uploads\/2021\/09\/Ardennais.png\",\"contentUrl\":\"https:\/\/www.annonces-legales.org\/blog\/wp-content\/uploads\/2021\/09\/Ardennais.png\",\"width\":400,\"height\":400},{\"@type\":\"BreadcrumbList\",\"@id\":\"https:\/\/www.annonces-legales.org\/blog\/ardennais\/#breadcrumb\",\"itemListElement\":[{\"@type\":\"ListItem\",\"position\":1,\"name\":\"Accueil\",\"item\":\"https:\/\/www.annonces-legales.org\/blog\/\"},{\"@type\":\"ListItem\",\"position\":2,\"name\":\"Liste des journaux habilit\u00e9s \u00e0 publier des annonces l\u00e9gales\",\"item\":\"https:\/\/www.annonces-legales.org\/blog\/liste-des-journaux-habilites-a-publier-des-annonces-legales\/\"},{\"@type\":\"ListItem\",\"position\":3,\"name\":\"Ardennais\"}]},{\"@type\":\"WebSite\",\"@id\":\"https:\/\/www.annonces-legales.org\/blog\/#website\",\"url\":\"https:\/\/www.annonces-legales.org\/blog\/\",\"name\":\"Actualit\u00e9 des entreprises\",\"description\":\"\",\"publisher\":{\"@id\":\"https:\/\/www.annonces-legales.org\/blog\/#organization\"},\"potentialAction\":[{\"@type\":\"SearchAction\",\"target\":{\"@type\":\"EntryPoint\",\"urlTemplate\":\"https:\/\/www.annonces-legales.org\/blog\/?s={search_term_string}\"},\"query-input\":{\"@type\":\"PropertyValueSpecification\",\"valueRequired\":true,\"valueName\":\"search_term_string\"}}],\"inLanguage\":\"fr-FR\"},{\"@type\":\"Organization\",\"@id\":\"https:\/\/www.annonces-legales.org\/blog\/#organization\",\"name\":\"Actualit\u00e9 des entreprises\",\"url\":\"https:\/\/www.annonces-legales.org\/blog\/\",\"logo\":{\"@type\":\"ImageObject\",\"inLanguage\":\"fr-FR\",\"@id\":\"https:\/\/www.annonces-legales.org\/blog\/#\/schema\/logo\/image\/\",\"url\":\"https:\/\/www.annonces-legales.org\/blog\/wp-content\/uploads\/2023\/08\/annonces-legales.svg\",\"contentUrl\":\"https:\/\/www.annonces-legales.org\/blog\/wp-content\/uploads\/2023\/08\/annonces-legales.svg\",\"caption\":\"Actualit\u00e9 des entreprises\"},\"image\":{\"@id\":\"https:\/\/www.annonces-legales.org\/blog\/#\/schema\/logo\/image\/\"}}]}<\/script>\n<!-- \/ Yoast SEO plugin. -->","yoast_head_json":{"title":"Ardennais - Actualit\u00e9 des entreprises","robots":{"index":"index","follow":"follow","max-snippet":"max-snippet:-1","max-image-preview":"max-image-preview:large","max-video-preview":"max-video-preview:-1"},"canonical":"https:\/\/www.annonces-legales.org\/blog\/ardennais\/","og_locale":"fr_FR","og_type":"article","og_title":"Ardennais - Actualit\u00e9 des entreprises","og_description":"Le journal l&rsquo;Ardennais Ce journal de l&rsquo;Ardenne, cr\u00e9\u00e9e \u00e0 Maizi\u00e8res \u00e0 la fin de la seconde guerre mondiale est un [&hellip;]","og_url":"https:\/\/www.annonces-legales.org\/blog\/ardennais\/","og_site_name":"Actualit\u00e9 des entreprises","article_modified_time":"2022-01-26T10:36:10+00:00","og_image":[{"width":400,"height":400,"url":"https:\/\/www.annonces-legales.org\/blog\/wp-content\/uploads\/2021\/09\/Ardennais.png","type":"image\/png"}],"twitter_card":"summary_large_image","twitter_misc":{"Dur\u00e9e de lecture estim\u00e9e":"2 minutes"},"schema":{"@context":"https:\/\/schema.org","@graph":[{"@type":"WebPage","@id":"https:\/\/www.annonces-legales.org\/blog\/ardennais\/","url":"https:\/\/www.annonces-legales.org\/blog\/ardennais\/","name":"Ardennais - Actualit\u00e9 des entreprises","isPartOf":{"@id":"https:\/\/www.annonces-legales.org\/blog\/#website"},"primaryImageOfPage":{"@id":"https:\/\/www.annonces-legales.org\/blog\/ardennais\/#primaryimage"},"image":{"@id":"https:\/\/www.annonces-legales.org\/blog\/ardennais\/#primaryimage"},"thumbnailUrl":"https:\/\/www.annonces-legales.org\/blog\/wp-content\/uploads\/2021\/09\/Ardennais.png","datePublished":"2021-09-01T19:46:22+00:00","dateModified":"2022-01-26T10:36:10+00:00","breadcrumb":{"@id":"https:\/\/www.annonces-legales.org\/blog\/ardennais\/#breadcrumb"},"inLanguage":"fr-FR","potentialAction":[{"@type":"ReadAction","target":["https:\/\/www.annonces-legales.org\/blog\/ardennais\/"]}]},{"@type":"ImageObject","inLanguage":"fr-FR","@id":"https:\/\/www.annonces-legales.org\/blog\/ardennais\/#primaryimage","url":"https:\/\/www.annonces-legales.org\/blog\/wp-content\/uploads\/2021\/09\/Ardennais.png","contentUrl":"https:\/\/www.annonces-legales.org\/blog\/wp-content\/uploads\/2021\/09\/Ardennais.png","width":400,"height":400},{"@type":"BreadcrumbList","@id":"https:\/\/www.annonces-legales.org\/blog\/ardennais\/#breadcrumb","itemListElement":[{"@type":"ListItem","position":1,"name":"Accueil","item":"https:\/\/www.annonces-legales.org\/blog\/"},{"@type":"ListItem","position":2,"name":"Liste des journaux habilit\u00e9s \u00e0 publier des annonces l\u00e9gales","item":"https:\/\/www.annonces-legales.org\/blog\/liste-des-journaux-habilites-a-publier-des-annonces-legales\/"},{"@type":"ListItem","position":3,"name":"Ardennais"}]},{"@type":"WebSite","@id":"https:\/\/www.annonces-legales.org\/blog\/#website","url":"https:\/\/www.annonces-legales.org\/blog\/","name":"Actualit\u00e9 des entreprises","description":"","publisher":{"@id":"https:\/\/www.annonces-legales.org\/blog\/#organization"},"potentialAction":[{"@type":"SearchAction","target":{"@type":"EntryPoint","urlTemplate":"https:\/\/www.annonces-legales.org\/blog\/?s={search_term_string}"},"query-input":{"@type":"PropertyValueSpecification","valueRequired":true,"valueName":"search_term_string"}}],"inLanguage":"fr-FR"},{"@type":"Organization","@id":"https:\/\/www.annonces-legales.org\/blog\/#organization","name":"Actualit\u00e9 des entreprises","url":"https:\/\/www.annonces-legales.org\/blog\/","logo":{"@type":"ImageObject","inLanguage":"fr-FR","@id":"https:\/\/www.annonces-legales.org\/blog\/#\/schema\/logo\/image\/","url":"https:\/\/www.annonces-legales.org\/blog\/wp-content\/uploads\/2023\/08\/annonces-legales.svg","contentUrl":"https:\/\/www.annonces-legales.org\/blog\/wp-content\/uploads\/2023\/08\/annonces-legales.svg","caption":"Actualit\u00e9 des entreprises"},"image":{"@id":"https:\/\/www.annonces-legales.org\/blog\/#\/schema\/logo\/image\/"}}]}},"_links":{"self":[{"href":"https:\/\/www.annonces-legales.org\/blog\/wp-json\/wp\/v2\/pages\/477","targetHints":{"allow":["GET"]}}],"collection":[{"href":"https:\/\/www.annonces-legales.org\/blog\/wp-json\/wp\/v2\/pages"}],"about":[{"href":"https:\/\/www.annonces-legales.org\/blog\/wp-json\/wp\/v2\/types\/page"}],"author":[{"embeddable":true,"href":"https:\/\/www.annonces-legales.org\/blog\/wp-json\/wp\/v2\/users\/1"}],"replies":[{"embeddable":true,"href":"https:\/\/www.annonces-legales.org\/blog\/wp-json\/wp\/v2\/comments?post=477"}],"version-history":[{"count":13,"href":"https:\/\/www.annonces-legales.org\/blog\/wp-json\/wp\/v2\/pages\/477\/revisions"}],"predecessor-version":[{"id":1366,"href":"https:\/\/www.annonces-legales.org\/blog\/wp-json\/wp\/v2\/pages\/477\/revisions\/1366"}],"up":[{"embeddable":true,"href":"https:\/\/www.annonces-legales.org\/blog\/wp-json\/wp\/v2\/pages\/351"}],"wp:attachment":[{"href":"https:\/\/www.annonces-legales.org\/blog\/wp-json\/wp\/v2\/media?parent=477"}],"curies":[{"name":"wp","href":"https:\/\/api.w.org\/{rel}","templated":true}]}}