{"id":483,"date":"2021-09-01T21:53:17","date_gmt":"2021-09-01T19:53:17","guid":{"rendered":"https:\/\/www.annonces-legales.org\/blog\/?page_id=483"},"modified":"2022-01-26T12:01:34","modified_gmt":"2022-01-26T11:01:34","slug":"semaine-des-ardennes","status":"publish","type":"page","link":"https:\/\/www.annonces-legales.org\/blog\/semaine-des-ardennes\/","title":{"rendered":"La Semaine des Ardennes"},"content":{"rendered":"<h2><img loading=\"lazy\" decoding=\"async\" class=\"aligncenter size-full wp-image-485\" src=\"https:\/\/www.annonces-legales.org\/blog\/wp-content\/uploads\/2021\/09\/La-semaine-des-Ardennes.png\" alt=\"\" width=\"400\" height=\"127\" srcset=\"https:\/\/www.annonces-legales.org\/blog\/wp-content\/uploads\/2021\/09\/La-semaine-des-Ardennes.png 400w, https:\/\/www.annonces-legales.org\/blog\/wp-content\/uploads\/2021\/09\/La-semaine-des-Ardennes-300x95.png 300w\" sizes=\"auto, (max-width: 400px) 100vw, 400px\" \/><\/h2>\n<h2>L&rsquo;hebdomadaire La semaine des Ardennes<\/h2>\n<p>Cet hebdomadaire au format tablo\u00efd d&rsquo;environ 40 pages, est vendu 1,30 \u20ac le num\u00e9ro. Il est diffus\u00e9 \u00e0 plus de 2000 exemplaires chaque semaine.<br \/>\nFond\u00e9e en 2009, le <strong>journal La Semaine des Ardennes<\/strong> poss\u00e8de \u00e9galement son site Internet (lasemainedesardennes.fr) et des pages sur les r\u00e9seaux sociaux Twitter et Facebook. Le lecteur ardennais peut s&rsquo;inscrire Pour 4,99 \u20ac par mois pour recevoir toutes les semaines ce journal.<\/p>\n<p>L&rsquo;adresse du journal est 80, Cours Aristide Briand 08000 \u00e0 Charleville-M\u00e9zi\u00e8res. Son email est <em>contact.ardennes@orange.fr<\/em><\/p>\n<p>Ce journal appartient au groupe Sogemedia qui poss\u00e8de de nombreuses autres publications locales d&rsquo;information, notamment dans la r\u00e9gion avec le journal <a href=\"https:\/\/www.annonces-legales.org\/blog\/voix-de-la-haute-marne\/\">La Voix de la Haute-Marne<\/a>.<\/p>\n<p>Ce journal poss\u00e8de l&rsquo;autorisation de sa pr\u00e9fecture pour faire des annonces officielles et l\u00e9gales sur le d\u00e9partement de l&rsquo;Ardenne. Depuis le 1er janvier 2010, La semaine des Ardennes (format papier) a publi\u00e9 plus de 1800 annonces l\u00e9gales.<\/p>\n<p>&nbsp;<\/p>\n<h2>Publier une annonce l\u00e9gale en Ardenne<\/h2>\n<p>La Semaine des Ardennes n&rsquo;est pas l&rsquo;unique journal pouvant faire des annonces l\u00e9gales en Ardennes. il y a aussi les journaux suivants: <a href=\"https:\/\/www.annonces-legales.org\/blog\/thierarche\/\">La Thi\u00e9rache<\/a>, Les Petites Affiches Matot Braine, L&rsquo;<a href=\"https:\/\/www.annonces-legales.org\/blog\/ardennais\/\">Ardennais<\/a>, <a href=\"https:\/\/www.annonces-legales.org\/blog\/agri-ardennes\/\">Agri-Ardennes<\/a>, L&rsquo;Union des Ardennes,\u00a0 <a href=\"https:\/\/www.annonces-legales.org\/blog\/courrier-la-gazette\/\">Le Courrier La Gazette<\/a>.<\/p>\n<p>&nbsp;<\/p>\n<h2>Comment publier une annonce l\u00e9gale dans le journal\u00a0La Semaine des Ardennes ?<\/h2>\n<p>Pour publier une annonce dans cet hebdomadaire, il est n\u00e9cessaire de contacter le journal directement.<br \/>\nPour plus de simplicit\u00e9, vous pouvez utiliser notre formulaire d&rsquo;annonce l\u00e9gale pour faire para\u00eetre facilement et au meilleurs prix une annonce dans un journal des Ardennes.<\/p>\n<br\/><br\/><div class=\"entry-content notopmargin\">\n\t<img decoding=\"async\" class=\"img-fluid fleft\" src=\"https:\/\/www.annonces-legales.org\/images\/rapide-economique-tout-departement.png\" alt=\"Journal d'annonce l\u00e9gale des Ardennes \"><a href=\"https:\/\/www.annonces-legales.org\/publication-annonce-legale.html\" class=\"button button-desc fright mtop30\"><div>Je publie<br> mon annonce<br> l\u00e9gale<\/div><span>dans un journal des Ardennes !<\/span><\/a>\n<\/div><div class=\"clrbth\"><\/div><br\/><br\/>\n<h2>Qui doit publier des annonces officielles ?<\/h2>\n<p>Les entreprises dont l&rsquo;adresse du si\u00e8ge est en Ardenne (08) vont devoir utiliser des journaux du d\u00e9partement pour faire publier leurs avis.<br \/>\nUn nombre important d&rsquo;\u00e9v\u00e8nements d\u00e9clenchent la publication d&rsquo;une annonce l\u00e9gale. Par exemple : une modification du nom de l&rsquo;entreprise, un changement de dirigeant, une fermeture ou une cr\u00e9ation de soci\u00e9t\u00e9&#8230;<\/p>\n<p>Les personnes physiques, lorsqu&rsquo;elles veulent publier un avis officiel vont \u00e9galement devoir utiliser des journaux habilit\u00e9 du d\u00e9partement comme <em>La Semaine des Ardennes.<\/em><\/p>\n<p>&nbsp;<\/p>\n","protected":false},"excerpt":{"rendered":"<p>L&rsquo;hebdomadaire La semaine des Ardennes Cet hebdomadaire au format tablo\u00efd d&rsquo;environ 40 pages, est vendu 1,30 \u20ac le num\u00e9ro. Il [&hellip;]<\/p>\n","protected":false},"author":1,"featured_media":0,"parent":351,"menu_order":0,"comment_status":"closed","ping_status":"closed","template":"","meta":{"inline_featured_image":false,"footnotes":""},"class_list":["post-483","page","type-page","status-publish","hentry"],"yoast_head":"<!-- This site is optimized with the Yoast SEO plugin v26.8 - https:\/\/yoast.com\/product\/yoast-seo-wordpress\/ -->\n<title>La Semaine des Ardennes - Actualit\u00e9 des entreprises<\/title>\n<meta name=\"robots\" content=\"index, follow, max-snippet:-1, max-image-preview:large, max-video-preview:-1\" \/>\n<link rel=\"canonical\" href=\"https:\/\/www.annonces-legales.org\/blog\/semaine-des-ardennes\/\" \/>\n<meta property=\"og:locale\" content=\"fr_FR\" \/>\n<meta property=\"og:type\" content=\"article\" \/>\n<meta property=\"og:title\" content=\"La Semaine des Ardennes - Actualit\u00e9 des entreprises\" \/>\n<meta property=\"og:description\" content=\"L&rsquo;hebdomadaire La semaine des Ardennes Cet hebdomadaire au format tablo\u00efd d&rsquo;environ 40 pages, est vendu 1,30 \u20ac le num\u00e9ro. Il [&hellip;]\" \/>\n<meta property=\"og:url\" content=\"https:\/\/www.annonces-legales.org\/blog\/semaine-des-ardennes\/\" \/>\n<meta property=\"og:site_name\" content=\"Actualit\u00e9 des entreprises\" \/>\n<meta property=\"article:modified_time\" content=\"2022-01-26T11:01:34+00:00\" \/>\n<meta property=\"og:image\" content=\"https:\/\/www.annonces-legales.org\/blog\/wp-content\/uploads\/2021\/09\/La-semaine-des-Ardennes.png\" \/>\n\t<meta property=\"og:image:width\" content=\"400\" \/>\n\t<meta property=\"og:image:height\" content=\"127\" \/>\n\t<meta property=\"og:image:type\" content=\"image\/png\" \/>\n<meta name=\"twitter:card\" content=\"summary_large_image\" \/>\n<meta name=\"twitter:label1\" content=\"Dur\u00e9e de lecture estim\u00e9e\" \/>\n\t<meta name=\"twitter:data1\" content=\"2 minutes\" \/>\n<script type=\"application\/ld+json\" class=\"yoast-schema-graph\">{\"@context\":\"https:\/\/schema.org\",\"@graph\":[{\"@type\":\"WebPage\",\"@id\":\"https:\/\/www.annonces-legales.org\/blog\/semaine-des-ardennes\/\",\"url\":\"https:\/\/www.annonces-legales.org\/blog\/semaine-des-ardennes\/\",\"name\":\"La Semaine des Ardennes - Actualit\u00e9 des entreprises\",\"isPartOf\":{\"@id\":\"https:\/\/www.annonces-legales.org\/blog\/#website\"},\"primaryImageOfPage\":{\"@id\":\"https:\/\/www.annonces-legales.org\/blog\/semaine-des-ardennes\/#primaryimage\"},\"image\":{\"@id\":\"https:\/\/www.annonces-legales.org\/blog\/semaine-des-ardennes\/#primaryimage\"},\"thumbnailUrl\":\"https:\/\/www.annonces-legales.org\/blog\/wp-content\/uploads\/2021\/09\/La-semaine-des-Ardennes.png\",\"datePublished\":\"2021-09-01T19:53:17+00:00\",\"dateModified\":\"2022-01-26T11:01:34+00:00\",\"breadcrumb\":{\"@id\":\"https:\/\/www.annonces-legales.org\/blog\/semaine-des-ardennes\/#breadcrumb\"},\"inLanguage\":\"fr-FR\",\"potentialAction\":[{\"@type\":\"ReadAction\",\"target\":[\"https:\/\/www.annonces-legales.org\/blog\/semaine-des-ardennes\/\"]}]},{\"@type\":\"ImageObject\",\"inLanguage\":\"fr-FR\",\"@id\":\"https:\/\/www.annonces-legales.org\/blog\/semaine-des-ardennes\/#primaryimage\",\"url\":\"https:\/\/www.annonces-legales.org\/blog\/wp-content\/uploads\/2021\/09\/La-semaine-des-Ardennes.png\",\"contentUrl\":\"https:\/\/www.annonces-legales.org\/blog\/wp-content\/uploads\/2021\/09\/La-semaine-des-Ardennes.png\",\"width\":400,\"height\":127},{\"@type\":\"BreadcrumbList\",\"@id\":\"https:\/\/www.annonces-legales.org\/blog\/semaine-des-ardennes\/#breadcrumb\",\"itemListElement\":[{\"@type\":\"ListItem\",\"position\":1,\"name\":\"Accueil\",\"item\":\"https:\/\/www.annonces-legales.org\/blog\/\"},{\"@type\":\"ListItem\",\"position\":2,\"name\":\"Liste des journaux habilit\u00e9s \u00e0 publier des annonces l\u00e9gales\",\"item\":\"https:\/\/www.annonces-legales.org\/blog\/liste-des-journaux-habilites-a-publier-des-annonces-legales\/\"},{\"@type\":\"ListItem\",\"position\":3,\"name\":\"La Semaine des Ardennes\"}]},{\"@type\":\"WebSite\",\"@id\":\"https:\/\/www.annonces-legales.org\/blog\/#website\",\"url\":\"https:\/\/www.annonces-legales.org\/blog\/\",\"name\":\"Actualit\u00e9 des entreprises\",\"description\":\"\",\"publisher\":{\"@id\":\"https:\/\/www.annonces-legales.org\/blog\/#organization\"},\"potentialAction\":[{\"@type\":\"SearchAction\",\"target\":{\"@type\":\"EntryPoint\",\"urlTemplate\":\"https:\/\/www.annonces-legales.org\/blog\/?s={search_term_string}\"},\"query-input\":{\"@type\":\"PropertyValueSpecification\",\"valueRequired\":true,\"valueName\":\"search_term_string\"}}],\"inLanguage\":\"fr-FR\"},{\"@type\":\"Organization\",\"@id\":\"https:\/\/www.annonces-legales.org\/blog\/#organization\",\"name\":\"Actualit\u00e9 des entreprises\",\"url\":\"https:\/\/www.annonces-legales.org\/blog\/\",\"logo\":{\"@type\":\"ImageObject\",\"inLanguage\":\"fr-FR\",\"@id\":\"https:\/\/www.annonces-legales.org\/blog\/#\/schema\/logo\/image\/\",\"url\":\"https:\/\/www.annonces-legales.org\/blog\/wp-content\/uploads\/2023\/08\/annonces-legales.svg\",\"contentUrl\":\"https:\/\/www.annonces-legales.org\/blog\/wp-content\/uploads\/2023\/08\/annonces-legales.svg\",\"caption\":\"Actualit\u00e9 des entreprises\"},\"image\":{\"@id\":\"https:\/\/www.annonces-legales.org\/blog\/#\/schema\/logo\/image\/\"}}]}<\/script>\n<!-- \/ Yoast SEO plugin. -->","yoast_head_json":{"title":"La Semaine des Ardennes - Actualit\u00e9 des entreprises","robots":{"index":"index","follow":"follow","max-snippet":"max-snippet:-1","max-image-preview":"max-image-preview:large","max-video-preview":"max-video-preview:-1"},"canonical":"https:\/\/www.annonces-legales.org\/blog\/semaine-des-ardennes\/","og_locale":"fr_FR","og_type":"article","og_title":"La Semaine des Ardennes - Actualit\u00e9 des entreprises","og_description":"L&rsquo;hebdomadaire La semaine des Ardennes Cet hebdomadaire au format tablo\u00efd d&rsquo;environ 40 pages, est vendu 1,30 \u20ac le num\u00e9ro. Il [&hellip;]","og_url":"https:\/\/www.annonces-legales.org\/blog\/semaine-des-ardennes\/","og_site_name":"Actualit\u00e9 des entreprises","article_modified_time":"2022-01-26T11:01:34+00:00","og_image":[{"width":400,"height":127,"url":"https:\/\/www.annonces-legales.org\/blog\/wp-content\/uploads\/2021\/09\/La-semaine-des-Ardennes.png","type":"image\/png"}],"twitter_card":"summary_large_image","twitter_misc":{"Dur\u00e9e de lecture estim\u00e9e":"2 minutes"},"schema":{"@context":"https:\/\/schema.org","@graph":[{"@type":"WebPage","@id":"https:\/\/www.annonces-legales.org\/blog\/semaine-des-ardennes\/","url":"https:\/\/www.annonces-legales.org\/blog\/semaine-des-ardennes\/","name":"La Semaine des Ardennes - Actualit\u00e9 des entreprises","isPartOf":{"@id":"https:\/\/www.annonces-legales.org\/blog\/#website"},"primaryImageOfPage":{"@id":"https:\/\/www.annonces-legales.org\/blog\/semaine-des-ardennes\/#primaryimage"},"image":{"@id":"https:\/\/www.annonces-legales.org\/blog\/semaine-des-ardennes\/#primaryimage"},"thumbnailUrl":"https:\/\/www.annonces-legales.org\/blog\/wp-content\/uploads\/2021\/09\/La-semaine-des-Ardennes.png","datePublished":"2021-09-01T19:53:17+00:00","dateModified":"2022-01-26T11:01:34+00:00","breadcrumb":{"@id":"https:\/\/www.annonces-legales.org\/blog\/semaine-des-ardennes\/#breadcrumb"},"inLanguage":"fr-FR","potentialAction":[{"@type":"ReadAction","target":["https:\/\/www.annonces-legales.org\/blog\/semaine-des-ardennes\/"]}]},{"@type":"ImageObject","inLanguage":"fr-FR","@id":"https:\/\/www.annonces-legales.org\/blog\/semaine-des-ardennes\/#primaryimage","url":"https:\/\/www.annonces-legales.org\/blog\/wp-content\/uploads\/2021\/09\/La-semaine-des-Ardennes.png","contentUrl":"https:\/\/www.annonces-legales.org\/blog\/wp-content\/uploads\/2021\/09\/La-semaine-des-Ardennes.png","width":400,"height":127},{"@type":"BreadcrumbList","@id":"https:\/\/www.annonces-legales.org\/blog\/semaine-des-ardennes\/#breadcrumb","itemListElement":[{"@type":"ListItem","position":1,"name":"Accueil","item":"https:\/\/www.annonces-legales.org\/blog\/"},{"@type":"ListItem","position":2,"name":"Liste des journaux habilit\u00e9s \u00e0 publier des annonces l\u00e9gales","item":"https:\/\/www.annonces-legales.org\/blog\/liste-des-journaux-habilites-a-publier-des-annonces-legales\/"},{"@type":"ListItem","position":3,"name":"La Semaine des Ardennes"}]},{"@type":"WebSite","@id":"https:\/\/www.annonces-legales.org\/blog\/#website","url":"https:\/\/www.annonces-legales.org\/blog\/","name":"Actualit\u00e9 des entreprises","description":"","publisher":{"@id":"https:\/\/www.annonces-legales.org\/blog\/#organization"},"potentialAction":[{"@type":"SearchAction","target":{"@type":"EntryPoint","urlTemplate":"https:\/\/www.annonces-legales.org\/blog\/?s={search_term_string}"},"query-input":{"@type":"PropertyValueSpecification","valueRequired":true,"valueName":"search_term_string"}}],"inLanguage":"fr-FR"},{"@type":"Organization","@id":"https:\/\/www.annonces-legales.org\/blog\/#organization","name":"Actualit\u00e9 des entreprises","url":"https:\/\/www.annonces-legales.org\/blog\/","logo":{"@type":"ImageObject","inLanguage":"fr-FR","@id":"https:\/\/www.annonces-legales.org\/blog\/#\/schema\/logo\/image\/","url":"https:\/\/www.annonces-legales.org\/blog\/wp-content\/uploads\/2023\/08\/annonces-legales.svg","contentUrl":"https:\/\/www.annonces-legales.org\/blog\/wp-content\/uploads\/2023\/08\/annonces-legales.svg","caption":"Actualit\u00e9 des entreprises"},"image":{"@id":"https:\/\/www.annonces-legales.org\/blog\/#\/schema\/logo\/image\/"}}]}},"_links":{"self":[{"href":"https:\/\/www.annonces-legales.org\/blog\/wp-json\/wp\/v2\/pages\/483","targetHints":{"allow":["GET"]}}],"collection":[{"href":"https:\/\/www.annonces-legales.org\/blog\/wp-json\/wp\/v2\/pages"}],"about":[{"href":"https:\/\/www.annonces-legales.org\/blog\/wp-json\/wp\/v2\/types\/page"}],"author":[{"embeddable":true,"href":"https:\/\/www.annonces-legales.org\/blog\/wp-json\/wp\/v2\/users\/1"}],"replies":[{"embeddable":true,"href":"https:\/\/www.annonces-legales.org\/blog\/wp-json\/wp\/v2\/comments?post=483"}],"version-history":[{"count":6,"href":"https:\/\/www.annonces-legales.org\/blog\/wp-json\/wp\/v2\/pages\/483\/revisions"}],"predecessor-version":[{"id":1101,"href":"https:\/\/www.annonces-legales.org\/blog\/wp-json\/wp\/v2\/pages\/483\/revisions\/1101"}],"up":[{"embeddable":true,"href":"https:\/\/www.annonces-legales.org\/blog\/wp-json\/wp\/v2\/pages\/351"}],"wp:attachment":[{"href":"https:\/\/www.annonces-legales.org\/blog\/wp-json\/wp\/v2\/media?parent=483"}],"curies":[{"name":"wp","href":"https:\/\/api.w.org\/{rel}","templated":true}]}}