{"id":512,"date":"2021-09-01T22:26:57","date_gmt":"2021-09-01T20:26:57","guid":{"rendered":"https:\/\/www.annonces-legales.org\/blog\/?page_id=512"},"modified":"2022-01-26T11:47:32","modified_gmt":"2022-01-26T10:47:32","slug":"echo-du-languedoc","status":"publish","type":"page","link":"https:\/\/www.annonces-legales.org\/blog\/echo-du-languedoc\/","title":{"rendered":"Echo du Languedoc"},"content":{"rendered":"<p><img loading=\"lazy\" decoding=\"async\" class=\"aligncenter size-full wp-image-513\" src=\"https:\/\/www.annonces-legales.org\/blog\/wp-content\/uploads\/2021\/09\/Echo-du-Languedoc.png\" alt=\"\" width=\"400\" height=\"132\" srcset=\"https:\/\/www.annonces-legales.org\/blog\/wp-content\/uploads\/2021\/09\/Echo-du-Languedoc.png 400w, https:\/\/www.annonces-legales.org\/blog\/wp-content\/uploads\/2021\/09\/Echo-du-Languedoc-300x99.png 300w\" sizes=\"auto, (max-width: 400px) 100vw, 400px\" \/><\/p>\n<p>&nbsp;<\/p>\n<p>Cet hebdomadaire local est un journal qui propose des informations g\u00e9n\u00e9ralistes, de divertissement, de sport, de droit et d&rsquo;\u00e9conomie . Ces actualit\u00e9s concernent le d\u00e9partement de l&rsquo;Aude et plus particuli\u00e8rement la r\u00e9gion du Languedoc. L&rsquo;abonnement au journal co\u00fbte seulement 30 \u20ac TTC par an.<\/p>\n<p>Le <strong>journal \u00c9cho du Languedoc<\/strong> c&rsquo;est aussi l&rsquo;ensemble des annonces judiciaires et l\u00e9gales du greffe du tribunal de commerce de Carcassonne et de Narbonne ainsi que les ventes aux ench\u00e8res et appels d&rsquo;offres publiques. Le journal est donc habilit\u00e9 faire des annonces l\u00e9gales pour les entreprises du d\u00e9partement de l&rsquo;Aude (11). Il publie environ 3000 annonces l\u00e9gales chaque ann\u00e9e.<\/p>\n<p>Il existe depuis plus de 30 ans et para\u00eet tous les vendredis.<\/p>\n<p>L&rsquo;adresse du journal est 40, Boulevard Fr\u00e9d\u00e9ric mistral 11100 Narbonne.<br \/>\nSon t\u00e9l\u00e9phone est le 04 68 90 71 09.<br \/>\nAdresse web de cet hebdomadaire: echo-languedoc.fr<\/p>\n<p>&nbsp;<\/p>\n<br\/><br\/><div class=\"entry-content notopmargin\">\n\t<img decoding=\"async\" class=\"img-fluid fleft\" src=\"https:\/\/www.annonces-legales.org\/images\/rapide-economique-tout-departement.png\" alt=\"Journal d'annonce l\u00e9gale de l'Aude \"><a href=\"https:\/\/www.annonces-legales.org\/publication-annonce-legale.html\" class=\"button button-desc fright mtop30\"><div>Je publie<br> mon annonce<br> l\u00e9gale<\/div><span>dans un journal de l'Aude !<\/span><\/a>\n<\/div><div class=\"clrbth\"><\/div><br\/><br\/>\n<p>&nbsp;<\/p>\n<h2>L\u2019\u00c9cho du Languedoc sur le web<\/h2>\n<p><img loading=\"lazy\" decoding=\"async\" class=\"aligncenter size-full wp-image-1480\" src=\"https:\/\/www.annonces-legales.org\/blog\/wp-content\/uploads\/2021\/10\/echo-du-languedoc-web.png\" alt=\"\" width=\"650\" height=\"527\" srcset=\"https:\/\/www.annonces-legales.org\/blog\/wp-content\/uploads\/2021\/10\/echo-du-languedoc-web.png 650w, https:\/\/www.annonces-legales.org\/blog\/wp-content\/uploads\/2021\/10\/echo-du-languedoc-web-300x243.png 300w\" sizes=\"auto, (max-width: 650px) 100vw, 650px\" \/><\/p>\n<p>Le site offre des actualit\u00e9s et des informations en ligne sur l&rsquo;Aude et le Languedoc. Les informations sont class\u00e9es en 4 rubriques : Actualit\u00e9, \u00c9conomie, Sport, Culture et Loisirs. Beaucoup d&rsquo;informations sont disponibles gratuitement. D&rsquo;ailleurs les articles du journal n&rsquo;apparaissent pas pour les non abonn\u00e9s. Il faut pour cela \u00eatre abonn\u00e9 et se connecter.<\/p>\n<p>&nbsp;<\/p>\n<h2>Abonnement \u00e0 L\u2019\u00c9cho du Languedoc<\/h2>\n<p>Contrairement \u00e0 de nombreux autres journaux et magazines papier qui proposent plusieurs formules d&rsquo;abonnements, mensuel ou annuel, papier ou num\u00e9rique, <strong>L\u2019\u00c9cho du Languedoc<\/strong> propose une seule formule: Abonnement annuel \u00e0 30 euros par an qui donne droit \u00e0 la version num\u00e9rique et \u00e0 la version papier.<\/p>\n<p>&nbsp;<\/p>\n<h2>Qui doit ins\u00e9rer des annonces l\u00e9gales et judiciaires dans un journal officiel de l&rsquo;Aude ?<\/h2>\n<p>&nbsp;<\/p>\n<p>La majorit\u00e9 des entreprises de type commerciale (personne morale) ont la responsabilit\u00e9 de publier des annonces l\u00e9gales et judiciaires.<br \/>\nLes structures de taille moyenne sont de ce fait concern\u00e9es.<br \/>\nLes SCI et EURL en font partie.<br \/>\nLes structures de petite taille (microentreprise) n&rsquo;auront pas \u00e0 r\u00e9aliser cette formalit\u00e9.<\/p>\n<p>Les audois, en tant que personne physique, doivent aussi faire une annonce judiciaire et l\u00e9gale dans 2 cas pr\u00e9cis: pour un changement de mariage et pour un changement de nom.<\/p>\n<p>&nbsp;<\/p>\n<h3>Quel est le prix par ligne pour le d\u00e9partement de l&rsquo;Aude ?<\/h3>\n<p>Le prix par ligne (pour les annonces de changement) est de 4,07 euros.<\/p>\n","protected":false},"excerpt":{"rendered":"<p>&nbsp; Cet hebdomadaire local est un journal qui propose des informations g\u00e9n\u00e9ralistes, de divertissement, de sport, de droit et d&rsquo;\u00e9conomie [&hellip;]<\/p>\n","protected":false},"author":1,"featured_media":0,"parent":351,"menu_order":0,"comment_status":"closed","ping_status":"closed","template":"","meta":{"inline_featured_image":false,"footnotes":""},"class_list":["post-512","page","type-page","status-publish","hentry"],"yoast_head":"<!-- This site is optimized with the Yoast SEO plugin v26.8 - https:\/\/yoast.com\/product\/yoast-seo-wordpress\/ -->\n<title>Echo du Languedoc - Actualit\u00e9 des entreprises<\/title>\n<meta name=\"robots\" content=\"index, follow, max-snippet:-1, max-image-preview:large, max-video-preview:-1\" \/>\n<link rel=\"canonical\" href=\"https:\/\/www.annonces-legales.org\/blog\/echo-du-languedoc\/\" \/>\n<meta property=\"og:locale\" content=\"fr_FR\" \/>\n<meta property=\"og:type\" content=\"article\" \/>\n<meta property=\"og:title\" content=\"Echo du Languedoc - Actualit\u00e9 des entreprises\" \/>\n<meta property=\"og:description\" content=\"&nbsp; Cet hebdomadaire local est un journal qui propose des informations g\u00e9n\u00e9ralistes, de divertissement, de sport, de droit et d&rsquo;\u00e9conomie [&hellip;]\" \/>\n<meta property=\"og:url\" content=\"https:\/\/www.annonces-legales.org\/blog\/echo-du-languedoc\/\" \/>\n<meta property=\"og:site_name\" content=\"Actualit\u00e9 des entreprises\" \/>\n<meta property=\"article:modified_time\" content=\"2022-01-26T10:47:32+00:00\" \/>\n<meta property=\"og:image\" content=\"https:\/\/www.annonces-legales.org\/blog\/wp-content\/uploads\/2021\/09\/Echo-du-Languedoc.png\" \/>\n\t<meta property=\"og:image:width\" content=\"400\" \/>\n\t<meta property=\"og:image:height\" content=\"132\" \/>\n\t<meta property=\"og:image:type\" content=\"image\/png\" \/>\n<meta name=\"twitter:card\" content=\"summary_large_image\" \/>\n<meta name=\"twitter:label1\" content=\"Dur\u00e9e de lecture estim\u00e9e\" \/>\n\t<meta name=\"twitter:data1\" content=\"2 minutes\" \/>\n<script type=\"application\/ld+json\" class=\"yoast-schema-graph\">{\"@context\":\"https:\/\/schema.org\",\"@graph\":[{\"@type\":\"WebPage\",\"@id\":\"https:\/\/www.annonces-legales.org\/blog\/echo-du-languedoc\/\",\"url\":\"https:\/\/www.annonces-legales.org\/blog\/echo-du-languedoc\/\",\"name\":\"Echo du Languedoc - Actualit\u00e9 des entreprises\",\"isPartOf\":{\"@id\":\"https:\/\/www.annonces-legales.org\/blog\/#website\"},\"primaryImageOfPage\":{\"@id\":\"https:\/\/www.annonces-legales.org\/blog\/echo-du-languedoc\/#primaryimage\"},\"image\":{\"@id\":\"https:\/\/www.annonces-legales.org\/blog\/echo-du-languedoc\/#primaryimage\"},\"thumbnailUrl\":\"https:\/\/www.annonces-legales.org\/blog\/wp-content\/uploads\/2021\/09\/Echo-du-Languedoc.png\",\"datePublished\":\"2021-09-01T20:26:57+00:00\",\"dateModified\":\"2022-01-26T10:47:32+00:00\",\"breadcrumb\":{\"@id\":\"https:\/\/www.annonces-legales.org\/blog\/echo-du-languedoc\/#breadcrumb\"},\"inLanguage\":\"fr-FR\",\"potentialAction\":[{\"@type\":\"ReadAction\",\"target\":[\"https:\/\/www.annonces-legales.org\/blog\/echo-du-languedoc\/\"]}]},{\"@type\":\"ImageObject\",\"inLanguage\":\"fr-FR\",\"@id\":\"https:\/\/www.annonces-legales.org\/blog\/echo-du-languedoc\/#primaryimage\",\"url\":\"https:\/\/www.annonces-legales.org\/blog\/wp-content\/uploads\/2021\/09\/Echo-du-Languedoc.png\",\"contentUrl\":\"https:\/\/www.annonces-legales.org\/blog\/wp-content\/uploads\/2021\/09\/Echo-du-Languedoc.png\",\"width\":400,\"height\":132},{\"@type\":\"BreadcrumbList\",\"@id\":\"https:\/\/www.annonces-legales.org\/blog\/echo-du-languedoc\/#breadcrumb\",\"itemListElement\":[{\"@type\":\"ListItem\",\"position\":1,\"name\":\"Accueil\",\"item\":\"https:\/\/www.annonces-legales.org\/blog\/\"},{\"@type\":\"ListItem\",\"position\":2,\"name\":\"Liste des journaux habilit\u00e9s \u00e0 publier des annonces l\u00e9gales\",\"item\":\"https:\/\/www.annonces-legales.org\/blog\/liste-des-journaux-habilites-a-publier-des-annonces-legales\/\"},{\"@type\":\"ListItem\",\"position\":3,\"name\":\"Echo du Languedoc\"}]},{\"@type\":\"WebSite\",\"@id\":\"https:\/\/www.annonces-legales.org\/blog\/#website\",\"url\":\"https:\/\/www.annonces-legales.org\/blog\/\",\"name\":\"Actualit\u00e9 des entreprises\",\"description\":\"\",\"publisher\":{\"@id\":\"https:\/\/www.annonces-legales.org\/blog\/#organization\"},\"potentialAction\":[{\"@type\":\"SearchAction\",\"target\":{\"@type\":\"EntryPoint\",\"urlTemplate\":\"https:\/\/www.annonces-legales.org\/blog\/?s={search_term_string}\"},\"query-input\":{\"@type\":\"PropertyValueSpecification\",\"valueRequired\":true,\"valueName\":\"search_term_string\"}}],\"inLanguage\":\"fr-FR\"},{\"@type\":\"Organization\",\"@id\":\"https:\/\/www.annonces-legales.org\/blog\/#organization\",\"name\":\"Actualit\u00e9 des entreprises\",\"url\":\"https:\/\/www.annonces-legales.org\/blog\/\",\"logo\":{\"@type\":\"ImageObject\",\"inLanguage\":\"fr-FR\",\"@id\":\"https:\/\/www.annonces-legales.org\/blog\/#\/schema\/logo\/image\/\",\"url\":\"https:\/\/www.annonces-legales.org\/blog\/wp-content\/uploads\/2023\/08\/annonces-legales.svg\",\"contentUrl\":\"https:\/\/www.annonces-legales.org\/blog\/wp-content\/uploads\/2023\/08\/annonces-legales.svg\",\"caption\":\"Actualit\u00e9 des entreprises\"},\"image\":{\"@id\":\"https:\/\/www.annonces-legales.org\/blog\/#\/schema\/logo\/image\/\"}}]}<\/script>\n<!-- \/ Yoast SEO plugin. -->","yoast_head_json":{"title":"Echo du Languedoc - Actualit\u00e9 des entreprises","robots":{"index":"index","follow":"follow","max-snippet":"max-snippet:-1","max-image-preview":"max-image-preview:large","max-video-preview":"max-video-preview:-1"},"canonical":"https:\/\/www.annonces-legales.org\/blog\/echo-du-languedoc\/","og_locale":"fr_FR","og_type":"article","og_title":"Echo du Languedoc - Actualit\u00e9 des entreprises","og_description":"&nbsp; Cet hebdomadaire local est un journal qui propose des informations g\u00e9n\u00e9ralistes, de divertissement, de sport, de droit et d&rsquo;\u00e9conomie [&hellip;]","og_url":"https:\/\/www.annonces-legales.org\/blog\/echo-du-languedoc\/","og_site_name":"Actualit\u00e9 des entreprises","article_modified_time":"2022-01-26T10:47:32+00:00","og_image":[{"width":400,"height":132,"url":"https:\/\/www.annonces-legales.org\/blog\/wp-content\/uploads\/2021\/09\/Echo-du-Languedoc.png","type":"image\/png"}],"twitter_card":"summary_large_image","twitter_misc":{"Dur\u00e9e de lecture estim\u00e9e":"2 minutes"},"schema":{"@context":"https:\/\/schema.org","@graph":[{"@type":"WebPage","@id":"https:\/\/www.annonces-legales.org\/blog\/echo-du-languedoc\/","url":"https:\/\/www.annonces-legales.org\/blog\/echo-du-languedoc\/","name":"Echo du Languedoc - Actualit\u00e9 des entreprises","isPartOf":{"@id":"https:\/\/www.annonces-legales.org\/blog\/#website"},"primaryImageOfPage":{"@id":"https:\/\/www.annonces-legales.org\/blog\/echo-du-languedoc\/#primaryimage"},"image":{"@id":"https:\/\/www.annonces-legales.org\/blog\/echo-du-languedoc\/#primaryimage"},"thumbnailUrl":"https:\/\/www.annonces-legales.org\/blog\/wp-content\/uploads\/2021\/09\/Echo-du-Languedoc.png","datePublished":"2021-09-01T20:26:57+00:00","dateModified":"2022-01-26T10:47:32+00:00","breadcrumb":{"@id":"https:\/\/www.annonces-legales.org\/blog\/echo-du-languedoc\/#breadcrumb"},"inLanguage":"fr-FR","potentialAction":[{"@type":"ReadAction","target":["https:\/\/www.annonces-legales.org\/blog\/echo-du-languedoc\/"]}]},{"@type":"ImageObject","inLanguage":"fr-FR","@id":"https:\/\/www.annonces-legales.org\/blog\/echo-du-languedoc\/#primaryimage","url":"https:\/\/www.annonces-legales.org\/blog\/wp-content\/uploads\/2021\/09\/Echo-du-Languedoc.png","contentUrl":"https:\/\/www.annonces-legales.org\/blog\/wp-content\/uploads\/2021\/09\/Echo-du-Languedoc.png","width":400,"height":132},{"@type":"BreadcrumbList","@id":"https:\/\/www.annonces-legales.org\/blog\/echo-du-languedoc\/#breadcrumb","itemListElement":[{"@type":"ListItem","position":1,"name":"Accueil","item":"https:\/\/www.annonces-legales.org\/blog\/"},{"@type":"ListItem","position":2,"name":"Liste des journaux habilit\u00e9s \u00e0 publier des annonces l\u00e9gales","item":"https:\/\/www.annonces-legales.org\/blog\/liste-des-journaux-habilites-a-publier-des-annonces-legales\/"},{"@type":"ListItem","position":3,"name":"Echo du Languedoc"}]},{"@type":"WebSite","@id":"https:\/\/www.annonces-legales.org\/blog\/#website","url":"https:\/\/www.annonces-legales.org\/blog\/","name":"Actualit\u00e9 des entreprises","description":"","publisher":{"@id":"https:\/\/www.annonces-legales.org\/blog\/#organization"},"potentialAction":[{"@type":"SearchAction","target":{"@type":"EntryPoint","urlTemplate":"https:\/\/www.annonces-legales.org\/blog\/?s={search_term_string}"},"query-input":{"@type":"PropertyValueSpecification","valueRequired":true,"valueName":"search_term_string"}}],"inLanguage":"fr-FR"},{"@type":"Organization","@id":"https:\/\/www.annonces-legales.org\/blog\/#organization","name":"Actualit\u00e9 des entreprises","url":"https:\/\/www.annonces-legales.org\/blog\/","logo":{"@type":"ImageObject","inLanguage":"fr-FR","@id":"https:\/\/www.annonces-legales.org\/blog\/#\/schema\/logo\/image\/","url":"https:\/\/www.annonces-legales.org\/blog\/wp-content\/uploads\/2023\/08\/annonces-legales.svg","contentUrl":"https:\/\/www.annonces-legales.org\/blog\/wp-content\/uploads\/2023\/08\/annonces-legales.svg","caption":"Actualit\u00e9 des entreprises"},"image":{"@id":"https:\/\/www.annonces-legales.org\/blog\/#\/schema\/logo\/image\/"}}]}},"_links":{"self":[{"href":"https:\/\/www.annonces-legales.org\/blog\/wp-json\/wp\/v2\/pages\/512","targetHints":{"allow":["GET"]}}],"collection":[{"href":"https:\/\/www.annonces-legales.org\/blog\/wp-json\/wp\/v2\/pages"}],"about":[{"href":"https:\/\/www.annonces-legales.org\/blog\/wp-json\/wp\/v2\/types\/page"}],"author":[{"embeddable":true,"href":"https:\/\/www.annonces-legales.org\/blog\/wp-json\/wp\/v2\/users\/1"}],"replies":[{"embeddable":true,"href":"https:\/\/www.annonces-legales.org\/blog\/wp-json\/wp\/v2\/comments?post=512"}],"version-history":[{"count":7,"href":"https:\/\/www.annonces-legales.org\/blog\/wp-json\/wp\/v2\/pages\/512\/revisions"}],"predecessor-version":[{"id":1484,"href":"https:\/\/www.annonces-legales.org\/blog\/wp-json\/wp\/v2\/pages\/512\/revisions\/1484"}],"up":[{"embeddable":true,"href":"https:\/\/www.annonces-legales.org\/blog\/wp-json\/wp\/v2\/pages\/351"}],"wp:attachment":[{"href":"https:\/\/www.annonces-legales.org\/blog\/wp-json\/wp\/v2\/media?parent=512"}],"curies":[{"name":"wp","href":"https:\/\/api.w.org\/{rel}","templated":true}]}}