{"id":579,"date":"2021-09-08T12:40:09","date_gmt":"2021-09-08T10:40:09","guid":{"rendered":"https:\/\/www.annonces-legales.org\/blog\/?page_id=579"},"modified":"2022-01-26T11:53:56","modified_gmt":"2022-01-26T10:53:56","slug":"lami-du-peuple-hebdo","status":"publish","type":"page","link":"https:\/\/www.annonces-legales.org\/blog\/lami-du-peuple-hebdo\/","title":{"rendered":"L&rsquo;ami du peuple Hebdo"},"content":{"rendered":"<p><img loading=\"lazy\" decoding=\"async\" class=\"aligncenter size-medium wp-image-624\" src=\"https:\/\/www.annonces-legales.org\/blog\/wp-content\/uploads\/2021\/09\/Lami-du-peuple-Hebdo-300x79.png\" alt=\"\" width=\"300\" height=\"79\" srcset=\"https:\/\/www.annonces-legales.org\/blog\/wp-content\/uploads\/2021\/09\/Lami-du-peuple-Hebdo-300x79.png 300w, https:\/\/www.annonces-legales.org\/blog\/wp-content\/uploads\/2021\/09\/Lami-du-peuple-Hebdo.png 450w\" sizes=\"auto, (max-width: 300px) 100vw, 300px\" \/><\/p>\n<p>Cet hebdomadaire r\u00e9gional alsacien est un journal catholique d&rsquo;information et d&rsquo;opinion qui a \u00e9t\u00e9 cr\u00e9\u00e9e \u00e0 Strasbourg en 1858. <strong>L&rsquo;ami du peuple Hebdo<\/strong> publie des actualit\u00e9s sur le d\u00e9partement du Bas-Rhin et du Haut-Rhin. Il est vendu 2 euros et est publi\u00e9e \u00e0 environ 20 000 exemplaires. Il comporte g\u00e9n\u00e9ralement 30 \u00e0 48 pages et il est imprim\u00e9 enti\u00e8rement en couleur. Il para\u00eet tous les vendredis et il est disponible en version num\u00e9rique.<\/p>\n<p>On appelle aussi l&rsquo;<strong>ami hebdo<\/strong>. C&rsquo;est l&rsquo;un des journaux les plus anciens de l&rsquo;Alsace et de la Moselle.<\/p>\n<p>Le Journal l&rsquo;Ami Hebdo poss\u00e8de un site web sur lequel il possible de commander les anciens num\u00e9ros et de s&rsquo;abonner au journal.<\/p>\n<p>Cet hebdomadaire a re\u00e7u des habilitations afin de <strong>publier des annonces l\u00e9gales dans les d\u00e9partements du Bas-Rhin (67) et du Haut-Rhin (68)<\/strong>.<\/p>\n<h2>Histoire du journal l&rsquo;ami du peuple Hebdo<\/h2>\n<p>Tout d&rsquo;abord en langue allemande, cet hebdomadaire catholique a subi diff\u00e9rentes mutations au fil des ann\u00e9es. Au d\u00e9part, c&rsquo;\u00e9tait un mensuel qui \u00e9tait publi\u00e9 en langue allemande uniquement. Apr\u00e8s la guerre de 1945 il devint bilingue (Fran\u00e7ais et Allemand). \u00c0 ce moment-l\u00e0 il est dirig\u00e9 par l&rsquo;abb\u00e9 Louis Ehrhard. Au cours des ann\u00e9es 50, il \u00e9tait vendu \u00e0 plus de 100 000 exemplaires.<br \/>\nDans les ann\u00e9es 80, le journal fusionne avec le journal de Moselle <strong>L&rsquo;ami des foyers chr\u00e9tiens<\/strong>, il devient alors L&rsquo;ami du peuple hebdo. C&rsquo;est en 2008 que son nom se transforme en L&rsquo;ami hebdo.<\/p>\n<p>Le journal emploi 25 personnes et travail avec une soixantaine de collaborateurs occasionnels. La r\u00e9daction du journal est \u00e0 Strasbourg au 30, Rue Thomann.<\/p>\n<p>L\u2019hebdomadaire poss\u00e8de \u00e9galement un bureau \u00e0 Mulhouse (11, Rue Paul d\u00e9roul\u00e8de 68100 Mulhouse) et \u00e0 Metz (11, Avenue Robert Schuman 57000 Metz).<\/p>\n","protected":false},"excerpt":{"rendered":"<p>Cet hebdomadaire r\u00e9gional alsacien est un journal catholique d&rsquo;information et d&rsquo;opinion qui a \u00e9t\u00e9 cr\u00e9\u00e9e \u00e0 Strasbourg en 1858. L&rsquo;ami [&hellip;]<\/p>\n","protected":false},"author":1,"featured_media":0,"parent":351,"menu_order":0,"comment_status":"closed","ping_status":"closed","template":"","meta":{"inline_featured_image":false,"footnotes":""},"class_list":["post-579","page","type-page","status-publish","hentry"],"yoast_head":"<!-- This site is optimized with the Yoast SEO plugin v26.8 - https:\/\/yoast.com\/product\/yoast-seo-wordpress\/ -->\n<title>L&#039;ami du peuple Hebdo - Actualit\u00e9 des entreprises<\/title>\n<meta name=\"robots\" content=\"index, follow, max-snippet:-1, max-image-preview:large, max-video-preview:-1\" \/>\n<link rel=\"canonical\" href=\"https:\/\/www.annonces-legales.org\/blog\/lami-du-peuple-hebdo\/\" \/>\n<meta property=\"og:locale\" content=\"fr_FR\" \/>\n<meta property=\"og:type\" content=\"article\" \/>\n<meta property=\"og:title\" content=\"L&#039;ami du peuple Hebdo - Actualit\u00e9 des entreprises\" \/>\n<meta property=\"og:description\" content=\"Cet hebdomadaire r\u00e9gional alsacien est un journal catholique d&rsquo;information et d&rsquo;opinion qui a \u00e9t\u00e9 cr\u00e9\u00e9e \u00e0 Strasbourg en 1858. L&rsquo;ami [&hellip;]\" \/>\n<meta property=\"og:url\" content=\"https:\/\/www.annonces-legales.org\/blog\/lami-du-peuple-hebdo\/\" \/>\n<meta property=\"og:site_name\" content=\"Actualit\u00e9 des entreprises\" \/>\n<meta property=\"article:modified_time\" content=\"2022-01-26T10:53:56+00:00\" \/>\n<meta property=\"og:image\" content=\"https:\/\/www.annonces-legales.org\/blog\/wp-content\/uploads\/2021\/09\/Lami-du-peuple-Hebdo.png\" \/>\n\t<meta property=\"og:image:width\" content=\"450\" \/>\n\t<meta property=\"og:image:height\" content=\"119\" \/>\n\t<meta property=\"og:image:type\" content=\"image\/png\" \/>\n<meta name=\"twitter:card\" content=\"summary_large_image\" \/>\n<meta name=\"twitter:label1\" content=\"Dur\u00e9e de lecture estim\u00e9e\" \/>\n\t<meta name=\"twitter:data1\" content=\"1 minute\" \/>\n<script type=\"application\/ld+json\" class=\"yoast-schema-graph\">{\"@context\":\"https:\/\/schema.org\",\"@graph\":[{\"@type\":\"WebPage\",\"@id\":\"https:\/\/www.annonces-legales.org\/blog\/lami-du-peuple-hebdo\/\",\"url\":\"https:\/\/www.annonces-legales.org\/blog\/lami-du-peuple-hebdo\/\",\"name\":\"L'ami du peuple Hebdo - Actualit\u00e9 des entreprises\",\"isPartOf\":{\"@id\":\"https:\/\/www.annonces-legales.org\/blog\/#website\"},\"primaryImageOfPage\":{\"@id\":\"https:\/\/www.annonces-legales.org\/blog\/lami-du-peuple-hebdo\/#primaryimage\"},\"image\":{\"@id\":\"https:\/\/www.annonces-legales.org\/blog\/lami-du-peuple-hebdo\/#primaryimage\"},\"thumbnailUrl\":\"https:\/\/www.annonces-legales.org\/blog\/wp-content\/uploads\/2021\/09\/Lami-du-peuple-Hebdo-300x79.png\",\"datePublished\":\"2021-09-08T10:40:09+00:00\",\"dateModified\":\"2022-01-26T10:53:56+00:00\",\"breadcrumb\":{\"@id\":\"https:\/\/www.annonces-legales.org\/blog\/lami-du-peuple-hebdo\/#breadcrumb\"},\"inLanguage\":\"fr-FR\",\"potentialAction\":[{\"@type\":\"ReadAction\",\"target\":[\"https:\/\/www.annonces-legales.org\/blog\/lami-du-peuple-hebdo\/\"]}]},{\"@type\":\"ImageObject\",\"inLanguage\":\"fr-FR\",\"@id\":\"https:\/\/www.annonces-legales.org\/blog\/lami-du-peuple-hebdo\/#primaryimage\",\"url\":\"https:\/\/www.annonces-legales.org\/blog\/wp-content\/uploads\/2021\/09\/Lami-du-peuple-Hebdo.png\",\"contentUrl\":\"https:\/\/www.annonces-legales.org\/blog\/wp-content\/uploads\/2021\/09\/Lami-du-peuple-Hebdo.png\",\"width\":450,\"height\":119},{\"@type\":\"BreadcrumbList\",\"@id\":\"https:\/\/www.annonces-legales.org\/blog\/lami-du-peuple-hebdo\/#breadcrumb\",\"itemListElement\":[{\"@type\":\"ListItem\",\"position\":1,\"name\":\"Accueil\",\"item\":\"https:\/\/www.annonces-legales.org\/blog\/\"},{\"@type\":\"ListItem\",\"position\":2,\"name\":\"Liste des journaux habilit\u00e9s \u00e0 publier des annonces l\u00e9gales\",\"item\":\"https:\/\/www.annonces-legales.org\/blog\/liste-des-journaux-habilites-a-publier-des-annonces-legales\/\"},{\"@type\":\"ListItem\",\"position\":3,\"name\":\"L&rsquo;ami du peuple Hebdo\"}]},{\"@type\":\"WebSite\",\"@id\":\"https:\/\/www.annonces-legales.org\/blog\/#website\",\"url\":\"https:\/\/www.annonces-legales.org\/blog\/\",\"name\":\"Actualit\u00e9 des entreprises\",\"description\":\"\",\"publisher\":{\"@id\":\"https:\/\/www.annonces-legales.org\/blog\/#organization\"},\"potentialAction\":[{\"@type\":\"SearchAction\",\"target\":{\"@type\":\"EntryPoint\",\"urlTemplate\":\"https:\/\/www.annonces-legales.org\/blog\/?s={search_term_string}\"},\"query-input\":{\"@type\":\"PropertyValueSpecification\",\"valueRequired\":true,\"valueName\":\"search_term_string\"}}],\"inLanguage\":\"fr-FR\"},{\"@type\":\"Organization\",\"@id\":\"https:\/\/www.annonces-legales.org\/blog\/#organization\",\"name\":\"Actualit\u00e9 des entreprises\",\"url\":\"https:\/\/www.annonces-legales.org\/blog\/\",\"logo\":{\"@type\":\"ImageObject\",\"inLanguage\":\"fr-FR\",\"@id\":\"https:\/\/www.annonces-legales.org\/blog\/#\/schema\/logo\/image\/\",\"url\":\"https:\/\/www.annonces-legales.org\/blog\/wp-content\/uploads\/2023\/08\/annonces-legales.svg\",\"contentUrl\":\"https:\/\/www.annonces-legales.org\/blog\/wp-content\/uploads\/2023\/08\/annonces-legales.svg\",\"caption\":\"Actualit\u00e9 des entreprises\"},\"image\":{\"@id\":\"https:\/\/www.annonces-legales.org\/blog\/#\/schema\/logo\/image\/\"}}]}<\/script>\n<!-- \/ Yoast SEO plugin. -->","yoast_head_json":{"title":"L'ami du peuple Hebdo - Actualit\u00e9 des entreprises","robots":{"index":"index","follow":"follow","max-snippet":"max-snippet:-1","max-image-preview":"max-image-preview:large","max-video-preview":"max-video-preview:-1"},"canonical":"https:\/\/www.annonces-legales.org\/blog\/lami-du-peuple-hebdo\/","og_locale":"fr_FR","og_type":"article","og_title":"L'ami du peuple Hebdo - Actualit\u00e9 des entreprises","og_description":"Cet hebdomadaire r\u00e9gional alsacien est un journal catholique d&rsquo;information et d&rsquo;opinion qui a \u00e9t\u00e9 cr\u00e9\u00e9e \u00e0 Strasbourg en 1858. L&rsquo;ami [&hellip;]","og_url":"https:\/\/www.annonces-legales.org\/blog\/lami-du-peuple-hebdo\/","og_site_name":"Actualit\u00e9 des entreprises","article_modified_time":"2022-01-26T10:53:56+00:00","og_image":[{"width":450,"height":119,"url":"https:\/\/www.annonces-legales.org\/blog\/wp-content\/uploads\/2021\/09\/Lami-du-peuple-Hebdo.png","type":"image\/png"}],"twitter_card":"summary_large_image","twitter_misc":{"Dur\u00e9e de lecture estim\u00e9e":"1 minute"},"schema":{"@context":"https:\/\/schema.org","@graph":[{"@type":"WebPage","@id":"https:\/\/www.annonces-legales.org\/blog\/lami-du-peuple-hebdo\/","url":"https:\/\/www.annonces-legales.org\/blog\/lami-du-peuple-hebdo\/","name":"L'ami du peuple Hebdo - Actualit\u00e9 des entreprises","isPartOf":{"@id":"https:\/\/www.annonces-legales.org\/blog\/#website"},"primaryImageOfPage":{"@id":"https:\/\/www.annonces-legales.org\/blog\/lami-du-peuple-hebdo\/#primaryimage"},"image":{"@id":"https:\/\/www.annonces-legales.org\/blog\/lami-du-peuple-hebdo\/#primaryimage"},"thumbnailUrl":"https:\/\/www.annonces-legales.org\/blog\/wp-content\/uploads\/2021\/09\/Lami-du-peuple-Hebdo-300x79.png","datePublished":"2021-09-08T10:40:09+00:00","dateModified":"2022-01-26T10:53:56+00:00","breadcrumb":{"@id":"https:\/\/www.annonces-legales.org\/blog\/lami-du-peuple-hebdo\/#breadcrumb"},"inLanguage":"fr-FR","potentialAction":[{"@type":"ReadAction","target":["https:\/\/www.annonces-legales.org\/blog\/lami-du-peuple-hebdo\/"]}]},{"@type":"ImageObject","inLanguage":"fr-FR","@id":"https:\/\/www.annonces-legales.org\/blog\/lami-du-peuple-hebdo\/#primaryimage","url":"https:\/\/www.annonces-legales.org\/blog\/wp-content\/uploads\/2021\/09\/Lami-du-peuple-Hebdo.png","contentUrl":"https:\/\/www.annonces-legales.org\/blog\/wp-content\/uploads\/2021\/09\/Lami-du-peuple-Hebdo.png","width":450,"height":119},{"@type":"BreadcrumbList","@id":"https:\/\/www.annonces-legales.org\/blog\/lami-du-peuple-hebdo\/#breadcrumb","itemListElement":[{"@type":"ListItem","position":1,"name":"Accueil","item":"https:\/\/www.annonces-legales.org\/blog\/"},{"@type":"ListItem","position":2,"name":"Liste des journaux habilit\u00e9s \u00e0 publier des annonces l\u00e9gales","item":"https:\/\/www.annonces-legales.org\/blog\/liste-des-journaux-habilites-a-publier-des-annonces-legales\/"},{"@type":"ListItem","position":3,"name":"L&rsquo;ami du peuple Hebdo"}]},{"@type":"WebSite","@id":"https:\/\/www.annonces-legales.org\/blog\/#website","url":"https:\/\/www.annonces-legales.org\/blog\/","name":"Actualit\u00e9 des entreprises","description":"","publisher":{"@id":"https:\/\/www.annonces-legales.org\/blog\/#organization"},"potentialAction":[{"@type":"SearchAction","target":{"@type":"EntryPoint","urlTemplate":"https:\/\/www.annonces-legales.org\/blog\/?s={search_term_string}"},"query-input":{"@type":"PropertyValueSpecification","valueRequired":true,"valueName":"search_term_string"}}],"inLanguage":"fr-FR"},{"@type":"Organization","@id":"https:\/\/www.annonces-legales.org\/blog\/#organization","name":"Actualit\u00e9 des entreprises","url":"https:\/\/www.annonces-legales.org\/blog\/","logo":{"@type":"ImageObject","inLanguage":"fr-FR","@id":"https:\/\/www.annonces-legales.org\/blog\/#\/schema\/logo\/image\/","url":"https:\/\/www.annonces-legales.org\/blog\/wp-content\/uploads\/2023\/08\/annonces-legales.svg","contentUrl":"https:\/\/www.annonces-legales.org\/blog\/wp-content\/uploads\/2023\/08\/annonces-legales.svg","caption":"Actualit\u00e9 des entreprises"},"image":{"@id":"https:\/\/www.annonces-legales.org\/blog\/#\/schema\/logo\/image\/"}}]}},"_links":{"self":[{"href":"https:\/\/www.annonces-legales.org\/blog\/wp-json\/wp\/v2\/pages\/579","targetHints":{"allow":["GET"]}}],"collection":[{"href":"https:\/\/www.annonces-legales.org\/blog\/wp-json\/wp\/v2\/pages"}],"about":[{"href":"https:\/\/www.annonces-legales.org\/blog\/wp-json\/wp\/v2\/types\/page"}],"author":[{"embeddable":true,"href":"https:\/\/www.annonces-legales.org\/blog\/wp-json\/wp\/v2\/users\/1"}],"replies":[{"embeddable":true,"href":"https:\/\/www.annonces-legales.org\/blog\/wp-json\/wp\/v2\/comments?post=579"}],"version-history":[{"count":2,"href":"https:\/\/www.annonces-legales.org\/blog\/wp-json\/wp\/v2\/pages\/579\/revisions"}],"predecessor-version":[{"id":625,"href":"https:\/\/www.annonces-legales.org\/blog\/wp-json\/wp\/v2\/pages\/579\/revisions\/625"}],"up":[{"embeddable":true,"href":"https:\/\/www.annonces-legales.org\/blog\/wp-json\/wp\/v2\/pages\/351"}],"wp:attachment":[{"href":"https:\/\/www.annonces-legales.org\/blog\/wp-json\/wp\/v2\/media?parent=579"}],"curies":[{"name":"wp","href":"https:\/\/api.w.org\/{rel}","templated":true}]}}

<p><img loading="lazy" decoding="async" class="aligncenter size-medium wp-image-624" src="https://www.annonces-legales.org/blog/wp-content/uploads/2021/09/Lami-du-peuple-Hebdo-300x79.png" alt="" width="300" height="79" srcset="https://www.annonces-legales.org/blog/wp-content/uploads/2021/09/Lami-du-peuple-Hebdo-300x79.png 300w, https://www.annonces-legales.org/blog/wp-content/uploads/2021/09/Lami-du-peuple-Hebdo.png 450w" sizes="auto, (max-width: 300px) 100vw, 300px" /></p>
<p>Cet hebdomadaire régional alsacien est un journal catholique d&rsquo;information et d&rsquo;opinion qui a été créée à Strasbourg en 1858. <strong>L&rsquo;ami du peuple Hebdo</strong> publie des actualités sur le département du Bas-Rhin et du Haut-Rhin. Il est vendu 2 euros et est publiée à environ 20 000 exemplaires. Il comporte généralement 30 à 48 pages et il est imprimé entièrement en couleur. Il paraît tous les vendredis et il est disponible en version numérique.</p>
<p>On appelle aussi l&rsquo;<strong>ami hebdo</strong>. C&rsquo;est l&rsquo;un des journaux les plus anciens de l&rsquo;Alsace et de la Moselle.</p>
<p>Le Journal l&rsquo;Ami Hebdo possède un site web sur lequel il possible de commander les anciens numéros et de s&rsquo;abonner au journal.</p>
<p>Cet hebdomadaire a reçu des habilitations afin de <strong>publier des annonces légales dans les départements du Bas-Rhin (67) et du Haut-Rhin (68)</strong>.</p>
<h2>Histoire du journal l&rsquo;ami du peuple Hebdo</h2>
<p>Tout d&rsquo;abord en langue allemande, cet hebdomadaire catholique a subi différentes mutations au fil des années. Au départ, c&rsquo;était un mensuel qui était publié en langue allemande uniquement. Après la guerre de 1945 il devint bilingue (Français et Allemand). À ce moment-là il est dirigé par l&rsquo;abbé Louis Ehrhard. Au cours des années 50, il était vendu à plus de 100 000 exemplaires.<br />
Dans les années 80, le journal fusionne avec le journal de Moselle <strong>L&rsquo;ami des foyers chrétiens</strong>, il devient alors L&rsquo;ami du peuple hebdo. C&rsquo;est en 2008 que son nom se transforme en L&rsquo;ami hebdo.</p>
<p>Le journal emploi 25 personnes et travail avec une soixantaine de collaborateurs occasionnels. La rédaction du journal est à Strasbourg au 30, Rue Thomann.</p>
<p>L’hebdomadaire possède également un bureau à Mulhouse (11, Rue Paul déroulède 68100 Mulhouse) et à Metz (11, Avenue Robert Schuman 57000 Metz).</p>

<p>Cet hebdomadaire régional alsacien est un journal catholique d&rsquo;information et d&rsquo;opinion qui a été créée à Strasbourg en 1858. L&rsquo;ami [&hellip;]</p>

<!-- This site is optimized with the Yoast SEO plugin v26.8 - https://yoast.com/product/yoast-seo-wordpress/ -->
<title>L&#039;ami du peuple Hebdo - Actualité des entreprises</title>
<meta name="robots" content="index, follow, max-snippet:-1, max-image-preview:large, max-video-preview:-1" />
<link rel="canonical" href="https://www.annonces-legales.org/blog/lami-du-peuple-hebdo/" />
<meta property="og:locale" content="fr_FR" />
<meta property="og:type" content="article" />
<meta property="og:title" content="L&#039;ami du peuple Hebdo - Actualité des entreprises" />
<meta property="og:description" content="Cet hebdomadaire régional alsacien est un journal catholique d&rsquo;information et d&rsquo;opinion qui a été créée à Strasbourg en 1858. L&rsquo;ami [&hellip;]" />
<meta property="og:url" content="https://www.annonces-legales.org/blog/lami-du-peuple-hebdo/" />
<meta property="og:site_name" content="Actualité des entreprises" />
<meta property="article:modified_time" content="2022-01-26T10:53:56+00:00" />
<meta property="og:image" content="https://www.annonces-legales.org/blog/wp-content/uploads/2021/09/Lami-du-peuple-Hebdo.png" />
	<meta property="og:image:width" content="450" />
	<meta property="og:image:height" content="119" />
	<meta property="og:image:type" content="image/png" />
<meta name="twitter:card" content="summary_large_image" />
<meta name="twitter:label1" content="Durée de lecture estimée" />
	<meta name="twitter:data1" content="1 minute" />
<script type="application/ld+json" class="yoast-schema-graph">{"@context":"https://schema.org","@graph":[{"@type":"WebPage","@id":"https://www.annonces-legales.org/blog/lami-du-peuple-hebdo/","url":"https://www.annonces-legales.org/blog/lami-du-peuple-hebdo/","name":"L'ami du peuple Hebdo - Actualité des entreprises","isPartOf":{"@id":"https://www.annonces-legales.org/blog/#website"},"primaryImageOfPage":{"@id":"https://www.annonces-legales.org/blog/lami-du-peuple-hebdo/#primaryimage"},"image":{"@id":"https://www.annonces-legales.org/blog/lami-du-peuple-hebdo/#primaryimage"},"thumbnailUrl":"https://www.annonces-legales.org/blog/wp-content/uploads/2021/09/Lami-du-peuple-Hebdo-300x79.png","datePublished":"2021-09-08T10:40:09+00:00","dateModified":"2022-01-26T10:53:56+00:00","breadcrumb":{"@id":"https://www.annonces-legales.org/blog/lami-du-peuple-hebdo/#breadcrumb"},"inLanguage":"fr-FR","potentialAction":[{"@type":"ReadAction","target":["https://www.annonces-legales.org/blog/lami-du-peuple-hebdo/"]}]},{"@type":"ImageObject","inLanguage":"fr-FR","@id":"https://www.annonces-legales.org/blog/lami-du-peuple-hebdo/#primaryimage","url":"https://www.annonces-legales.org/blog/wp-content/uploads/2021/09/Lami-du-peuple-Hebdo.png","contentUrl":"https://www.annonces-legales.org/blog/wp-content/uploads/2021/09/Lami-du-peuple-Hebdo.png","width":450,"height":119},{"@type":"BreadcrumbList","@id":"https://www.annonces-legales.org/blog/lami-du-peuple-hebdo/#breadcrumb","itemListElement":[{"@type":"ListItem","position":1,"name":"Accueil","item":"https://www.annonces-legales.org/blog/"},{"@type":"ListItem","position":2,"name":"Liste des journaux habilités à publier des annonces légales","item":"https://www.annonces-legales.org/blog/liste-des-journaux-habilites-a-publier-des-annonces-legales/"},{"@type":"ListItem","position":3,"name":"L&rsquo;ami du peuple Hebdo"}]},{"@type":"WebSite","@id":"https://www.annonces-legales.org/blog/#website","url":"https://www.annonces-legales.org/blog/","name":"Actualité des entreprises","description":"","publisher":{"@id":"https://www.annonces-legales.org/blog/#organization"},"potentialAction":[{"@type":"SearchAction","target":{"@type":"EntryPoint","urlTemplate":"https://www.annonces-legales.org/blog/?s={search_term_string}"},"query-input":{"@type":"PropertyValueSpecification","valueRequired":true,"valueName":"search_term_string"}}],"inLanguage":"fr-FR"},{"@type":"Organization","@id":"https://www.annonces-legales.org/blog/#organization","name":"Actualité des entreprises","url":"https://www.annonces-legales.org/blog/","logo":{"@type":"ImageObject","inLanguage":"fr-FR","@id":"https://www.annonces-legales.org/blog/#/schema/logo/image/","url":"https://www.annonces-legales.org/blog/wp-content/uploads/2023/08/annonces-legales.svg","contentUrl":"https://www.annonces-legales.org/blog/wp-content/uploads/2023/08/annonces-legales.svg","caption":"Actualité des entreprises"},"image":{"@id":"https://www.annonces-legales.org/blog/#/schema/logo/image/"}}]}</script>
<!-- / Yoast SEO plugin. -->

L'ami du peuple Hebdo - Actualité des entreprises

Cet hebdomadaire régional alsacien est un journal catholique d&rsquo;information et d&rsquo;opinion qui a été créée à Strasbourg en 1858. L&rsquo;ami [&hellip;]

Actualité des entreprises

Liste des journaux habilités à publier des annonces légales
