{"id":581,"date":"2021-09-08T12:44:22","date_gmt":"2021-09-08T10:44:22","guid":{"rendered":"https:\/\/www.annonces-legales.org\/blog\/?page_id=581"},"modified":"2022-01-26T12:10:47","modified_gmt":"2022-01-26T11:10:47","slug":"paysan-vosgien","status":"publish","type":"page","link":"https:\/\/www.annonces-legales.org\/blog\/paysan-vosgien\/","title":{"rendered":"Paysan Vosgien"},"content":{"rendered":"<p>Distribu\u00e9 \u00e0 plus de 3000 exemplaires tous les vendredis, l&rsquo;hebdomadaire le <strong>Paysan Vosgien<\/strong> offre des informations rurales et agricoles pour le <strong>d\u00e9partement des Vosges 88<\/strong>. Il est vendu 2,20 \u20ac.<\/p>\n<p><img loading=\"lazy\" decoding=\"async\" class=\"aligncenter size-medium wp-image-622\" src=\"https:\/\/www.annonces-legales.org\/blog\/wp-content\/uploads\/2021\/09\/Paysan-Vosgien-300x221.jpg\" alt=\"\" width=\"300\" height=\"221\" srcset=\"https:\/\/www.annonces-legales.org\/blog\/wp-content\/uploads\/2021\/09\/Paysan-Vosgien-300x221.jpg 300w, https:\/\/www.annonces-legales.org\/blog\/wp-content\/uploads\/2021\/09\/Paysan-Vosgien.jpg 315w\" sizes=\"auto, (max-width: 300px) 100vw, 300px\" \/><\/p>\n<p>Le journal poss\u00e8de une rubrique agenda avec l&rsquo;ensemble des \u00e9v\u00e9nements \u00e0 venir dans le grand Est de la France ainsi que dans les Vosges.<\/p>\n<p>Le Paysan Vosgien c&rsquo;est aussi une page m\u00e9tier avec des articles sur la vie rurale et agricole de la r\u00e9gion. Vous y trouverez \u00e9galement des informations sur les productions laiti\u00e8res et c\u00e9r\u00e9ali\u00e8res, ainsi que sur l&rsquo;\u00e9levage. Une partie du journal se veut \u00e9galement consacr\u00e9 \u00e0 l&rsquo;actualit\u00e9 g\u00e9n\u00e9raliste d\u00e9partementale ou r\u00e9gionale et m\u00eame europ\u00e9enne.<br \/>\nUne rubrique de petite annonce permet aux paysans des vosges de vendre ou d&rsquo;\u00e9changer leur mat\u00e9riel agricole, de vendre des animaux, de publier des offres d&#8217;emploi\u2026<br \/>\nLe journal propose \u00e9galement une partie \u00ab magazine \u00bb avec des recettes et des jeux th\u00e9matiques.<\/p>\n<p>Le paysan vosgien est aussi un journal d&rsquo;annonces l\u00e9gales qui peut publier pour le d\u00e9partement des Vosges 88. Que ce soit une annonce l\u00e9gale pour une personne physique ou pour une personne morale (SARL, EURL, SAS, SA, SCI\u2026), il est possible d&rsquo;utiliser ce journal pour faire cette formalit\u00e9 obligatoire.<\/p>\n<p>L&rsquo;hebdomadaire paysan vosgien poss\u00e8de \u00e9galement un site internet o\u00f9 il est possible de faire<strong> publier des annonces l\u00e9gale<\/strong>s sur le journal papier. Sur cette page web, il est possible de s&rsquo;abonner par t\u00e9l\u00e9phone. En effet, bien que tr\u00e8s esth\u00e9tique le site internet du Paysan Vosgien reste tr\u00e8s simple.<\/p>\n<p>L&rsquo;adresse du Paysan Vosgien est 17 rue Andre Vitu, 88026 Epinal. Son num\u00e9ro de contact t\u00e9l\u00e9phone est le 03 29 33 01 23.<\/p>\n<h2>Vous souhaitez faire une annonce l\u00e9gale dans le d\u00e9partement des Vosges 88 ?<\/h2>\n<p>Le paysan vosgien n&rsquo;est pas le seul journal qui peut accueillir vos annonces judiciaires l\u00e9gales afin d&rsquo;obtenir le meilleur tarif pour votre annonce l\u00e9gale dans les Vosges, vous pouvez utiliser les services d&rsquo;annonces\u2013legales.org. Pour cela, nous vous invitons \u00e0 <a href=\"https:\/\/www.annonces-legales.org\/publication-annonce-legale.html\">suivre ce lien<\/a>.<\/p>\n","protected":false},"excerpt":{"rendered":"<p>Distribu\u00e9 \u00e0 plus de 3000 exemplaires tous les vendredis, l&rsquo;hebdomadaire le Paysan Vosgien offre des informations rurales et agricoles pour [&hellip;]<\/p>\n","protected":false},"author":1,"featured_media":0,"parent":351,"menu_order":0,"comment_status":"closed","ping_status":"closed","template":"","meta":{"inline_featured_image":false,"footnotes":""},"class_list":["post-581","page","type-page","status-publish","hentry"],"yoast_head":"<!-- This site is optimized with the Yoast SEO plugin v26.8 - https:\/\/yoast.com\/product\/yoast-seo-wordpress\/ -->\n<title>Paysan Vosgien - Actualit\u00e9 des entreprises<\/title>\n<meta name=\"robots\" content=\"index, follow, max-snippet:-1, max-image-preview:large, max-video-preview:-1\" \/>\n<link rel=\"canonical\" href=\"https:\/\/www.annonces-legales.org\/blog\/paysan-vosgien\/\" \/>\n<meta property=\"og:locale\" content=\"fr_FR\" \/>\n<meta property=\"og:type\" content=\"article\" \/>\n<meta property=\"og:title\" content=\"Paysan Vosgien - Actualit\u00e9 des entreprises\" \/>\n<meta property=\"og:description\" content=\"Distribu\u00e9 \u00e0 plus de 3000 exemplaires tous les vendredis, l&rsquo;hebdomadaire le Paysan Vosgien offre des informations rurales et agricoles pour [&hellip;]\" \/>\n<meta property=\"og:url\" content=\"https:\/\/www.annonces-legales.org\/blog\/paysan-vosgien\/\" \/>\n<meta property=\"og:site_name\" content=\"Actualit\u00e9 des entreprises\" \/>\n<meta property=\"article:modified_time\" content=\"2022-01-26T11:10:47+00:00\" \/>\n<meta property=\"og:image\" content=\"https:\/\/www.annonces-legales.org\/blog\/wp-content\/uploads\/2021\/09\/Paysan-Vosgien.jpg\" \/>\n\t<meta property=\"og:image:width\" content=\"315\" \/>\n\t<meta property=\"og:image:height\" content=\"232\" \/>\n\t<meta property=\"og:image:type\" content=\"image\/jpeg\" \/>\n<meta name=\"twitter:card\" content=\"summary_large_image\" \/>\n<meta name=\"twitter:label1\" content=\"Dur\u00e9e de lecture estim\u00e9e\" \/>\n\t<meta name=\"twitter:data1\" content=\"2 minutes\" \/>\n<script type=\"application\/ld+json\" class=\"yoast-schema-graph\">{\"@context\":\"https:\/\/schema.org\",\"@graph\":[{\"@type\":\"WebPage\",\"@id\":\"https:\/\/www.annonces-legales.org\/blog\/paysan-vosgien\/\",\"url\":\"https:\/\/www.annonces-legales.org\/blog\/paysan-vosgien\/\",\"name\":\"Paysan Vosgien - Actualit\u00e9 des entreprises\",\"isPartOf\":{\"@id\":\"https:\/\/www.annonces-legales.org\/blog\/#website\"},\"primaryImageOfPage\":{\"@id\":\"https:\/\/www.annonces-legales.org\/blog\/paysan-vosgien\/#primaryimage\"},\"image\":{\"@id\":\"https:\/\/www.annonces-legales.org\/blog\/paysan-vosgien\/#primaryimage\"},\"thumbnailUrl\":\"https:\/\/www.annonces-legales.org\/blog\/wp-content\/uploads\/2021\/09\/Paysan-Vosgien-300x221.jpg\",\"datePublished\":\"2021-09-08T10:44:22+00:00\",\"dateModified\":\"2022-01-26T11:10:47+00:00\",\"breadcrumb\":{\"@id\":\"https:\/\/www.annonces-legales.org\/blog\/paysan-vosgien\/#breadcrumb\"},\"inLanguage\":\"fr-FR\",\"potentialAction\":[{\"@type\":\"ReadAction\",\"target\":[\"https:\/\/www.annonces-legales.org\/blog\/paysan-vosgien\/\"]}]},{\"@type\":\"ImageObject\",\"inLanguage\":\"fr-FR\",\"@id\":\"https:\/\/www.annonces-legales.org\/blog\/paysan-vosgien\/#primaryimage\",\"url\":\"https:\/\/www.annonces-legales.org\/blog\/wp-content\/uploads\/2021\/09\/Paysan-Vosgien.jpg\",\"contentUrl\":\"https:\/\/www.annonces-legales.org\/blog\/wp-content\/uploads\/2021\/09\/Paysan-Vosgien.jpg\",\"width\":315,\"height\":232},{\"@type\":\"BreadcrumbList\",\"@id\":\"https:\/\/www.annonces-legales.org\/blog\/paysan-vosgien\/#breadcrumb\",\"itemListElement\":[{\"@type\":\"ListItem\",\"position\":1,\"name\":\"Accueil\",\"item\":\"https:\/\/www.annonces-legales.org\/blog\/\"},{\"@type\":\"ListItem\",\"position\":2,\"name\":\"Liste des journaux habilit\u00e9s \u00e0 publier des annonces l\u00e9gales\",\"item\":\"https:\/\/www.annonces-legales.org\/blog\/liste-des-journaux-habilites-a-publier-des-annonces-legales\/\"},{\"@type\":\"ListItem\",\"position\":3,\"name\":\"Paysan Vosgien\"}]},{\"@type\":\"WebSite\",\"@id\":\"https:\/\/www.annonces-legales.org\/blog\/#website\",\"url\":\"https:\/\/www.annonces-legales.org\/blog\/\",\"name\":\"Actualit\u00e9 des entreprises\",\"description\":\"\",\"publisher\":{\"@id\":\"https:\/\/www.annonces-legales.org\/blog\/#organization\"},\"potentialAction\":[{\"@type\":\"SearchAction\",\"target\":{\"@type\":\"EntryPoint\",\"urlTemplate\":\"https:\/\/www.annonces-legales.org\/blog\/?s={search_term_string}\"},\"query-input\":{\"@type\":\"PropertyValueSpecification\",\"valueRequired\":true,\"valueName\":\"search_term_string\"}}],\"inLanguage\":\"fr-FR\"},{\"@type\":\"Organization\",\"@id\":\"https:\/\/www.annonces-legales.org\/blog\/#organization\",\"name\":\"Actualit\u00e9 des entreprises\",\"url\":\"https:\/\/www.annonces-legales.org\/blog\/\",\"logo\":{\"@type\":\"ImageObject\",\"inLanguage\":\"fr-FR\",\"@id\":\"https:\/\/www.annonces-legales.org\/blog\/#\/schema\/logo\/image\/\",\"url\":\"https:\/\/www.annonces-legales.org\/blog\/wp-content\/uploads\/2023\/08\/annonces-legales.svg\",\"contentUrl\":\"https:\/\/www.annonces-legales.org\/blog\/wp-content\/uploads\/2023\/08\/annonces-legales.svg\",\"caption\":\"Actualit\u00e9 des entreprises\"},\"image\":{\"@id\":\"https:\/\/www.annonces-legales.org\/blog\/#\/schema\/logo\/image\/\"}}]}<\/script>\n<!-- \/ Yoast SEO plugin. -->","yoast_head_json":{"title":"Paysan Vosgien - Actualit\u00e9 des entreprises","robots":{"index":"index","follow":"follow","max-snippet":"max-snippet:-1","max-image-preview":"max-image-preview:large","max-video-preview":"max-video-preview:-1"},"canonical":"https:\/\/www.annonces-legales.org\/blog\/paysan-vosgien\/","og_locale":"fr_FR","og_type":"article","og_title":"Paysan Vosgien - Actualit\u00e9 des entreprises","og_description":"Distribu\u00e9 \u00e0 plus de 3000 exemplaires tous les vendredis, l&rsquo;hebdomadaire le Paysan Vosgien offre des informations rurales et agricoles pour [&hellip;]","og_url":"https:\/\/www.annonces-legales.org\/blog\/paysan-vosgien\/","og_site_name":"Actualit\u00e9 des entreprises","article_modified_time":"2022-01-26T11:10:47+00:00","og_image":[{"width":315,"height":232,"url":"https:\/\/www.annonces-legales.org\/blog\/wp-content\/uploads\/2021\/09\/Paysan-Vosgien.jpg","type":"image\/jpeg"}],"twitter_card":"summary_large_image","twitter_misc":{"Dur\u00e9e de lecture estim\u00e9e":"2 minutes"},"schema":{"@context":"https:\/\/schema.org","@graph":[{"@type":"WebPage","@id":"https:\/\/www.annonces-legales.org\/blog\/paysan-vosgien\/","url":"https:\/\/www.annonces-legales.org\/blog\/paysan-vosgien\/","name":"Paysan Vosgien - Actualit\u00e9 des entreprises","isPartOf":{"@id":"https:\/\/www.annonces-legales.org\/blog\/#website"},"primaryImageOfPage":{"@id":"https:\/\/www.annonces-legales.org\/blog\/paysan-vosgien\/#primaryimage"},"image":{"@id":"https:\/\/www.annonces-legales.org\/blog\/paysan-vosgien\/#primaryimage"},"thumbnailUrl":"https:\/\/www.annonces-legales.org\/blog\/wp-content\/uploads\/2021\/09\/Paysan-Vosgien-300x221.jpg","datePublished":"2021-09-08T10:44:22+00:00","dateModified":"2022-01-26T11:10:47+00:00","breadcrumb":{"@id":"https:\/\/www.annonces-legales.org\/blog\/paysan-vosgien\/#breadcrumb"},"inLanguage":"fr-FR","potentialAction":[{"@type":"ReadAction","target":["https:\/\/www.annonces-legales.org\/blog\/paysan-vosgien\/"]}]},{"@type":"ImageObject","inLanguage":"fr-FR","@id":"https:\/\/www.annonces-legales.org\/blog\/paysan-vosgien\/#primaryimage","url":"https:\/\/www.annonces-legales.org\/blog\/wp-content\/uploads\/2021\/09\/Paysan-Vosgien.jpg","contentUrl":"https:\/\/www.annonces-legales.org\/blog\/wp-content\/uploads\/2021\/09\/Paysan-Vosgien.jpg","width":315,"height":232},{"@type":"BreadcrumbList","@id":"https:\/\/www.annonces-legales.org\/blog\/paysan-vosgien\/#breadcrumb","itemListElement":[{"@type":"ListItem","position":1,"name":"Accueil","item":"https:\/\/www.annonces-legales.org\/blog\/"},{"@type":"ListItem","position":2,"name":"Liste des journaux habilit\u00e9s \u00e0 publier des annonces l\u00e9gales","item":"https:\/\/www.annonces-legales.org\/blog\/liste-des-journaux-habilites-a-publier-des-annonces-legales\/"},{"@type":"ListItem","position":3,"name":"Paysan Vosgien"}]},{"@type":"WebSite","@id":"https:\/\/www.annonces-legales.org\/blog\/#website","url":"https:\/\/www.annonces-legales.org\/blog\/","name":"Actualit\u00e9 des entreprises","description":"","publisher":{"@id":"https:\/\/www.annonces-legales.org\/blog\/#organization"},"potentialAction":[{"@type":"SearchAction","target":{"@type":"EntryPoint","urlTemplate":"https:\/\/www.annonces-legales.org\/blog\/?s={search_term_string}"},"query-input":{"@type":"PropertyValueSpecification","valueRequired":true,"valueName":"search_term_string"}}],"inLanguage":"fr-FR"},{"@type":"Organization","@id":"https:\/\/www.annonces-legales.org\/blog\/#organization","name":"Actualit\u00e9 des entreprises","url":"https:\/\/www.annonces-legales.org\/blog\/","logo":{"@type":"ImageObject","inLanguage":"fr-FR","@id":"https:\/\/www.annonces-legales.org\/blog\/#\/schema\/logo\/image\/","url":"https:\/\/www.annonces-legales.org\/blog\/wp-content\/uploads\/2023\/08\/annonces-legales.svg","contentUrl":"https:\/\/www.annonces-legales.org\/blog\/wp-content\/uploads\/2023\/08\/annonces-legales.svg","caption":"Actualit\u00e9 des entreprises"},"image":{"@id":"https:\/\/www.annonces-legales.org\/blog\/#\/schema\/logo\/image\/"}}]}},"_links":{"self":[{"href":"https:\/\/www.annonces-legales.org\/blog\/wp-json\/wp\/v2\/pages\/581","targetHints":{"allow":["GET"]}}],"collection":[{"href":"https:\/\/www.annonces-legales.org\/blog\/wp-json\/wp\/v2\/pages"}],"about":[{"href":"https:\/\/www.annonces-legales.org\/blog\/wp-json\/wp\/v2\/types\/page"}],"author":[{"embeddable":true,"href":"https:\/\/www.annonces-legales.org\/blog\/wp-json\/wp\/v2\/users\/1"}],"replies":[{"embeddable":true,"href":"https:\/\/www.annonces-legales.org\/blog\/wp-json\/wp\/v2\/comments?post=581"}],"version-history":[{"count":3,"href":"https:\/\/www.annonces-legales.org\/blog\/wp-json\/wp\/v2\/pages\/581\/revisions"}],"predecessor-version":[{"id":623,"href":"https:\/\/www.annonces-legales.org\/blog\/wp-json\/wp\/v2\/pages\/581\/revisions\/623"}],"up":[{"embeddable":true,"href":"https:\/\/www.annonces-legales.org\/blog\/wp-json\/wp\/v2\/pages\/351"}],"wp:attachment":[{"href":"https:\/\/www.annonces-legales.org\/blog\/wp-json\/wp\/v2\/media?parent=581"}],"curies":[{"name":"wp","href":"https:\/\/api.w.org\/{rel}","templated":true}]}}