{"id":589,"date":"2021-09-08T12:50:37","date_gmt":"2021-09-08T10:50:37","guid":{"rendered":"https:\/\/www.annonces-legales.org\/blog\/?page_id=589"},"modified":"2022-01-26T11:33:02","modified_gmt":"2022-01-26T10:33:02","slug":"abeille-de-la-ternoise","status":"publish","type":"page","link":"https:\/\/www.annonces-legales.org\/blog\/abeille-de-la-ternoise\/","title":{"rendered":"Abeille de la Ternoise"},"content":{"rendered":"<p><img loading=\"lazy\" decoding=\"async\" class=\"aligncenter size-medium wp-image-618\" src=\"https:\/\/www.annonces-legales.org\/blog\/wp-content\/uploads\/2021\/09\/abeilledelaternoise-300x148.jpg\" alt=\"\" width=\"300\" height=\"148\" srcset=\"https:\/\/www.annonces-legales.org\/blog\/wp-content\/uploads\/2021\/09\/abeilledelaternoise-300x148.jpg 300w, https:\/\/www.annonces-legales.org\/blog\/wp-content\/uploads\/2021\/09\/abeilledelaternoise-768x380.jpg 768w, https:\/\/www.annonces-legales.org\/blog\/wp-content\/uploads\/2021\/09\/abeilledelaternoise.jpg 867w\" sizes=\"auto, (max-width: 300px) 100vw, 300px\" \/><\/p>\n<p>L&rsquo;<strong>Abeille de la Ternoise<\/strong> est un hebdomadaire du Pas-de-Calais qui a \u00e9t\u00e9 cr\u00e9\u00e9 en 1841. Il s&rsquo;appelait avant <strong>journal d&rsquo;annonce administrative, judiciaire et commerciale des villes et arrondissements de Saint-Pol<\/strong>. C&rsquo;\u00e9tait un journal politique bonapartiste. Ce journal est vendu 1,40 \u20ac et para\u00eet tous les jeudis. Le chef de la r\u00e9daction est Jean-Louis Pr\u00e9vost.<\/p>\n<p>Le journal propose des actualit\u00e9s du Pas-de-Calais, du Ternois, des 7 vall\u00e9es, de la r\u00e9gion de d&rsquo;Aubigny en Artois, de la r\u00e9gion de Bruay La Buissi\u00e8re et de la r\u00e9gion d&rsquo;Hesdin. On peut \u00e9galement le trouver en kiosque au nord de la Somme. Le journal propose d&rsquo;ailleurs diff\u00e9rentes \u00e9ditions locales.<\/p>\n<p>C&rsquo;est le seul journal ind\u00e9pendant du d\u00e9partement des Vosges. L&rsquo;Abeille de la Ternoise est totalement ind\u00e9pendant financi\u00e8rement et politiquement. Il peut donc proposer une <strong>information objective<\/strong> et propose ainsi des informations pertinentes sur ses 60 pages.<br \/>\nLe journal revendique plus de 40 000 lecteurs fid\u00e8les (10 000 exemplaires sont vendus chaque semaine). Le journal est distribu\u00e9 dans plus de 100 points de vente et poss\u00e8de une \u00e9quipe de 20 personnes avec en plus, des correspondants.<\/p>\n<p>L&rsquo;adresse du journal est 7 ZAE Canteraine 62130 Saint-Pol sur Ternoise. L&rsquo;adresse e-mail du journal est redaction@abeilledelaternoise.fr<\/p>\n<p>La pr\u00e9fecture du Pas-de-Calais 62 a octroy\u00e9 \u00e0 l&rsquo;hebdomadaire Abeille de la Ternoise une habilitation annuelle afin que le journal puisse publier des annonces judiciaires et l\u00e9gales.<\/p>\n<p>&nbsp;<\/p>\n<h2>Vous souhaitez publier une annonce l\u00e9gale dans le Pas-de-Calais 62 ?<\/h2>\n<br\/><br\/><div class=\"entry-content notopmargin\">\n\t<img decoding=\"async\" class=\"img-fluid fleft\" src=\"https:\/\/www.annonces-legales.org\/images\/rapide-economique-tout-departement.png\" alt=\"Journal d'annonce l\u00e9gale du 62 \"><a href=\"https:\/\/www.annonces-legales.org\/publication-annonce-legale.html\" class=\"button button-desc fright mtop30\"><div>Je publie<br> mon annonce<br> l\u00e9gale<\/div><span>dans un journal du 62 !<\/span><\/a>\n<\/div><div class=\"clrbth\"><\/div><br\/><br\/>\n<p>Il vous faudra utiliser un journal qui a re\u00e7u l&rsquo;habilitation de la pr\u00e9fecture du Pas-de-Calais. Pour ce faire, vous pouvez consulter notre page sur les annonces l\u00e9gales dans le Pas-de-Calais qui vous indique l&rsquo;ensemble des journaux qui sont habilit\u00e9s pour l&rsquo;ann\u00e9e en cours.<br \/>\nLe Pas-de-Calais est l&rsquo;un des d\u00e9partements avec le plus de journaux habilit\u00e9s \u00e0 publier des annonces l\u00e9gales. On en d\u00e9nombre une dizaine dont l&rsquo;Abeille de la Ternoise.<\/p>\n","protected":false},"excerpt":{"rendered":"<p>L&rsquo;Abeille de la Ternoise est un hebdomadaire du Pas-de-Calais qui a \u00e9t\u00e9 cr\u00e9\u00e9 en 1841. Il s&rsquo;appelait avant journal d&rsquo;annonce [&hellip;]<\/p>\n","protected":false},"author":1,"featured_media":0,"parent":351,"menu_order":0,"comment_status":"closed","ping_status":"closed","template":"","meta":{"inline_featured_image":false,"footnotes":""},"class_list":["post-589","page","type-page","status-publish","hentry"],"yoast_head":"<!-- This site is optimized with the Yoast SEO plugin v26.8 - https:\/\/yoast.com\/product\/yoast-seo-wordpress\/ -->\n<title>Abeille de la Ternoise - Actualit\u00e9 des entreprises<\/title>\n<meta name=\"robots\" content=\"index, follow, max-snippet:-1, max-image-preview:large, max-video-preview:-1\" \/>\n<link rel=\"canonical\" href=\"https:\/\/www.annonces-legales.org\/blog\/abeille-de-la-ternoise\/\" \/>\n<meta property=\"og:locale\" content=\"fr_FR\" \/>\n<meta property=\"og:type\" content=\"article\" \/>\n<meta property=\"og:title\" content=\"Abeille de la Ternoise - Actualit\u00e9 des entreprises\" \/>\n<meta property=\"og:description\" content=\"L&rsquo;Abeille de la Ternoise est un hebdomadaire du Pas-de-Calais qui a \u00e9t\u00e9 cr\u00e9\u00e9 en 1841. Il s&rsquo;appelait avant journal d&rsquo;annonce [&hellip;]\" \/>\n<meta property=\"og:url\" content=\"https:\/\/www.annonces-legales.org\/blog\/abeille-de-la-ternoise\/\" \/>\n<meta property=\"og:site_name\" content=\"Actualit\u00e9 des entreprises\" \/>\n<meta property=\"article:modified_time\" content=\"2022-01-26T10:33:02+00:00\" \/>\n<meta property=\"og:image\" content=\"https:\/\/www.annonces-legales.org\/blog\/wp-content\/uploads\/2021\/09\/abeilledelaternoise.jpg\" \/>\n\t<meta property=\"og:image:width\" content=\"867\" \/>\n\t<meta property=\"og:image:height\" content=\"429\" \/>\n\t<meta property=\"og:image:type\" content=\"image\/jpeg\" \/>\n<meta name=\"twitter:card\" content=\"summary_large_image\" \/>\n<meta name=\"twitter:label1\" content=\"Dur\u00e9e de lecture estim\u00e9e\" \/>\n\t<meta name=\"twitter:data1\" content=\"2 minutes\" \/>\n<script type=\"application\/ld+json\" class=\"yoast-schema-graph\">{\"@context\":\"https:\/\/schema.org\",\"@graph\":[{\"@type\":\"WebPage\",\"@id\":\"https:\/\/www.annonces-legales.org\/blog\/abeille-de-la-ternoise\/\",\"url\":\"https:\/\/www.annonces-legales.org\/blog\/abeille-de-la-ternoise\/\",\"name\":\"Abeille de la Ternoise - Actualit\u00e9 des entreprises\",\"isPartOf\":{\"@id\":\"https:\/\/www.annonces-legales.org\/blog\/#website\"},\"primaryImageOfPage\":{\"@id\":\"https:\/\/www.annonces-legales.org\/blog\/abeille-de-la-ternoise\/#primaryimage\"},\"image\":{\"@id\":\"https:\/\/www.annonces-legales.org\/blog\/abeille-de-la-ternoise\/#primaryimage\"},\"thumbnailUrl\":\"https:\/\/www.annonces-legales.org\/blog\/wp-content\/uploads\/2021\/09\/abeilledelaternoise-300x148.jpg\",\"datePublished\":\"2021-09-08T10:50:37+00:00\",\"dateModified\":\"2022-01-26T10:33:02+00:00\",\"breadcrumb\":{\"@id\":\"https:\/\/www.annonces-legales.org\/blog\/abeille-de-la-ternoise\/#breadcrumb\"},\"inLanguage\":\"fr-FR\",\"potentialAction\":[{\"@type\":\"ReadAction\",\"target\":[\"https:\/\/www.annonces-legales.org\/blog\/abeille-de-la-ternoise\/\"]}]},{\"@type\":\"ImageObject\",\"inLanguage\":\"fr-FR\",\"@id\":\"https:\/\/www.annonces-legales.org\/blog\/abeille-de-la-ternoise\/#primaryimage\",\"url\":\"https:\/\/www.annonces-legales.org\/blog\/wp-content\/uploads\/2021\/09\/abeilledelaternoise.jpg\",\"contentUrl\":\"https:\/\/www.annonces-legales.org\/blog\/wp-content\/uploads\/2021\/09\/abeilledelaternoise.jpg\",\"width\":867,\"height\":429},{\"@type\":\"BreadcrumbList\",\"@id\":\"https:\/\/www.annonces-legales.org\/blog\/abeille-de-la-ternoise\/#breadcrumb\",\"itemListElement\":[{\"@type\":\"ListItem\",\"position\":1,\"name\":\"Accueil\",\"item\":\"https:\/\/www.annonces-legales.org\/blog\/\"},{\"@type\":\"ListItem\",\"position\":2,\"name\":\"Liste des journaux habilit\u00e9s \u00e0 publier des annonces l\u00e9gales\",\"item\":\"https:\/\/www.annonces-legales.org\/blog\/liste-des-journaux-habilites-a-publier-des-annonces-legales\/\"},{\"@type\":\"ListItem\",\"position\":3,\"name\":\"Abeille de la Ternoise\"}]},{\"@type\":\"WebSite\",\"@id\":\"https:\/\/www.annonces-legales.org\/blog\/#website\",\"url\":\"https:\/\/www.annonces-legales.org\/blog\/\",\"name\":\"Actualit\u00e9 des entreprises\",\"description\":\"\",\"publisher\":{\"@id\":\"https:\/\/www.annonces-legales.org\/blog\/#organization\"},\"potentialAction\":[{\"@type\":\"SearchAction\",\"target\":{\"@type\":\"EntryPoint\",\"urlTemplate\":\"https:\/\/www.annonces-legales.org\/blog\/?s={search_term_string}\"},\"query-input\":{\"@type\":\"PropertyValueSpecification\",\"valueRequired\":true,\"valueName\":\"search_term_string\"}}],\"inLanguage\":\"fr-FR\"},{\"@type\":\"Organization\",\"@id\":\"https:\/\/www.annonces-legales.org\/blog\/#organization\",\"name\":\"Actualit\u00e9 des entreprises\",\"url\":\"https:\/\/www.annonces-legales.org\/blog\/\",\"logo\":{\"@type\":\"ImageObject\",\"inLanguage\":\"fr-FR\",\"@id\":\"https:\/\/www.annonces-legales.org\/blog\/#\/schema\/logo\/image\/\",\"url\":\"https:\/\/www.annonces-legales.org\/blog\/wp-content\/uploads\/2023\/08\/annonces-legales.svg\",\"contentUrl\":\"https:\/\/www.annonces-legales.org\/blog\/wp-content\/uploads\/2023\/08\/annonces-legales.svg\",\"caption\":\"Actualit\u00e9 des entreprises\"},\"image\":{\"@id\":\"https:\/\/www.annonces-legales.org\/blog\/#\/schema\/logo\/image\/\"}}]}<\/script>\n<!-- \/ Yoast SEO plugin. -->","yoast_head_json":{"title":"Abeille de la Ternoise - Actualit\u00e9 des entreprises","robots":{"index":"index","follow":"follow","max-snippet":"max-snippet:-1","max-image-preview":"max-image-preview:large","max-video-preview":"max-video-preview:-1"},"canonical":"https:\/\/www.annonces-legales.org\/blog\/abeille-de-la-ternoise\/","og_locale":"fr_FR","og_type":"article","og_title":"Abeille de la Ternoise - Actualit\u00e9 des entreprises","og_description":"L&rsquo;Abeille de la Ternoise est un hebdomadaire du Pas-de-Calais qui a \u00e9t\u00e9 cr\u00e9\u00e9 en 1841. Il s&rsquo;appelait avant journal d&rsquo;annonce [&hellip;]","og_url":"https:\/\/www.annonces-legales.org\/blog\/abeille-de-la-ternoise\/","og_site_name":"Actualit\u00e9 des entreprises","article_modified_time":"2022-01-26T10:33:02+00:00","og_image":[{"width":867,"height":429,"url":"https:\/\/www.annonces-legales.org\/blog\/wp-content\/uploads\/2021\/09\/abeilledelaternoise.jpg","type":"image\/jpeg"}],"twitter_card":"summary_large_image","twitter_misc":{"Dur\u00e9e de lecture estim\u00e9e":"2 minutes"},"schema":{"@context":"https:\/\/schema.org","@graph":[{"@type":"WebPage","@id":"https:\/\/www.annonces-legales.org\/blog\/abeille-de-la-ternoise\/","url":"https:\/\/www.annonces-legales.org\/blog\/abeille-de-la-ternoise\/","name":"Abeille de la Ternoise - Actualit\u00e9 des entreprises","isPartOf":{"@id":"https:\/\/www.annonces-legales.org\/blog\/#website"},"primaryImageOfPage":{"@id":"https:\/\/www.annonces-legales.org\/blog\/abeille-de-la-ternoise\/#primaryimage"},"image":{"@id":"https:\/\/www.annonces-legales.org\/blog\/abeille-de-la-ternoise\/#primaryimage"},"thumbnailUrl":"https:\/\/www.annonces-legales.org\/blog\/wp-content\/uploads\/2021\/09\/abeilledelaternoise-300x148.jpg","datePublished":"2021-09-08T10:50:37+00:00","dateModified":"2022-01-26T10:33:02+00:00","breadcrumb":{"@id":"https:\/\/www.annonces-legales.org\/blog\/abeille-de-la-ternoise\/#breadcrumb"},"inLanguage":"fr-FR","potentialAction":[{"@type":"ReadAction","target":["https:\/\/www.annonces-legales.org\/blog\/abeille-de-la-ternoise\/"]}]},{"@type":"ImageObject","inLanguage":"fr-FR","@id":"https:\/\/www.annonces-legales.org\/blog\/abeille-de-la-ternoise\/#primaryimage","url":"https:\/\/www.annonces-legales.org\/blog\/wp-content\/uploads\/2021\/09\/abeilledelaternoise.jpg","contentUrl":"https:\/\/www.annonces-legales.org\/blog\/wp-content\/uploads\/2021\/09\/abeilledelaternoise.jpg","width":867,"height":429},{"@type":"BreadcrumbList","@id":"https:\/\/www.annonces-legales.org\/blog\/abeille-de-la-ternoise\/#breadcrumb","itemListElement":[{"@type":"ListItem","position":1,"name":"Accueil","item":"https:\/\/www.annonces-legales.org\/blog\/"},{"@type":"ListItem","position":2,"name":"Liste des journaux habilit\u00e9s \u00e0 publier des annonces l\u00e9gales","item":"https:\/\/www.annonces-legales.org\/blog\/liste-des-journaux-habilites-a-publier-des-annonces-legales\/"},{"@type":"ListItem","position":3,"name":"Abeille de la Ternoise"}]},{"@type":"WebSite","@id":"https:\/\/www.annonces-legales.org\/blog\/#website","url":"https:\/\/www.annonces-legales.org\/blog\/","name":"Actualit\u00e9 des entreprises","description":"","publisher":{"@id":"https:\/\/www.annonces-legales.org\/blog\/#organization"},"potentialAction":[{"@type":"SearchAction","target":{"@type":"EntryPoint","urlTemplate":"https:\/\/www.annonces-legales.org\/blog\/?s={search_term_string}"},"query-input":{"@type":"PropertyValueSpecification","valueRequired":true,"valueName":"search_term_string"}}],"inLanguage":"fr-FR"},{"@type":"Organization","@id":"https:\/\/www.annonces-legales.org\/blog\/#organization","name":"Actualit\u00e9 des entreprises","url":"https:\/\/www.annonces-legales.org\/blog\/","logo":{"@type":"ImageObject","inLanguage":"fr-FR","@id":"https:\/\/www.annonces-legales.org\/blog\/#\/schema\/logo\/image\/","url":"https:\/\/www.annonces-legales.org\/blog\/wp-content\/uploads\/2023\/08\/annonces-legales.svg","contentUrl":"https:\/\/www.annonces-legales.org\/blog\/wp-content\/uploads\/2023\/08\/annonces-legales.svg","caption":"Actualit\u00e9 des entreprises"},"image":{"@id":"https:\/\/www.annonces-legales.org\/blog\/#\/schema\/logo\/image\/"}}]}},"_links":{"self":[{"href":"https:\/\/www.annonces-legales.org\/blog\/wp-json\/wp\/v2\/pages\/589","targetHints":{"allow":["GET"]}}],"collection":[{"href":"https:\/\/www.annonces-legales.org\/blog\/wp-json\/wp\/v2\/pages"}],"about":[{"href":"https:\/\/www.annonces-legales.org\/blog\/wp-json\/wp\/v2\/types\/page"}],"author":[{"embeddable":true,"href":"https:\/\/www.annonces-legales.org\/blog\/wp-json\/wp\/v2\/users\/1"}],"replies":[{"embeddable":true,"href":"https:\/\/www.annonces-legales.org\/blog\/wp-json\/wp\/v2\/comments?post=589"}],"version-history":[{"count":5,"href":"https:\/\/www.annonces-legales.org\/blog\/wp-json\/wp\/v2\/pages\/589\/revisions"}],"predecessor-version":[{"id":1129,"href":"https:\/\/www.annonces-legales.org\/blog\/wp-json\/wp\/v2\/pages\/589\/revisions\/1129"}],"up":[{"embeddable":true,"href":"https:\/\/www.annonces-legales.org\/blog\/wp-json\/wp\/v2\/pages\/351"}],"wp:attachment":[{"href":"https:\/\/www.annonces-legales.org\/blog\/wp-json\/wp\/v2\/media?parent=589"}],"curies":[{"name":"wp","href":"https:\/\/api.w.org\/{rel}","templated":true}]}}