{"id":591,"date":"2021-09-08T12:56:05","date_gmt":"2021-09-08T10:56:05","guid":{"rendered":"https:\/\/www.annonces-legales.org\/blog\/?page_id=591"},"modified":"2022-01-26T12:25:18","modified_gmt":"2022-01-26T11:25:18","slug":"avenir-de-lartois","status":"publish","type":"page","link":"https:\/\/www.annonces-legales.org\/blog\/avenir-de-l-artois\/","title":{"rendered":"Avenir de l&rsquo;Artois"},"content":{"rendered":"<p>Le quotidien l&rsquo;<strong>Avenir de l&rsquo;Artois<\/strong> publie des informations g\u00e9n\u00e9ralistes pour le d\u00e9partement du <strong>Pas-de-Calais 62<\/strong>. Il poss\u00e8de quatre \u00e9ditions locales : Arras, Lens, B\u00e9thune, Bruay. Vendu 1,90 \u20ac l&rsquo;exemplaire, il est imprim\u00e9 \u00e0 pr\u00e8s de 10 000 unit\u00e9s.<\/p>\n<p><img loading=\"lazy\" decoding=\"async\" class=\"aligncenter size-full wp-image-616\" src=\"https:\/\/www.annonces-legales.org\/blog\/wp-content\/uploads\/2021\/09\/Avenir-de-lArtois.png\" alt=\"\" width=\"500\" height=\"115\" srcset=\"https:\/\/www.annonces-legales.org\/blog\/wp-content\/uploads\/2021\/09\/Avenir-de-lArtois.png 500w, https:\/\/www.annonces-legales.org\/blog\/wp-content\/uploads\/2021\/09\/Avenir-de-lArtois-300x69.png 300w\" sizes=\"auto, (max-width: 500px) 100vw, 500px\" \/><\/p>\n<p>Dans ce journal, vous trouverez des informations sur les villes de Calais, Boulogne-sur-Mer, Arras, Lens, B\u00e9thune, Carvin ou encore Li\u00e9vin. En plus de ces informations locales, ce quotidien propose des informations nationales et internationales.<\/p>\n<p>L&rsquo;Avenir de l&rsquo;Artois poss\u00e8de un site internet (lavenirdelartois.fr) o\u00f9 il est possible d&rsquo;\u00e9couter les podcasts du journal, dont certains sont r\u00e9serv\u00e9s aux abonn\u00e9s. Sur ce site internet, il est \u00e9galement possible d&rsquo;acheter le journal en version num\u00e9rique ou de s&rsquo;abonner. L&rsquo;abonnement co\u00fbte 7,90 \u20ac par mois pour la version papier et num\u00e9rique du journal. L&rsquo;abonnement pour 24 mois est factur\u00e9 165 \u20ac.<\/p>\n<p>Le journal appartient au groupe <strong>Nord littoral<\/strong> qui poss\u00e8de de nombreux autres journaux quotidiens et hebdomadaires. Parmi les journaux de ce groupe on trouve la Semaine dans le Boulonnais, le Phare Dunkerquois, le R\u00e9veil de Berck ou encore l&rsquo;Indicateur des Flandres.<\/p>\n<p>Le journal l&rsquo;Avenir de l&rsquo;Artois est habilit\u00e9 pour effectuer la publication d&rsquo;annonces officielles pour des entreprises ou des personnes physiques r\u00e9sidents dans le d\u00e9partement du Pas-de-Calais 62.<\/p>\n<p>&nbsp;<\/p>\n<h2>Combien co\u00fbte la publication d&rsquo;une annonce l\u00e9gale dans le journal l&rsquo;Avenir de l&rsquo;Artois ?<\/h2>\n<p>Le prix d&rsquo;un avis de constitution d&rsquo;une entreprise, c&rsquo;est-\u00e0-dire l&rsquo;avis officiel qui signifie la cr\u00e9ation de l&rsquo;entreprise dans le Pas-de-Calais, est forfaitaire. Vous pouvez retrouver le <a href=\"https:\/\/www.annonces-legales.org\/blog\/avis-de-constitution\/\">tableau des prix en fonction de la structure juridique choisie en suivant ce lien<\/a>.<br \/>\nPour tout autre type d&rsquo;annonce l\u00e9gale, il faudra effectuer une demande de devis directement sur le site internet du journal.<\/p>\n<p>Mais ce quotidien n&rsquo;est pas le seul habilit\u00e9 \u00e0 publier une annonce l\u00e9gale pour le d\u00e9partement du Pas-de-Calais. Nous vous invitons \u00e0 demander un devis via nos services en ligne. En quelques clics, il est possible d&rsquo;obtenir un devis pour une annonce l\u00e9gale dans plusieurs journaux du 62.<\/p>\n<br\/><br\/><div class=\"entry-content notopmargin\">\n\t<img decoding=\"async\" class=\"img-fluid fleft\" src=\"https:\/\/www.annonces-legales.org\/images\/rapide-economique-tout-departement.png\" alt=\"Journal d'annonce l\u00e9gale du Pas de Calais \"><a href=\"https:\/\/www.annonces-legales.org\/publication-annonce-legale.html\" class=\"button button-desc fright mtop30\"><div>Je publie<br> mon annonce<br> l\u00e9gale<\/div><span>dans un journal du Pas de Calais !<\/span><\/a>\n<\/div><div class=\"clrbth\"><\/div><br\/><br\/>\n<h2>Pourquoi utiliser Annonces-legales.org ?<\/h2>\n<p>Nous travaillons en collaboration avec plusieurs journaux du Pas-de-Calais. Vous pouvez donc faire une demande de devis et visualiser rapidement les prix en fonction du journal partenaire du Pas-de-Calais.<br \/>\nLa plateforme Annonces-legales.org vous permet de recevoir tr\u00e8s rapidement l&rsquo;attestation de parution qui sera valid\u00e9e par le greffe du d\u00e9partement du Pas-de-Calais.<\/p>\n<p>De plus, l&rsquo;\u00e9quipe du site relie toutes les annonces l\u00e9gales avant leur publication pour \u00eatre s\u00fbr qu&rsquo;elles sont conformes et qu&rsquo;elles comprennent toutes les informations n\u00e9cessaires demand\u00e9es par la r\u00e9glementation.<\/p>\n","protected":false},"excerpt":{"rendered":"<p>Le quotidien l&rsquo;Avenir de l&rsquo;Artois publie des informations g\u00e9n\u00e9ralistes pour le d\u00e9partement du Pas-de-Calais 62. Il poss\u00e8de quatre \u00e9ditions locales [&hellip;]<\/p>\n","protected":false},"author":1,"featured_media":0,"parent":351,"menu_order":0,"comment_status":"closed","ping_status":"closed","template":"","meta":{"inline_featured_image":false,"footnotes":""},"class_list":["post-591","page","type-page","status-publish","hentry"],"yoast_head":"<!-- This site is optimized with the Yoast SEO plugin v26.8 - https:\/\/yoast.com\/product\/yoast-seo-wordpress\/ -->\n<title>Avenir de l&#039;Artois - Actualit\u00e9 des entreprises<\/title>\n<meta name=\"robots\" content=\"index, follow, max-snippet:-1, max-image-preview:large, max-video-preview:-1\" \/>\n<link rel=\"canonical\" href=\"https:\/\/www.annonces-legales.org\/blog\/avenir-de-l-artois\/\" \/>\n<meta property=\"og:locale\" content=\"fr_FR\" \/>\n<meta property=\"og:type\" content=\"article\" \/>\n<meta property=\"og:title\" content=\"Avenir de l&#039;Artois - Actualit\u00e9 des entreprises\" \/>\n<meta property=\"og:description\" content=\"Le quotidien l&rsquo;Avenir de l&rsquo;Artois publie des informations g\u00e9n\u00e9ralistes pour le d\u00e9partement du Pas-de-Calais 62. Il poss\u00e8de quatre \u00e9ditions locales [&hellip;]\" \/>\n<meta property=\"og:url\" content=\"https:\/\/www.annonces-legales.org\/blog\/avenir-de-l-artois\/\" \/>\n<meta property=\"og:site_name\" content=\"Actualit\u00e9 des entreprises\" \/>\n<meta property=\"article:modified_time\" content=\"2022-01-26T11:25:18+00:00\" \/>\n<meta property=\"og:image\" content=\"https:\/\/www.annonces-legales.org\/blog\/wp-content\/uploads\/2021\/09\/Avenir-de-lArtois.png\" \/>\n\t<meta property=\"og:image:width\" content=\"500\" \/>\n\t<meta property=\"og:image:height\" content=\"115\" \/>\n\t<meta property=\"og:image:type\" content=\"image\/png\" \/>\n<meta name=\"twitter:card\" content=\"summary_large_image\" \/>\n<meta name=\"twitter:label1\" content=\"Dur\u00e9e de lecture estim\u00e9e\" \/>\n\t<meta name=\"twitter:data1\" content=\"2 minutes\" \/>\n<script type=\"application\/ld+json\" class=\"yoast-schema-graph\">{\"@context\":\"https:\/\/schema.org\",\"@graph\":[{\"@type\":\"WebPage\",\"@id\":\"https:\/\/www.annonces-legales.org\/blog\/avenir-de-l-artois\/\",\"url\":\"https:\/\/www.annonces-legales.org\/blog\/avenir-de-l-artois\/\",\"name\":\"Avenir de l'Artois - Actualit\u00e9 des entreprises\",\"isPartOf\":{\"@id\":\"https:\/\/www.annonces-legales.org\/blog\/#website\"},\"primaryImageOfPage\":{\"@id\":\"https:\/\/www.annonces-legales.org\/blog\/avenir-de-l-artois\/#primaryimage\"},\"image\":{\"@id\":\"https:\/\/www.annonces-legales.org\/blog\/avenir-de-l-artois\/#primaryimage\"},\"thumbnailUrl\":\"https:\/\/www.annonces-legales.org\/blog\/wp-content\/uploads\/2021\/09\/Avenir-de-lArtois.png\",\"datePublished\":\"2021-09-08T10:56:05+00:00\",\"dateModified\":\"2022-01-26T11:25:18+00:00\",\"breadcrumb\":{\"@id\":\"https:\/\/www.annonces-legales.org\/blog\/avenir-de-l-artois\/#breadcrumb\"},\"inLanguage\":\"fr-FR\",\"potentialAction\":[{\"@type\":\"ReadAction\",\"target\":[\"https:\/\/www.annonces-legales.org\/blog\/avenir-de-l-artois\/\"]}]},{\"@type\":\"ImageObject\",\"inLanguage\":\"fr-FR\",\"@id\":\"https:\/\/www.annonces-legales.org\/blog\/avenir-de-l-artois\/#primaryimage\",\"url\":\"https:\/\/www.annonces-legales.org\/blog\/wp-content\/uploads\/2021\/09\/Avenir-de-lArtois.png\",\"contentUrl\":\"https:\/\/www.annonces-legales.org\/blog\/wp-content\/uploads\/2021\/09\/Avenir-de-lArtois.png\",\"width\":500,\"height\":115},{\"@type\":\"BreadcrumbList\",\"@id\":\"https:\/\/www.annonces-legales.org\/blog\/avenir-de-l-artois\/#breadcrumb\",\"itemListElement\":[{\"@type\":\"ListItem\",\"position\":1,\"name\":\"Accueil\",\"item\":\"https:\/\/www.annonces-legales.org\/blog\/\"},{\"@type\":\"ListItem\",\"position\":2,\"name\":\"Liste des journaux habilit\u00e9s \u00e0 publier des annonces l\u00e9gales\",\"item\":\"https:\/\/www.annonces-legales.org\/blog\/liste-des-journaux-habilites-a-publier-des-annonces-legales\/\"},{\"@type\":\"ListItem\",\"position\":3,\"name\":\"Avenir de l&rsquo;Artois\"}]},{\"@type\":\"WebSite\",\"@id\":\"https:\/\/www.annonces-legales.org\/blog\/#website\",\"url\":\"https:\/\/www.annonces-legales.org\/blog\/\",\"name\":\"Actualit\u00e9 des entreprises\",\"description\":\"\",\"publisher\":{\"@id\":\"https:\/\/www.annonces-legales.org\/blog\/#organization\"},\"potentialAction\":[{\"@type\":\"SearchAction\",\"target\":{\"@type\":\"EntryPoint\",\"urlTemplate\":\"https:\/\/www.annonces-legales.org\/blog\/?s={search_term_string}\"},\"query-input\":{\"@type\":\"PropertyValueSpecification\",\"valueRequired\":true,\"valueName\":\"search_term_string\"}}],\"inLanguage\":\"fr-FR\"},{\"@type\":\"Organization\",\"@id\":\"https:\/\/www.annonces-legales.org\/blog\/#organization\",\"name\":\"Actualit\u00e9 des entreprises\",\"url\":\"https:\/\/www.annonces-legales.org\/blog\/\",\"logo\":{\"@type\":\"ImageObject\",\"inLanguage\":\"fr-FR\",\"@id\":\"https:\/\/www.annonces-legales.org\/blog\/#\/schema\/logo\/image\/\",\"url\":\"https:\/\/www.annonces-legales.org\/blog\/wp-content\/uploads\/2023\/08\/annonces-legales.svg\",\"contentUrl\":\"https:\/\/www.annonces-legales.org\/blog\/wp-content\/uploads\/2023\/08\/annonces-legales.svg\",\"caption\":\"Actualit\u00e9 des entreprises\"},\"image\":{\"@id\":\"https:\/\/www.annonces-legales.org\/blog\/#\/schema\/logo\/image\/\"}}]}<\/script>\n<!-- \/ Yoast SEO plugin. -->","yoast_head_json":{"title":"Avenir de l'Artois - Actualit\u00e9 des entreprises","robots":{"index":"index","follow":"follow","max-snippet":"max-snippet:-1","max-image-preview":"max-image-preview:large","max-video-preview":"max-video-preview:-1"},"canonical":"https:\/\/www.annonces-legales.org\/blog\/avenir-de-l-artois\/","og_locale":"fr_FR","og_type":"article","og_title":"Avenir de l'Artois - Actualit\u00e9 des entreprises","og_description":"Le quotidien l&rsquo;Avenir de l&rsquo;Artois publie des informations g\u00e9n\u00e9ralistes pour le d\u00e9partement du Pas-de-Calais 62. Il poss\u00e8de quatre \u00e9ditions locales [&hellip;]","og_url":"https:\/\/www.annonces-legales.org\/blog\/avenir-de-l-artois\/","og_site_name":"Actualit\u00e9 des entreprises","article_modified_time":"2022-01-26T11:25:18+00:00","og_image":[{"width":500,"height":115,"url":"https:\/\/www.annonces-legales.org\/blog\/wp-content\/uploads\/2021\/09\/Avenir-de-lArtois.png","type":"image\/png"}],"twitter_card":"summary_large_image","twitter_misc":{"Dur\u00e9e de lecture estim\u00e9e":"2 minutes"},"schema":{"@context":"https:\/\/schema.org","@graph":[{"@type":"WebPage","@id":"https:\/\/www.annonces-legales.org\/blog\/avenir-de-l-artois\/","url":"https:\/\/www.annonces-legales.org\/blog\/avenir-de-l-artois\/","name":"Avenir de l'Artois - Actualit\u00e9 des entreprises","isPartOf":{"@id":"https:\/\/www.annonces-legales.org\/blog\/#website"},"primaryImageOfPage":{"@id":"https:\/\/www.annonces-legales.org\/blog\/avenir-de-l-artois\/#primaryimage"},"image":{"@id":"https:\/\/www.annonces-legales.org\/blog\/avenir-de-l-artois\/#primaryimage"},"thumbnailUrl":"https:\/\/www.annonces-legales.org\/blog\/wp-content\/uploads\/2021\/09\/Avenir-de-lArtois.png","datePublished":"2021-09-08T10:56:05+00:00","dateModified":"2022-01-26T11:25:18+00:00","breadcrumb":{"@id":"https:\/\/www.annonces-legales.org\/blog\/avenir-de-l-artois\/#breadcrumb"},"inLanguage":"fr-FR","potentialAction":[{"@type":"ReadAction","target":["https:\/\/www.annonces-legales.org\/blog\/avenir-de-l-artois\/"]}]},{"@type":"ImageObject","inLanguage":"fr-FR","@id":"https:\/\/www.annonces-legales.org\/blog\/avenir-de-l-artois\/#primaryimage","url":"https:\/\/www.annonces-legales.org\/blog\/wp-content\/uploads\/2021\/09\/Avenir-de-lArtois.png","contentUrl":"https:\/\/www.annonces-legales.org\/blog\/wp-content\/uploads\/2021\/09\/Avenir-de-lArtois.png","width":500,"height":115},{"@type":"BreadcrumbList","@id":"https:\/\/www.annonces-legales.org\/blog\/avenir-de-l-artois\/#breadcrumb","itemListElement":[{"@type":"ListItem","position":1,"name":"Accueil","item":"https:\/\/www.annonces-legales.org\/blog\/"},{"@type":"ListItem","position":2,"name":"Liste des journaux habilit\u00e9s \u00e0 publier des annonces l\u00e9gales","item":"https:\/\/www.annonces-legales.org\/blog\/liste-des-journaux-habilites-a-publier-des-annonces-legales\/"},{"@type":"ListItem","position":3,"name":"Avenir de l&rsquo;Artois"}]},{"@type":"WebSite","@id":"https:\/\/www.annonces-legales.org\/blog\/#website","url":"https:\/\/www.annonces-legales.org\/blog\/","name":"Actualit\u00e9 des entreprises","description":"","publisher":{"@id":"https:\/\/www.annonces-legales.org\/blog\/#organization"},"potentialAction":[{"@type":"SearchAction","target":{"@type":"EntryPoint","urlTemplate":"https:\/\/www.annonces-legales.org\/blog\/?s={search_term_string}"},"query-input":{"@type":"PropertyValueSpecification","valueRequired":true,"valueName":"search_term_string"}}],"inLanguage":"fr-FR"},{"@type":"Organization","@id":"https:\/\/www.annonces-legales.org\/blog\/#organization","name":"Actualit\u00e9 des entreprises","url":"https:\/\/www.annonces-legales.org\/blog\/","logo":{"@type":"ImageObject","inLanguage":"fr-FR","@id":"https:\/\/www.annonces-legales.org\/blog\/#\/schema\/logo\/image\/","url":"https:\/\/www.annonces-legales.org\/blog\/wp-content\/uploads\/2023\/08\/annonces-legales.svg","contentUrl":"https:\/\/www.annonces-legales.org\/blog\/wp-content\/uploads\/2023\/08\/annonces-legales.svg","caption":"Actualit\u00e9 des entreprises"},"image":{"@id":"https:\/\/www.annonces-legales.org\/blog\/#\/schema\/logo\/image\/"}}]}},"_links":{"self":[{"href":"https:\/\/www.annonces-legales.org\/blog\/wp-json\/wp\/v2\/pages\/591","targetHints":{"allow":["GET"]}}],"collection":[{"href":"https:\/\/www.annonces-legales.org\/blog\/wp-json\/wp\/v2\/pages"}],"about":[{"href":"https:\/\/www.annonces-legales.org\/blog\/wp-json\/wp\/v2\/types\/page"}],"author":[{"embeddable":true,"href":"https:\/\/www.annonces-legales.org\/blog\/wp-json\/wp\/v2\/users\/1"}],"replies":[{"embeddable":true,"href":"https:\/\/www.annonces-legales.org\/blog\/wp-json\/wp\/v2\/comments?post=591"}],"version-history":[{"count":3,"href":"https:\/\/www.annonces-legales.org\/blog\/wp-json\/wp\/v2\/pages\/591\/revisions"}],"predecessor-version":[{"id":617,"href":"https:\/\/www.annonces-legales.org\/blog\/wp-json\/wp\/v2\/pages\/591\/revisions\/617"}],"up":[{"embeddable":true,"href":"https:\/\/www.annonces-legales.org\/blog\/wp-json\/wp\/v2\/pages\/351"}],"wp:attachment":[{"href":"https:\/\/www.annonces-legales.org\/blog\/wp-json\/wp\/v2\/media?parent=591"}],"curies":[{"name":"wp","href":"https:\/\/api.w.org\/{rel}","templated":true}]}}