{"id":644,"date":"2021-09-13T19:20:19","date_gmt":"2021-09-13T17:20:19","guid":{"rendered":"https:\/\/www.annonces-legales.org\/blog\/?page_id=644"},"modified":"2022-01-26T12:08:11","modified_gmt":"2022-01-26T11:08:11","slug":"moniteur-des-batiments-et-travaux-publics","status":"publish","type":"page","link":"https:\/\/www.annonces-legales.org\/blog\/moniteur-des-batiments-et-travaux-publics\/","title":{"rendered":"Moniteur des B\u00e2timents et Travaux Publics"},"content":{"rendered":"<p>Le moniteur est un hebdomadaire qui traite de l&rsquo;actualit\u00e9 du BTP, de l&rsquo;immobilier, de l&rsquo;architecture. Il est disponible en kiosque tous les vendredis. Le journal est vendu \u00e0 plus de 25 000 exemplaires chaque semaine. Sa diffusion totale et de plus de 30 000 exemplaires.<\/p>\n<p>L&rsquo;adresse du journal est 10 place du g\u00e9n\u00e9ral De Gaulle 92 186 Antony.<\/p>\n<br\/><br\/><div class=\"entry-content notopmargin\">\n\t<img decoding=\"async\" class=\"img-fluid fleft\" src=\"https:\/\/www.annonces-legales.org\/images\/rapide-economique-tout-departement.png\" alt=\"Journal d'annonce l\u00e9gale habilit\u00e9 \"><a href=\"https:\/\/www.annonces-legales.org\/publication-annonce-legale.html\" class=\"button button-desc fright mtop30\"><div>Je publie<br> mon annonce<br> l\u00e9gale<\/div><span>dans un journal habilit\u00e9 !<\/span><\/a>\n<\/div><div class=\"clrbth\"><\/div><br\/><br\/>\n<h2>En savoir plus<\/h2>\n<p>Cet hebdomadaire a \u00e9t\u00e9 fond\u00e9 en 1903 par Louis Dubois. Mais avant cette date, il existait d\u00e9j\u00e0 un journal qui publiait des annonces officielles : le <strong>moniteur universel<\/strong>. A partir du d\u00e9but des ann\u00e9es 1900, le journal souhaite apporter de nombreuses informations aux professionnels du b\u00e2timent \u00e0 propos des r\u00e9glementations de l&rsquo;\u00c9tat sur les travaux publics.<\/p>\n<p>C&rsquo;est en 1936 que le journal prend son nom d\u00e9finitif :<strong> le moniteur des travaux publics et du b\u00e2timent<\/strong>. Le journal ouvre plusieurs librairies \u00e0 Paris entre 1960 et 1980. Dans les ann\u00e9es 70 et 80, la publication change de propri\u00e9taire plusieurs fois et finit par racheter la revue Architecture Mouvement Continuit\u00e9 (AMC) qui changera de nom et deviendra <strong>AMC le moniteur architecture<\/strong>.<\/p>\n<p>En 2006, une soci\u00e9t\u00e9 anglaise Bridgepoint prend le contr\u00f4le du journal pour quelques ann\u00e9es et le revend en 2013 \u00e0 <strong>Infopro Digital<\/strong>.<\/p>\n<p>Ce journal a \u00e9t\u00e9 habilit\u00e9 pour <strong>publier des annonces officielles dans 10 d\u00e9partements<\/strong>. Il s&rsquo;agit des d\u00e9partements du Val-de-Marne, de Seine-Saint-Denis, des Hauts-de-Seine, de l&rsquo;Essonne, des Yvelines, de Seine-et-Marne, de Paris, du Rh\u00f4ne, de Loire-Atlantique, des Alpes-Maritimes.<\/p>\n<p>&nbsp;<\/p>\n","protected":false},"excerpt":{"rendered":"<p>Le moniteur est un hebdomadaire qui traite de l&rsquo;actualit\u00e9 du BTP, de l&rsquo;immobilier, de l&rsquo;architecture. Il est disponible en kiosque [&hellip;]<\/p>\n","protected":false},"author":1,"featured_media":0,"parent":351,"menu_order":0,"comment_status":"closed","ping_status":"closed","template":"","meta":{"inline_featured_image":false,"footnotes":""},"class_list":["post-644","page","type-page","status-publish","hentry"],"yoast_head":"<!-- This site is optimized with the Yoast SEO plugin v26.8 - https:\/\/yoast.com\/product\/yoast-seo-wordpress\/ -->\n<title>Moniteur des B\u00e2timents et Travaux Publics - Actualit\u00e9 des entreprises<\/title>\n<meta name=\"robots\" content=\"index, follow, max-snippet:-1, max-image-preview:large, max-video-preview:-1\" \/>\n<link rel=\"canonical\" href=\"https:\/\/www.annonces-legales.org\/blog\/moniteur-des-batiments-et-travaux-publics\/\" \/>\n<meta property=\"og:locale\" content=\"fr_FR\" \/>\n<meta property=\"og:type\" content=\"article\" \/>\n<meta property=\"og:title\" content=\"Moniteur des B\u00e2timents et Travaux Publics - Actualit\u00e9 des entreprises\" \/>\n<meta property=\"og:description\" content=\"Le moniteur est un hebdomadaire qui traite de l&rsquo;actualit\u00e9 du BTP, de l&rsquo;immobilier, de l&rsquo;architecture. Il est disponible en kiosque [&hellip;]\" \/>\n<meta property=\"og:url\" content=\"https:\/\/www.annonces-legales.org\/blog\/moniteur-des-batiments-et-travaux-publics\/\" \/>\n<meta property=\"og:site_name\" content=\"Actualit\u00e9 des entreprises\" \/>\n<meta property=\"article:modified_time\" content=\"2022-01-26T11:08:11+00:00\" \/>\n<meta name=\"twitter:card\" content=\"summary_large_image\" \/>\n<meta name=\"twitter:label1\" content=\"Dur\u00e9e de lecture estim\u00e9e\" \/>\n\t<meta name=\"twitter:data1\" content=\"1 minute\" \/>\n<script type=\"application\/ld+json\" class=\"yoast-schema-graph\">{\"@context\":\"https:\/\/schema.org\",\"@graph\":[{\"@type\":\"WebPage\",\"@id\":\"https:\/\/www.annonces-legales.org\/blog\/moniteur-des-batiments-et-travaux-publics\/\",\"url\":\"https:\/\/www.annonces-legales.org\/blog\/moniteur-des-batiments-et-travaux-publics\/\",\"name\":\"Moniteur des B\u00e2timents et Travaux Publics - Actualit\u00e9 des entreprises\",\"isPartOf\":{\"@id\":\"https:\/\/www.annonces-legales.org\/blog\/#website\"},\"datePublished\":\"2021-09-13T17:20:19+00:00\",\"dateModified\":\"2022-01-26T11:08:11+00:00\",\"breadcrumb\":{\"@id\":\"https:\/\/www.annonces-legales.org\/blog\/moniteur-des-batiments-et-travaux-publics\/#breadcrumb\"},\"inLanguage\":\"fr-FR\",\"potentialAction\":[{\"@type\":\"ReadAction\",\"target\":[\"https:\/\/www.annonces-legales.org\/blog\/moniteur-des-batiments-et-travaux-publics\/\"]}]},{\"@type\":\"BreadcrumbList\",\"@id\":\"https:\/\/www.annonces-legales.org\/blog\/moniteur-des-batiments-et-travaux-publics\/#breadcrumb\",\"itemListElement\":[{\"@type\":\"ListItem\",\"position\":1,\"name\":\"Accueil\",\"item\":\"https:\/\/www.annonces-legales.org\/blog\/\"},{\"@type\":\"ListItem\",\"position\":2,\"name\":\"Liste des journaux habilit\u00e9s \u00e0 publier des annonces l\u00e9gales\",\"item\":\"https:\/\/www.annonces-legales.org\/blog\/liste-des-journaux-habilites-a-publier-des-annonces-legales\/\"},{\"@type\":\"ListItem\",\"position\":3,\"name\":\"Moniteur des B\u00e2timents et Travaux Publics\"}]},{\"@type\":\"WebSite\",\"@id\":\"https:\/\/www.annonces-legales.org\/blog\/#website\",\"url\":\"https:\/\/www.annonces-legales.org\/blog\/\",\"name\":\"Actualit\u00e9 des entreprises\",\"description\":\"\",\"publisher\":{\"@id\":\"https:\/\/www.annonces-legales.org\/blog\/#organization\"},\"potentialAction\":[{\"@type\":\"SearchAction\",\"target\":{\"@type\":\"EntryPoint\",\"urlTemplate\":\"https:\/\/www.annonces-legales.org\/blog\/?s={search_term_string}\"},\"query-input\":{\"@type\":\"PropertyValueSpecification\",\"valueRequired\":true,\"valueName\":\"search_term_string\"}}],\"inLanguage\":\"fr-FR\"},{\"@type\":\"Organization\",\"@id\":\"https:\/\/www.annonces-legales.org\/blog\/#organization\",\"name\":\"Actualit\u00e9 des entreprises\",\"url\":\"https:\/\/www.annonces-legales.org\/blog\/\",\"logo\":{\"@type\":\"ImageObject\",\"inLanguage\":\"fr-FR\",\"@id\":\"https:\/\/www.annonces-legales.org\/blog\/#\/schema\/logo\/image\/\",\"url\":\"https:\/\/www.annonces-legales.org\/blog\/wp-content\/uploads\/2023\/08\/annonces-legales.svg\",\"contentUrl\":\"https:\/\/www.annonces-legales.org\/blog\/wp-content\/uploads\/2023\/08\/annonces-legales.svg\",\"caption\":\"Actualit\u00e9 des entreprises\"},\"image\":{\"@id\":\"https:\/\/www.annonces-legales.org\/blog\/#\/schema\/logo\/image\/\"}}]}<\/script>\n<!-- \/ Yoast SEO plugin. -->","yoast_head_json":{"title":"Moniteur des B\u00e2timents et Travaux Publics - Actualit\u00e9 des entreprises","robots":{"index":"index","follow":"follow","max-snippet":"max-snippet:-1","max-image-preview":"max-image-preview:large","max-video-preview":"max-video-preview:-1"},"canonical":"https:\/\/www.annonces-legales.org\/blog\/moniteur-des-batiments-et-travaux-publics\/","og_locale":"fr_FR","og_type":"article","og_title":"Moniteur des B\u00e2timents et Travaux Publics - Actualit\u00e9 des entreprises","og_description":"Le moniteur est un hebdomadaire qui traite de l&rsquo;actualit\u00e9 du BTP, de l&rsquo;immobilier, de l&rsquo;architecture. Il est disponible en kiosque [&hellip;]","og_url":"https:\/\/www.annonces-legales.org\/blog\/moniteur-des-batiments-et-travaux-publics\/","og_site_name":"Actualit\u00e9 des entreprises","article_modified_time":"2022-01-26T11:08:11+00:00","twitter_card":"summary_large_image","twitter_misc":{"Dur\u00e9e de lecture estim\u00e9e":"1 minute"},"schema":{"@context":"https:\/\/schema.org","@graph":[{"@type":"WebPage","@id":"https:\/\/www.annonces-legales.org\/blog\/moniteur-des-batiments-et-travaux-publics\/","url":"https:\/\/www.annonces-legales.org\/blog\/moniteur-des-batiments-et-travaux-publics\/","name":"Moniteur des B\u00e2timents et Travaux Publics - Actualit\u00e9 des entreprises","isPartOf":{"@id":"https:\/\/www.annonces-legales.org\/blog\/#website"},"datePublished":"2021-09-13T17:20:19+00:00","dateModified":"2022-01-26T11:08:11+00:00","breadcrumb":{"@id":"https:\/\/www.annonces-legales.org\/blog\/moniteur-des-batiments-et-travaux-publics\/#breadcrumb"},"inLanguage":"fr-FR","potentialAction":[{"@type":"ReadAction","target":["https:\/\/www.annonces-legales.org\/blog\/moniteur-des-batiments-et-travaux-publics\/"]}]},{"@type":"BreadcrumbList","@id":"https:\/\/www.annonces-legales.org\/blog\/moniteur-des-batiments-et-travaux-publics\/#breadcrumb","itemListElement":[{"@type":"ListItem","position":1,"name":"Accueil","item":"https:\/\/www.annonces-legales.org\/blog\/"},{"@type":"ListItem","position":2,"name":"Liste des journaux habilit\u00e9s \u00e0 publier des annonces l\u00e9gales","item":"https:\/\/www.annonces-legales.org\/blog\/liste-des-journaux-habilites-a-publier-des-annonces-legales\/"},{"@type":"ListItem","position":3,"name":"Moniteur des B\u00e2timents et Travaux Publics"}]},{"@type":"WebSite","@id":"https:\/\/www.annonces-legales.org\/blog\/#website","url":"https:\/\/www.annonces-legales.org\/blog\/","name":"Actualit\u00e9 des entreprises","description":"","publisher":{"@id":"https:\/\/www.annonces-legales.org\/blog\/#organization"},"potentialAction":[{"@type":"SearchAction","target":{"@type":"EntryPoint","urlTemplate":"https:\/\/www.annonces-legales.org\/blog\/?s={search_term_string}"},"query-input":{"@type":"PropertyValueSpecification","valueRequired":true,"valueName":"search_term_string"}}],"inLanguage":"fr-FR"},{"@type":"Organization","@id":"https:\/\/www.annonces-legales.org\/blog\/#organization","name":"Actualit\u00e9 des entreprises","url":"https:\/\/www.annonces-legales.org\/blog\/","logo":{"@type":"ImageObject","inLanguage":"fr-FR","@id":"https:\/\/www.annonces-legales.org\/blog\/#\/schema\/logo\/image\/","url":"https:\/\/www.annonces-legales.org\/blog\/wp-content\/uploads\/2023\/08\/annonces-legales.svg","contentUrl":"https:\/\/www.annonces-legales.org\/blog\/wp-content\/uploads\/2023\/08\/annonces-legales.svg","caption":"Actualit\u00e9 des entreprises"},"image":{"@id":"https:\/\/www.annonces-legales.org\/blog\/#\/schema\/logo\/image\/"}}]}},"_links":{"self":[{"href":"https:\/\/www.annonces-legales.org\/blog\/wp-json\/wp\/v2\/pages\/644","targetHints":{"allow":["GET"]}}],"collection":[{"href":"https:\/\/www.annonces-legales.org\/blog\/wp-json\/wp\/v2\/pages"}],"about":[{"href":"https:\/\/www.annonces-legales.org\/blog\/wp-json\/wp\/v2\/types\/page"}],"author":[{"embeddable":true,"href":"https:\/\/www.annonces-legales.org\/blog\/wp-json\/wp\/v2\/users\/1"}],"replies":[{"embeddable":true,"href":"https:\/\/www.annonces-legales.org\/blog\/wp-json\/wp\/v2\/comments?post=644"}],"version-history":[{"count":2,"href":"https:\/\/www.annonces-legales.org\/blog\/wp-json\/wp\/v2\/pages\/644\/revisions"}],"predecessor-version":[{"id":676,"href":"https:\/\/www.annonces-legales.org\/blog\/wp-json\/wp\/v2\/pages\/644\/revisions\/676"}],"up":[{"embeddable":true,"href":"https:\/\/www.annonces-legales.org\/blog\/wp-json\/wp\/v2\/pages\/351"}],"wp:attachment":[{"href":"https:\/\/www.annonces-legales.org\/blog\/wp-json\/wp\/v2\/media?parent=644"}],"curies":[{"name":"wp","href":"https:\/\/api.w.org\/{rel}","templated":true}]}}