{"id":656,"date":"2021-09-13T19:44:46","date_gmt":"2021-09-13T17:44:46","guid":{"rendered":"https:\/\/www.annonces-legales.org\/blog\/?page_id=656"},"modified":"2022-01-26T11:48:54","modified_gmt":"2022-01-26T10:48:54","slug":"eveil-de-lisieux","status":"publish","type":"page","link":"https:\/\/www.annonces-legales.org\/blog\/eveil-de-lisieux\/","title":{"rendered":"\u00c9veil de Lisieux"},"content":{"rendered":"<p><strong>L\u2019\u00c9veil de Lisieux<\/strong> est un hebdomadaire g\u00e9n\u00e9raliste r\u00e9gional vendu 1,30 euros. Il parait tous les mercredi.<\/p>\n<p>C&rsquo;est un journal appartenant au groupe <strong>Publi Hebdos<\/strong> qui poss\u00e8de de pas loin de 90 autres journaux r\u00e9gionaux tels que l\u2019\u00c9claireur Chateaubriand et sa r\u00e9gion, Le courrier vend\u00e9en, l\u2019\u00c9claireur la d\u00e9p\u00eache, le Courrier des Yvelines, la Voix du Jura&#8230;<\/p>\n<p>Le journal l&rsquo;\u00e9veil de Lisieux a \u00e9t\u00e9 habilit\u00e9 pour publier des annonces l\u00e9gales dans le d\u00e9partement du Calvados (14). Ainsi, les personnes morales (les entreprises du Calvados) et les personnes physiques peuvent utiliser ce support afin de faire publier une annonce l\u00e9gale et judiciaire.<\/p>\n<p><strong>Adresse du journal<\/strong> : 3 chemin de Lourdes 14100 Lisieux.<\/p>\n<p>&nbsp;<\/p>\n<h2>Comment publier une annonce l\u00e9gale dans le Calvados 14 ?<\/h2>\n<br\/><br\/><div class=\"entry-content notopmargin\">\n\t<img decoding=\"async\" class=\"img-fluid fleft\" src=\"https:\/\/www.annonces-legales.org\/images\/rapide-economique-tout-departement.png\" alt=\"Journal d'annonce l\u00e9gale du Calvados \"><a href=\"https:\/\/www.annonces-legales.org\/publication-annonce-legale.html\" class=\"button button-desc fright mtop30\"><div>Je publie<br> mon annonce<br> l\u00e9gale<\/div><span>dans un journal du Calvados !<\/span><\/a>\n<\/div><div class=\"clrbth\"><\/div><br\/><br\/>\n<p>Afin de respecter les <strong>obligations l\u00e9gales de diffusion d&rsquo;annonces officielles<\/strong>, il est n\u00e9cessaire d&rsquo;utiliser un journal habilit\u00e9 du Calvados. C&rsquo;est le cas de l&rsquo;hebdomadaire l\u2019\u00c9veil de Lisieux. Cependant, ce n&rsquo;est pas le seul journal qui a obtenu l&rsquo;habilitation pour publier des annonces dans le d\u00e9partement 14. Il existe d&rsquo;autres journaux.<\/p>\n<p>Afin de payer le moins cher possible pour son annonce l\u00e9gale, il est n\u00e9cessaire de comparer les tarifs de plusieurs journaux habilit\u00e9s du Calvados.<br \/>\nHormis L&rsquo;\u00e9veil de Lisieux, les journaux habilit\u00e9s dans le Calvados sont : la Manche libre, l&rsquo;Orne combattante, Les nouvelles de falaise, le Bonhomme Libre, la Renaissance Le Bessin, La Voix La Bocage, le Pays d&rsquo;Auge, Ouest-France (\u00e9dition du Calvados), l&rsquo;Agriculteur Normand (\u00e9ditions du Calvados).<\/p>\n","protected":false},"excerpt":{"rendered":"<p>L\u2019\u00c9veil de Lisieux est un hebdomadaire g\u00e9n\u00e9raliste r\u00e9gional vendu 1,30 euros. Il parait tous les mercredi. C&rsquo;est un journal appartenant [&hellip;]<\/p>\n","protected":false},"author":1,"featured_media":0,"parent":351,"menu_order":0,"comment_status":"closed","ping_status":"closed","template":"","meta":{"inline_featured_image":false,"footnotes":""},"class_list":["post-656","page","type-page","status-publish","hentry"],"yoast_head":"<!-- This site is optimized with the Yoast SEO plugin v26.8 - https:\/\/yoast.com\/product\/yoast-seo-wordpress\/ -->\n<title>\u00c9veil de Lisieux - Actualit\u00e9 des entreprises<\/title>\n<meta name=\"robots\" content=\"index, follow, max-snippet:-1, max-image-preview:large, max-video-preview:-1\" \/>\n<link rel=\"canonical\" href=\"https:\/\/www.annonces-legales.org\/blog\/eveil-de-lisieux\/\" \/>\n<meta property=\"og:locale\" content=\"fr_FR\" \/>\n<meta property=\"og:type\" content=\"article\" \/>\n<meta property=\"og:title\" content=\"\u00c9veil de Lisieux - Actualit\u00e9 des entreprises\" \/>\n<meta property=\"og:description\" content=\"L\u2019\u00c9veil de Lisieux est un hebdomadaire g\u00e9n\u00e9raliste r\u00e9gional vendu 1,30 euros. Il parait tous les mercredi. C&rsquo;est un journal appartenant [&hellip;]\" \/>\n<meta property=\"og:url\" content=\"https:\/\/www.annonces-legales.org\/blog\/eveil-de-lisieux\/\" \/>\n<meta property=\"og:site_name\" content=\"Actualit\u00e9 des entreprises\" \/>\n<meta property=\"article:modified_time\" content=\"2022-01-26T10:48:54+00:00\" \/>\n<meta name=\"twitter:card\" content=\"summary_large_image\" \/>\n<meta name=\"twitter:label1\" content=\"Dur\u00e9e de lecture estim\u00e9e\" \/>\n\t<meta name=\"twitter:data1\" content=\"1 minute\" \/>\n<script type=\"application\/ld+json\" class=\"yoast-schema-graph\">{\"@context\":\"https:\/\/schema.org\",\"@graph\":[{\"@type\":\"WebPage\",\"@id\":\"https:\/\/www.annonces-legales.org\/blog\/eveil-de-lisieux\/\",\"url\":\"https:\/\/www.annonces-legales.org\/blog\/eveil-de-lisieux\/\",\"name\":\"\u00c9veil de Lisieux - Actualit\u00e9 des entreprises\",\"isPartOf\":{\"@id\":\"https:\/\/www.annonces-legales.org\/blog\/#website\"},\"datePublished\":\"2021-09-13T17:44:46+00:00\",\"dateModified\":\"2022-01-26T10:48:54+00:00\",\"breadcrumb\":{\"@id\":\"https:\/\/www.annonces-legales.org\/blog\/eveil-de-lisieux\/#breadcrumb\"},\"inLanguage\":\"fr-FR\",\"potentialAction\":[{\"@type\":\"ReadAction\",\"target\":[\"https:\/\/www.annonces-legales.org\/blog\/eveil-de-lisieux\/\"]}]},{\"@type\":\"BreadcrumbList\",\"@id\":\"https:\/\/www.annonces-legales.org\/blog\/eveil-de-lisieux\/#breadcrumb\",\"itemListElement\":[{\"@type\":\"ListItem\",\"position\":1,\"name\":\"Accueil\",\"item\":\"https:\/\/www.annonces-legales.org\/blog\/\"},{\"@type\":\"ListItem\",\"position\":2,\"name\":\"Liste des journaux habilit\u00e9s \u00e0 publier des annonces l\u00e9gales\",\"item\":\"https:\/\/www.annonces-legales.org\/blog\/liste-des-journaux-habilites-a-publier-des-annonces-legales\/\"},{\"@type\":\"ListItem\",\"position\":3,\"name\":\"\u00c9veil de Lisieux\"}]},{\"@type\":\"WebSite\",\"@id\":\"https:\/\/www.annonces-legales.org\/blog\/#website\",\"url\":\"https:\/\/www.annonces-legales.org\/blog\/\",\"name\":\"Actualit\u00e9 des entreprises\",\"description\":\"\",\"publisher\":{\"@id\":\"https:\/\/www.annonces-legales.org\/blog\/#organization\"},\"potentialAction\":[{\"@type\":\"SearchAction\",\"target\":{\"@type\":\"EntryPoint\",\"urlTemplate\":\"https:\/\/www.annonces-legales.org\/blog\/?s={search_term_string}\"},\"query-input\":{\"@type\":\"PropertyValueSpecification\",\"valueRequired\":true,\"valueName\":\"search_term_string\"}}],\"inLanguage\":\"fr-FR\"},{\"@type\":\"Organization\",\"@id\":\"https:\/\/www.annonces-legales.org\/blog\/#organization\",\"name\":\"Actualit\u00e9 des entreprises\",\"url\":\"https:\/\/www.annonces-legales.org\/blog\/\",\"logo\":{\"@type\":\"ImageObject\",\"inLanguage\":\"fr-FR\",\"@id\":\"https:\/\/www.annonces-legales.org\/blog\/#\/schema\/logo\/image\/\",\"url\":\"https:\/\/www.annonces-legales.org\/blog\/wp-content\/uploads\/2023\/08\/annonces-legales.svg\",\"contentUrl\":\"https:\/\/www.annonces-legales.org\/blog\/wp-content\/uploads\/2023\/08\/annonces-legales.svg\",\"caption\":\"Actualit\u00e9 des entreprises\"},\"image\":{\"@id\":\"https:\/\/www.annonces-legales.org\/blog\/#\/schema\/logo\/image\/\"}}]}<\/script>\n<!-- \/ Yoast SEO plugin. -->","yoast_head_json":{"title":"\u00c9veil de Lisieux - Actualit\u00e9 des entreprises","robots":{"index":"index","follow":"follow","max-snippet":"max-snippet:-1","max-image-preview":"max-image-preview:large","max-video-preview":"max-video-preview:-1"},"canonical":"https:\/\/www.annonces-legales.org\/blog\/eveil-de-lisieux\/","og_locale":"fr_FR","og_type":"article","og_title":"\u00c9veil de Lisieux - Actualit\u00e9 des entreprises","og_description":"L\u2019\u00c9veil de Lisieux est un hebdomadaire g\u00e9n\u00e9raliste r\u00e9gional vendu 1,30 euros. Il parait tous les mercredi. C&rsquo;est un journal appartenant [&hellip;]","og_url":"https:\/\/www.annonces-legales.org\/blog\/eveil-de-lisieux\/","og_site_name":"Actualit\u00e9 des entreprises","article_modified_time":"2022-01-26T10:48:54+00:00","twitter_card":"summary_large_image","twitter_misc":{"Dur\u00e9e de lecture estim\u00e9e":"1 minute"},"schema":{"@context":"https:\/\/schema.org","@graph":[{"@type":"WebPage","@id":"https:\/\/www.annonces-legales.org\/blog\/eveil-de-lisieux\/","url":"https:\/\/www.annonces-legales.org\/blog\/eveil-de-lisieux\/","name":"\u00c9veil de Lisieux - Actualit\u00e9 des entreprises","isPartOf":{"@id":"https:\/\/www.annonces-legales.org\/blog\/#website"},"datePublished":"2021-09-13T17:44:46+00:00","dateModified":"2022-01-26T10:48:54+00:00","breadcrumb":{"@id":"https:\/\/www.annonces-legales.org\/blog\/eveil-de-lisieux\/#breadcrumb"},"inLanguage":"fr-FR","potentialAction":[{"@type":"ReadAction","target":["https:\/\/www.annonces-legales.org\/blog\/eveil-de-lisieux\/"]}]},{"@type":"BreadcrumbList","@id":"https:\/\/www.annonces-legales.org\/blog\/eveil-de-lisieux\/#breadcrumb","itemListElement":[{"@type":"ListItem","position":1,"name":"Accueil","item":"https:\/\/www.annonces-legales.org\/blog\/"},{"@type":"ListItem","position":2,"name":"Liste des journaux habilit\u00e9s \u00e0 publier des annonces l\u00e9gales","item":"https:\/\/www.annonces-legales.org\/blog\/liste-des-journaux-habilites-a-publier-des-annonces-legales\/"},{"@type":"ListItem","position":3,"name":"\u00c9veil de Lisieux"}]},{"@type":"WebSite","@id":"https:\/\/www.annonces-legales.org\/blog\/#website","url":"https:\/\/www.annonces-legales.org\/blog\/","name":"Actualit\u00e9 des entreprises","description":"","publisher":{"@id":"https:\/\/www.annonces-legales.org\/blog\/#organization"},"potentialAction":[{"@type":"SearchAction","target":{"@type":"EntryPoint","urlTemplate":"https:\/\/www.annonces-legales.org\/blog\/?s={search_term_string}"},"query-input":{"@type":"PropertyValueSpecification","valueRequired":true,"valueName":"search_term_string"}}],"inLanguage":"fr-FR"},{"@type":"Organization","@id":"https:\/\/www.annonces-legales.org\/blog\/#organization","name":"Actualit\u00e9 des entreprises","url":"https:\/\/www.annonces-legales.org\/blog\/","logo":{"@type":"ImageObject","inLanguage":"fr-FR","@id":"https:\/\/www.annonces-legales.org\/blog\/#\/schema\/logo\/image\/","url":"https:\/\/www.annonces-legales.org\/blog\/wp-content\/uploads\/2023\/08\/annonces-legales.svg","contentUrl":"https:\/\/www.annonces-legales.org\/blog\/wp-content\/uploads\/2023\/08\/annonces-legales.svg","caption":"Actualit\u00e9 des entreprises"},"image":{"@id":"https:\/\/www.annonces-legales.org\/blog\/#\/schema\/logo\/image\/"}}]}},"_links":{"self":[{"href":"https:\/\/www.annonces-legales.org\/blog\/wp-json\/wp\/v2\/pages\/656","targetHints":{"allow":["GET"]}}],"collection":[{"href":"https:\/\/www.annonces-legales.org\/blog\/wp-json\/wp\/v2\/pages"}],"about":[{"href":"https:\/\/www.annonces-legales.org\/blog\/wp-json\/wp\/v2\/types\/page"}],"author":[{"embeddable":true,"href":"https:\/\/www.annonces-legales.org\/blog\/wp-json\/wp\/v2\/users\/1"}],"replies":[{"embeddable":true,"href":"https:\/\/www.annonces-legales.org\/blog\/wp-json\/wp\/v2\/comments?post=656"}],"version-history":[{"count":1,"href":"https:\/\/www.annonces-legales.org\/blog\/wp-json\/wp\/v2\/pages\/656\/revisions"}],"predecessor-version":[{"id":657,"href":"https:\/\/www.annonces-legales.org\/blog\/wp-json\/wp\/v2\/pages\/656\/revisions\/657"}],"up":[{"embeddable":true,"href":"https:\/\/www.annonces-legales.org\/blog\/wp-json\/wp\/v2\/pages\/351"}],"wp:attachment":[{"href":"https:\/\/www.annonces-legales.org\/blog\/wp-json\/wp\/v2\/media?parent=656"}],"curies":[{"name":"wp","href":"https:\/\/api.w.org\/{rel}","templated":true}]}}