{"id":666,"date":"2021-09-13T19:59:44","date_gmt":"2021-09-13T17:59:44","guid":{"rendered":"https:\/\/www.annonces-legales.org\/blog\/?page_id=666"},"modified":"2022-01-26T12:13:18","modified_gmt":"2022-01-26T11:13:18","slug":"renaissance-le-bessin","status":"publish","type":"page","link":"https:\/\/www.annonces-legales.org\/blog\/renaissance-le-bessin\/","title":{"rendered":"Renaissance Le Bessin"},"content":{"rendered":"<p><img loading=\"lazy\" decoding=\"async\" class=\"aligncenter size-full wp-image-687\" src=\"https:\/\/www.annonces-legales.org\/blog\/wp-content\/uploads\/2021\/09\/la-renaissance-le-bessin.png\" alt=\"\" width=\"400\" height=\"142\" srcset=\"https:\/\/www.annonces-legales.org\/blog\/wp-content\/uploads\/2021\/09\/la-renaissance-le-bessin.png 400w, https:\/\/www.annonces-legales.org\/blog\/wp-content\/uploads\/2021\/09\/la-renaissance-le-bessin-300x107.png 300w\" sizes=\"auto, (max-width: 400px) 100vw, 400px\" \/><\/p>\n<p>L&rsquo;hebdomadaire <strong>La Renaissance Le Bessin<\/strong> para\u00eet tous les jeudis au prix de vente de 1,40 euros. C&rsquo;est un journal g\u00e9n\u00e9raliste qui est diffus\u00e9 dans les cantons de Bayeux, de Caumont, de Creully, de Douvres La delivrande, de Ouistreham, de Tilly et de Trevieres.<\/p>\n<p>On l&rsquo;appelle aussi <strong>La renaissance Le Bessin &#8211; C\u00f4te de Nacre<\/strong>. La c\u00f4te de Nacre est une partie de la c\u00f4te normande qui se situe entre l&#8217;embouchure de la Seulles et qui va jusqu&rsquo;\u00e0 l&#8217;embouchure de l&rsquo;Orne.<\/p>\n<p>Ce journal est habilit\u00e9 par la pr\u00e9fecture du d\u00e9partement du Calvados pour effectuer les annonces l\u00e9gales des soci\u00e9t\u00e9s du d\u00e9partement.<\/p>\n<p>Le journal est n\u00e9 en 1881. Il s&rsquo;appelait au d\u00e9part le<strong> journal de Bayeux<\/strong>. Il devint le <strong>progr\u00e8s bayeusain<\/strong> en 1944. Il prendra par la suite le nom qu&rsquo;il a toujours actuellement. Il aura diff\u00e9rents propri\u00e9taires (France-Antilles, hebdos Normands, Publihebdos).<\/p>\n<p>Aujourd&rsquo;hui, toujours sous la houlette du groupe PubliHebdos, le journal poss\u00e8de plus de 20 000 lecteurs. Selon l&rsquo;alliance pour les chiffres de la presse et des m\u00e9dias, il est imprim\u00e9 \u00e0 plus de 5 000 exemplaires. Parmi l&rsquo;\u00e9quipe du journal on trouve Vanessa Thierree (r\u00e9dactrice en chef adjointe), Philippe Rifflet (directeur d\u00e9l\u00e9gu\u00e9) et Francis Gaunaud (directeur de la publication).<br \/>\nLe journal est moderne et poss\u00e8de ainsi un site internet avec lequel les lecteurs assidus peuvent s&rsquo;abonner (4,70 euros par mois).<\/p>\n<p>L&rsquo;adresse du journal est 14, Rue Saint-Malo \u00e0 Bayeux 14402.<\/p>\n<p>&nbsp;<\/p>\n<h2>Une annonce judiciaire et l\u00e9gale \u00e0 faire diffuser dans le\u00a0 Calvados pour votre soci\u00e9t\u00e9 ?<\/h2>\n<p>Notre plateforme Annonces-legales.org vous offre une prestation accessible, rapide et \u00e9conomique pour r\u00e9aliser une annonce l\u00e9gale et judiciaire en moins de 10 minutes.<\/p>\n<p>N&rsquo;h\u00e9sitez pas et achetez votre annonce officielle sans attendre.<\/p>\n<p>&nbsp;<\/p>\n<br\/><br\/><div class=\"entry-content notopmargin\">\n\t<img decoding=\"async\" class=\"img-fluid fleft\" src=\"https:\/\/www.annonces-legales.org\/images\/rapide-economique-tout-departement.png\" alt=\"Journal d'annonce l\u00e9gale du Calvados \"><a href=\"https:\/\/www.annonces-legales.org\/publication-annonce-legale.html\" class=\"button button-desc fright mtop30\"><div>Je publie<br> mon annonce<br> l\u00e9gale<\/div><span>dans un journal du Calvados !<\/span><\/a>\n<\/div><div class=\"clrbth\"><\/div><br\/><br\/>\n<p>&nbsp;<\/p>\n<h2>Quel journal s\u00e9lectionner pour une annonce l\u00e9gale ?<\/h2>\n<p>La journal o\u00f9 vous diffuserez une annonce n&rsquo;est pas important.<br \/>\nIl est n\u00e9cessaire de v\u00e9rifier qu&rsquo;il est habilit\u00e9 \u00e0 imprimer ce type d&rsquo;annonce bien s\u00fbr.<\/p>\n<p>&nbsp;<\/p>\n<h2>Quel montant va-t-on me demander pour l&rsquo;insertion d&rsquo;une annonce l\u00e9gale ?<\/h2>\n<p>Pour une <strong>annonce de cr\u00e9ation<\/strong>, le prix est national et forfaitaire. Il est identique peu importe le journal.<\/p>\n<p>Pour les <strong>annonces modificatives<\/strong>, on calcule le montant d&rsquo;une annonce l\u00e9gale et judiciaire en multipliant la quantit\u00e9 de ligne par le tarif \u00e0 la ligne de la r\u00e9gion.<\/p>\n<p>Pour conna\u00eetre le prix d&rsquo;une annonce l\u00e9gale sans faire de calcul compliqu\u00e9s mieux vaut demander un <a href=\"https:\/\/www.annonces-legales.org\/devis-annonce-legale.html\">devis en ligne<\/a>.<\/p>\n","protected":false},"excerpt":{"rendered":"<p>L&rsquo;hebdomadaire La Renaissance Le Bessin para\u00eet tous les jeudis au prix de vente de 1,40 euros. C&rsquo;est un journal g\u00e9n\u00e9raliste [&hellip;]<\/p>\n","protected":false},"author":1,"featured_media":0,"parent":351,"menu_order":0,"comment_status":"closed","ping_status":"closed","template":"","meta":{"inline_featured_image":false,"footnotes":""},"class_list":["post-666","page","type-page","status-publish","hentry"],"yoast_head":"<!-- This site is optimized with the Yoast SEO plugin v26.8 - https:\/\/yoast.com\/product\/yoast-seo-wordpress\/ -->\n<title>Renaissance Le Bessin - Actualit\u00e9 des entreprises<\/title>\n<meta name=\"robots\" content=\"index, follow, max-snippet:-1, max-image-preview:large, max-video-preview:-1\" \/>\n<link rel=\"canonical\" href=\"https:\/\/www.annonces-legales.org\/blog\/renaissance-le-bessin\/\" \/>\n<meta property=\"og:locale\" content=\"fr_FR\" \/>\n<meta property=\"og:type\" content=\"article\" \/>\n<meta property=\"og:title\" content=\"Renaissance Le Bessin - Actualit\u00e9 des entreprises\" \/>\n<meta property=\"og:description\" content=\"L&rsquo;hebdomadaire La Renaissance Le Bessin para\u00eet tous les jeudis au prix de vente de 1,40 euros. C&rsquo;est un journal g\u00e9n\u00e9raliste [&hellip;]\" \/>\n<meta property=\"og:url\" content=\"https:\/\/www.annonces-legales.org\/blog\/renaissance-le-bessin\/\" \/>\n<meta property=\"og:site_name\" content=\"Actualit\u00e9 des entreprises\" \/>\n<meta property=\"article:modified_time\" content=\"2022-01-26T11:13:18+00:00\" \/>\n<meta property=\"og:image\" content=\"https:\/\/www.annonces-legales.org\/blog\/wp-content\/uploads\/2021\/09\/la-renaissance-le-bessin.png\" \/>\n\t<meta property=\"og:image:width\" content=\"400\" \/>\n\t<meta property=\"og:image:height\" content=\"142\" \/>\n\t<meta property=\"og:image:type\" content=\"image\/png\" \/>\n<meta name=\"twitter:card\" content=\"summary_large_image\" \/>\n<meta name=\"twitter:label1\" content=\"Dur\u00e9e de lecture estim\u00e9e\" \/>\n\t<meta name=\"twitter:data1\" content=\"2 minutes\" \/>\n<script type=\"application\/ld+json\" class=\"yoast-schema-graph\">{\"@context\":\"https:\/\/schema.org\",\"@graph\":[{\"@type\":\"WebPage\",\"@id\":\"https:\/\/www.annonces-legales.org\/blog\/renaissance-le-bessin\/\",\"url\":\"https:\/\/www.annonces-legales.org\/blog\/renaissance-le-bessin\/\",\"name\":\"Renaissance Le Bessin - Actualit\u00e9 des entreprises\",\"isPartOf\":{\"@id\":\"https:\/\/www.annonces-legales.org\/blog\/#website\"},\"primaryImageOfPage\":{\"@id\":\"https:\/\/www.annonces-legales.org\/blog\/renaissance-le-bessin\/#primaryimage\"},\"image\":{\"@id\":\"https:\/\/www.annonces-legales.org\/blog\/renaissance-le-bessin\/#primaryimage\"},\"thumbnailUrl\":\"https:\/\/www.annonces-legales.org\/blog\/wp-content\/uploads\/2021\/09\/la-renaissance-le-bessin.png\",\"datePublished\":\"2021-09-13T17:59:44+00:00\",\"dateModified\":\"2022-01-26T11:13:18+00:00\",\"breadcrumb\":{\"@id\":\"https:\/\/www.annonces-legales.org\/blog\/renaissance-le-bessin\/#breadcrumb\"},\"inLanguage\":\"fr-FR\",\"potentialAction\":[{\"@type\":\"ReadAction\",\"target\":[\"https:\/\/www.annonces-legales.org\/blog\/renaissance-le-bessin\/\"]}]},{\"@type\":\"ImageObject\",\"inLanguage\":\"fr-FR\",\"@id\":\"https:\/\/www.annonces-legales.org\/blog\/renaissance-le-bessin\/#primaryimage\",\"url\":\"https:\/\/www.annonces-legales.org\/blog\/wp-content\/uploads\/2021\/09\/la-renaissance-le-bessin.png\",\"contentUrl\":\"https:\/\/www.annonces-legales.org\/blog\/wp-content\/uploads\/2021\/09\/la-renaissance-le-bessin.png\",\"width\":400,\"height\":142},{\"@type\":\"BreadcrumbList\",\"@id\":\"https:\/\/www.annonces-legales.org\/blog\/renaissance-le-bessin\/#breadcrumb\",\"itemListElement\":[{\"@type\":\"ListItem\",\"position\":1,\"name\":\"Accueil\",\"item\":\"https:\/\/www.annonces-legales.org\/blog\/\"},{\"@type\":\"ListItem\",\"position\":2,\"name\":\"Liste des journaux habilit\u00e9s \u00e0 publier des annonces l\u00e9gales\",\"item\":\"https:\/\/www.annonces-legales.org\/blog\/liste-des-journaux-habilites-a-publier-des-annonces-legales\/\"},{\"@type\":\"ListItem\",\"position\":3,\"name\":\"Renaissance Le Bessin\"}]},{\"@type\":\"WebSite\",\"@id\":\"https:\/\/www.annonces-legales.org\/blog\/#website\",\"url\":\"https:\/\/www.annonces-legales.org\/blog\/\",\"name\":\"Actualit\u00e9 des entreprises\",\"description\":\"\",\"publisher\":{\"@id\":\"https:\/\/www.annonces-legales.org\/blog\/#organization\"},\"potentialAction\":[{\"@type\":\"SearchAction\",\"target\":{\"@type\":\"EntryPoint\",\"urlTemplate\":\"https:\/\/www.annonces-legales.org\/blog\/?s={search_term_string}\"},\"query-input\":{\"@type\":\"PropertyValueSpecification\",\"valueRequired\":true,\"valueName\":\"search_term_string\"}}],\"inLanguage\":\"fr-FR\"},{\"@type\":\"Organization\",\"@id\":\"https:\/\/www.annonces-legales.org\/blog\/#organization\",\"name\":\"Actualit\u00e9 des entreprises\",\"url\":\"https:\/\/www.annonces-legales.org\/blog\/\",\"logo\":{\"@type\":\"ImageObject\",\"inLanguage\":\"fr-FR\",\"@id\":\"https:\/\/www.annonces-legales.org\/blog\/#\/schema\/logo\/image\/\",\"url\":\"https:\/\/www.annonces-legales.org\/blog\/wp-content\/uploads\/2023\/08\/annonces-legales.svg\",\"contentUrl\":\"https:\/\/www.annonces-legales.org\/blog\/wp-content\/uploads\/2023\/08\/annonces-legales.svg\",\"caption\":\"Actualit\u00e9 des entreprises\"},\"image\":{\"@id\":\"https:\/\/www.annonces-legales.org\/blog\/#\/schema\/logo\/image\/\"}}]}<\/script>\n<!-- \/ Yoast SEO plugin. -->","yoast_head_json":{"title":"Renaissance Le Bessin - Actualit\u00e9 des entreprises","robots":{"index":"index","follow":"follow","max-snippet":"max-snippet:-1","max-image-preview":"max-image-preview:large","max-video-preview":"max-video-preview:-1"},"canonical":"https:\/\/www.annonces-legales.org\/blog\/renaissance-le-bessin\/","og_locale":"fr_FR","og_type":"article","og_title":"Renaissance Le Bessin - Actualit\u00e9 des entreprises","og_description":"L&rsquo;hebdomadaire La Renaissance Le Bessin para\u00eet tous les jeudis au prix de vente de 1,40 euros. C&rsquo;est un journal g\u00e9n\u00e9raliste [&hellip;]","og_url":"https:\/\/www.annonces-legales.org\/blog\/renaissance-le-bessin\/","og_site_name":"Actualit\u00e9 des entreprises","article_modified_time":"2022-01-26T11:13:18+00:00","og_image":[{"width":400,"height":142,"url":"https:\/\/www.annonces-legales.org\/blog\/wp-content\/uploads\/2021\/09\/la-renaissance-le-bessin.png","type":"image\/png"}],"twitter_card":"summary_large_image","twitter_misc":{"Dur\u00e9e de lecture estim\u00e9e":"2 minutes"},"schema":{"@context":"https:\/\/schema.org","@graph":[{"@type":"WebPage","@id":"https:\/\/www.annonces-legales.org\/blog\/renaissance-le-bessin\/","url":"https:\/\/www.annonces-legales.org\/blog\/renaissance-le-bessin\/","name":"Renaissance Le Bessin - Actualit\u00e9 des entreprises","isPartOf":{"@id":"https:\/\/www.annonces-legales.org\/blog\/#website"},"primaryImageOfPage":{"@id":"https:\/\/www.annonces-legales.org\/blog\/renaissance-le-bessin\/#primaryimage"},"image":{"@id":"https:\/\/www.annonces-legales.org\/blog\/renaissance-le-bessin\/#primaryimage"},"thumbnailUrl":"https:\/\/www.annonces-legales.org\/blog\/wp-content\/uploads\/2021\/09\/la-renaissance-le-bessin.png","datePublished":"2021-09-13T17:59:44+00:00","dateModified":"2022-01-26T11:13:18+00:00","breadcrumb":{"@id":"https:\/\/www.annonces-legales.org\/blog\/renaissance-le-bessin\/#breadcrumb"},"inLanguage":"fr-FR","potentialAction":[{"@type":"ReadAction","target":["https:\/\/www.annonces-legales.org\/blog\/renaissance-le-bessin\/"]}]},{"@type":"ImageObject","inLanguage":"fr-FR","@id":"https:\/\/www.annonces-legales.org\/blog\/renaissance-le-bessin\/#primaryimage","url":"https:\/\/www.annonces-legales.org\/blog\/wp-content\/uploads\/2021\/09\/la-renaissance-le-bessin.png","contentUrl":"https:\/\/www.annonces-legales.org\/blog\/wp-content\/uploads\/2021\/09\/la-renaissance-le-bessin.png","width":400,"height":142},{"@type":"BreadcrumbList","@id":"https:\/\/www.annonces-legales.org\/blog\/renaissance-le-bessin\/#breadcrumb","itemListElement":[{"@type":"ListItem","position":1,"name":"Accueil","item":"https:\/\/www.annonces-legales.org\/blog\/"},{"@type":"ListItem","position":2,"name":"Liste des journaux habilit\u00e9s \u00e0 publier des annonces l\u00e9gales","item":"https:\/\/www.annonces-legales.org\/blog\/liste-des-journaux-habilites-a-publier-des-annonces-legales\/"},{"@type":"ListItem","position":3,"name":"Renaissance Le Bessin"}]},{"@type":"WebSite","@id":"https:\/\/www.annonces-legales.org\/blog\/#website","url":"https:\/\/www.annonces-legales.org\/blog\/","name":"Actualit\u00e9 des entreprises","description":"","publisher":{"@id":"https:\/\/www.annonces-legales.org\/blog\/#organization"},"potentialAction":[{"@type":"SearchAction","target":{"@type":"EntryPoint","urlTemplate":"https:\/\/www.annonces-legales.org\/blog\/?s={search_term_string}"},"query-input":{"@type":"PropertyValueSpecification","valueRequired":true,"valueName":"search_term_string"}}],"inLanguage":"fr-FR"},{"@type":"Organization","@id":"https:\/\/www.annonces-legales.org\/blog\/#organization","name":"Actualit\u00e9 des entreprises","url":"https:\/\/www.annonces-legales.org\/blog\/","logo":{"@type":"ImageObject","inLanguage":"fr-FR","@id":"https:\/\/www.annonces-legales.org\/blog\/#\/schema\/logo\/image\/","url":"https:\/\/www.annonces-legales.org\/blog\/wp-content\/uploads\/2023\/08\/annonces-legales.svg","contentUrl":"https:\/\/www.annonces-legales.org\/blog\/wp-content\/uploads\/2023\/08\/annonces-legales.svg","caption":"Actualit\u00e9 des entreprises"},"image":{"@id":"https:\/\/www.annonces-legales.org\/blog\/#\/schema\/logo\/image\/"}}]}},"_links":{"self":[{"href":"https:\/\/www.annonces-legales.org\/blog\/wp-json\/wp\/v2\/pages\/666","targetHints":{"allow":["GET"]}}],"collection":[{"href":"https:\/\/www.annonces-legales.org\/blog\/wp-json\/wp\/v2\/pages"}],"about":[{"href":"https:\/\/www.annonces-legales.org\/blog\/wp-json\/wp\/v2\/types\/page"}],"author":[{"embeddable":true,"href":"https:\/\/www.annonces-legales.org\/blog\/wp-json\/wp\/v2\/users\/1"}],"replies":[{"embeddable":true,"href":"https:\/\/www.annonces-legales.org\/blog\/wp-json\/wp\/v2\/comments?post=666"}],"version-history":[{"count":5,"href":"https:\/\/www.annonces-legales.org\/blog\/wp-json\/wp\/v2\/pages\/666\/revisions"}],"predecessor-version":[{"id":689,"href":"https:\/\/www.annonces-legales.org\/blog\/wp-json\/wp\/v2\/pages\/666\/revisions\/689"}],"up":[{"embeddable":true,"href":"https:\/\/www.annonces-legales.org\/blog\/wp-json\/wp\/v2\/pages\/351"}],"wp:attachment":[{"href":"https:\/\/www.annonces-legales.org\/blog\/wp-json\/wp\/v2\/media?parent=666"}],"curies":[{"name":"wp","href":"https:\/\/api.w.org\/{rel}","templated":true}]}}