{"id":699,"date":"2021-09-13T20:40:14","date_gmt":"2021-09-13T18:40:14","guid":{"rendered":"https:\/\/www.annonces-legales.org\/blog\/?page_id=699"},"modified":"2022-01-26T11:56:43","modified_gmt":"2022-01-26T10:56:43","slug":"charente-libre","status":"publish","type":"page","link":"https:\/\/www.annonces-legales.org\/blog\/charente-libre\/","title":{"rendered":"La Charente Libre"},"content":{"rendered":"<p><img loading=\"lazy\" decoding=\"async\" class=\"aligncenter size-full wp-image-715\" src=\"https:\/\/www.annonces-legales.org\/blog\/wp-content\/uploads\/2021\/09\/charente-libre.png\" alt=\"\" width=\"400\" height=\"215\" srcset=\"https:\/\/www.annonces-legales.org\/blog\/wp-content\/uploads\/2021\/09\/charente-libre.png 400w, https:\/\/www.annonces-legales.org\/blog\/wp-content\/uploads\/2021\/09\/charente-libre-300x161.png 300w\" sizes=\"auto, (max-width: 400px) 100vw, 400px\" \/><\/p>\n<p><strong>La Charente Libre<\/strong> est un quotidien fran\u00e7ais publi\u00e9 uniquement dans le d\u00e9partement de la Charente. Il appartient au <strong>groupe Sud Ouest<\/strong> et il est vendu en kiosque au alentour d&rsquo;un euro. Il est diffus\u00e9 \u00e0 plus de 28 000 exemplaires (chiffre pour 2020).<br \/>\nCe journal a obtenu une habilitation pour publier des <strong>annonces l\u00e9gales dans le d\u00e9partement de la Charente (16)<\/strong>.<\/p>\n<p>Le journal poss\u00e8de un site Internet charentelibre.fr sur lequel les abonn\u00e9s num\u00e9riques peuvent lire le journal. Il est possible de s&rsquo;abonner pour 25 \u20ac par mois pour obtenir le journal en version papier et en version num\u00e9rique.<\/p>\n<p>L&rsquo;adresse du journal est 19, Boulevard du Mar\u00e9chal Juin, L&rsquo;Isle D&rsquo;Espagnac 16340.<\/p>\n<h2>En savoir plus sur le journal La Charente Libre<\/h2>\n<p>Le <strong>journal La Charente Libre<\/strong> a \u00e9t\u00e9 cr\u00e9\u00e9 en 1944 par un ancien r\u00e9sistant et professeur Pierre Bodet. Il avait, au d\u00e9but, une \u00e9tiquette politique de centre gauche. Il a peu \u00e0 peu perdu cette \u00e9tiquette. Aujourd&rsquo;hui, ce quotidien emploie une centaine de salari\u00e9s. La majorit\u00e9 sont des journalistes qui sont bas\u00e9s au si\u00e8ge social ou \u00e0 Angoul\u00eame, Cognac, Barbezieux et Confolens. La r\u00e9daction poss\u00e8de un d\u00e9partement infos locales, un service des sports, un service photo, et un service des correspondants \u00e0 l&rsquo;\u00e9tranger pour suivre les \u00e9v\u00e9nements majeurs.<br \/>\nEn outre, le journal poss\u00e8de un correspondant \u00e0 Paris. Le journal a adopt\u00e9 le format tablo\u00efd au d\u00e9but de l&rsquo;ann\u00e9e 2000. \u00c0 ce moment-l\u00e0, le journal a modifi\u00e9 son logo et il est pass\u00e9 de 48 \u00e0 64 pages.<\/p>\n<p>Le directeur de la publication et r\u00e9dacteur en chef de ce quotidien charentais est Armel LE NY. Le journal a pu b\u00e9n\u00e9ficier d&rsquo;aides de l&rsquo;\u00e9tat en 2020 \u00e0 hauteur de 47 957\u20ac.<\/p>\n<p>&nbsp;<\/p>\n<h2>Le site web La Charente Libre<\/h2>\n<p><img loading=\"lazy\" decoding=\"async\" class=\"aligncenter size-full wp-image-1306\" src=\"https:\/\/www.annonces-legales.org\/blog\/wp-content\/uploads\/2021\/10\/site-web-charente-libre.jpg\" alt=\"\" width=\"700\" height=\"452\" srcset=\"https:\/\/www.annonces-legales.org\/blog\/wp-content\/uploads\/2021\/10\/site-web-charente-libre.jpg 700w, https:\/\/www.annonces-legales.org\/blog\/wp-content\/uploads\/2021\/10\/site-web-charente-libre-300x194.jpg 300w\" sizes=\"auto, (max-width: 700px) 100vw, 700px\" \/><\/p>\n<p>Le site est compos\u00e9 d&rsquo;une partie \u00ab\u00a0A la une\u00a0\u00bb qui regroupe les derni\u00e8res actualit\u00e9s g\u00e9n\u00e9raliste, relatives aux sport, aux fait-divers et aux sorties. Parmi les articles visibles sur le site, certains sont r\u00e9serv\u00e9s aux abonn\u00e9s (g\u00e9n\u00e9ralement les plus long). Mais beaucoup d&rsquo;articles sont \u00e9galement consultables sans abonnement.<\/p>\n<p>Les internautes de Charente peuvent aussi lire les rubriques sp\u00e9cifiques \u00e0 leurs r\u00e9gions. La rubrique \u00ab\u00a0Votre r\u00e9gion\u00a0\u00bb est ainsi divis\u00e9 en 6 sous rubriques: Grand Angoul\u00eame, Charente Limousine, Sud Barbezieux, Nord Ruff\u00e9cois, Val de Tardoire, Grand-Cognac.<\/p>\n<p>Le site de La Charente Libre poss\u00e8de une rubrique \u00ab\u00a0services\u00a0\u00bb. Ces services, pour la plupart, redirigent vers des sites tiers partenaires.<\/p>\n<p>Enfin, la page annonces l\u00e9gales permet de voir les derni\u00e8res annonces qui ont \u00e9t\u00e9 publi\u00e9es par le journal mais aussi par les autres journaux du groupe Sud-Ouest de la r\u00e9gion.<\/p>\n<p>Le site web du journal <em>charentelibre.fr <\/em>re\u00e7oit plus de 630 000 visites chaque mois (source UberSuggest).<\/p>\n<p>&nbsp;<\/p>\n<h2>Comment publier une annonce l\u00e9gale sur La Charente Libre ?<\/h2>\n<p>Le mieux est de contacter le journal directement via leur site Internet. Mais savez-vous qu&rsquo;il existe d&rsquo;autres journaux de la Charente qui peuvent aussi publier des annonces l\u00e9gales ?<\/p>\n<br\/><br\/><div class=\"entry-content notopmargin\">\n\t<img decoding=\"async\" class=\"img-fluid fleft\" src=\"https:\/\/www.annonces-legales.org\/images\/rapide-economique-tout-departement.png\" alt=\"Journal d'annonce l\u00e9gale du 16 \"><a href=\"https:\/\/www.annonces-legales.org\/publication-annonce-legale.html\" class=\"button button-desc fright mtop30\"><div>Je publie<br> mon annonce<br> l\u00e9gale<\/div><span>dans un journal du 16 !<\/span><\/a>\n<\/div><div class=\"clrbth\"><\/div><br\/><br\/>\n<p>Avec notre service en ligne, il est possible de demander la publication d&rsquo;une annonce l\u00e9gale pour le d\u00e9partement de la Charente mais \u00e9galement pour tous les d\u00e9partements fran\u00e7ais.<\/p>\n<p>Pour chaque d\u00e9partement, nous poss\u00e9dons un ou plusieurs partenariat avec des journaux habilit\u00e9s. cela nous permet de proposer un prix bas pour tous les d\u00e9partements.<\/p>\n","protected":false},"excerpt":{"rendered":"<p>La Charente Libre est un quotidien fran\u00e7ais publi\u00e9 uniquement dans le d\u00e9partement de la Charente. Il appartient au groupe Sud [&hellip;]<\/p>\n","protected":false},"author":1,"featured_media":0,"parent":351,"menu_order":0,"comment_status":"closed","ping_status":"closed","template":"","meta":{"inline_featured_image":false,"footnotes":""},"class_list":["post-699","page","type-page","status-publish","hentry"],"yoast_head":"<!-- This site is optimized with the Yoast SEO plugin v26.8 - https:\/\/yoast.com\/product\/yoast-seo-wordpress\/ -->\n<title>La Charente Libre - Actualit\u00e9 des entreprises<\/title>\n<meta name=\"robots\" content=\"index, follow, max-snippet:-1, max-image-preview:large, max-video-preview:-1\" \/>\n<link rel=\"canonical\" href=\"https:\/\/www.annonces-legales.org\/blog\/charente-libre\/\" \/>\n<meta property=\"og:locale\" content=\"fr_FR\" \/>\n<meta property=\"og:type\" content=\"article\" \/>\n<meta property=\"og:title\" content=\"La Charente Libre - Actualit\u00e9 des entreprises\" \/>\n<meta property=\"og:description\" content=\"La Charente Libre est un quotidien fran\u00e7ais publi\u00e9 uniquement dans le d\u00e9partement de la Charente. Il appartient au groupe Sud [&hellip;]\" \/>\n<meta property=\"og:url\" content=\"https:\/\/www.annonces-legales.org\/blog\/charente-libre\/\" \/>\n<meta property=\"og:site_name\" content=\"Actualit\u00e9 des entreprises\" \/>\n<meta property=\"article:modified_time\" content=\"2022-01-26T10:56:43+00:00\" \/>\n<meta property=\"og:image\" content=\"https:\/\/www.annonces-legales.org\/blog\/wp-content\/uploads\/2021\/09\/charente-libre.png\" \/>\n\t<meta property=\"og:image:width\" content=\"400\" \/>\n\t<meta property=\"og:image:height\" content=\"215\" \/>\n\t<meta property=\"og:image:type\" content=\"image\/png\" \/>\n<meta name=\"twitter:card\" content=\"summary_large_image\" \/>\n<meta name=\"twitter:label1\" content=\"Dur\u00e9e de lecture estim\u00e9e\" \/>\n\t<meta name=\"twitter:data1\" content=\"3 minutes\" \/>\n<script type=\"application\/ld+json\" class=\"yoast-schema-graph\">{\"@context\":\"https:\/\/schema.org\",\"@graph\":[{\"@type\":\"WebPage\",\"@id\":\"https:\/\/www.annonces-legales.org\/blog\/charente-libre\/\",\"url\":\"https:\/\/www.annonces-legales.org\/blog\/charente-libre\/\",\"name\":\"La Charente Libre - Actualit\u00e9 des entreprises\",\"isPartOf\":{\"@id\":\"https:\/\/www.annonces-legales.org\/blog\/#website\"},\"primaryImageOfPage\":{\"@id\":\"https:\/\/www.annonces-legales.org\/blog\/charente-libre\/#primaryimage\"},\"image\":{\"@id\":\"https:\/\/www.annonces-legales.org\/blog\/charente-libre\/#primaryimage\"},\"thumbnailUrl\":\"https:\/\/www.annonces-legales.org\/blog\/wp-content\/uploads\/2021\/09\/charente-libre.png\",\"datePublished\":\"2021-09-13T18:40:14+00:00\",\"dateModified\":\"2022-01-26T10:56:43+00:00\",\"breadcrumb\":{\"@id\":\"https:\/\/www.annonces-legales.org\/blog\/charente-libre\/#breadcrumb\"},\"inLanguage\":\"fr-FR\",\"potentialAction\":[{\"@type\":\"ReadAction\",\"target\":[\"https:\/\/www.annonces-legales.org\/blog\/charente-libre\/\"]}]},{\"@type\":\"ImageObject\",\"inLanguage\":\"fr-FR\",\"@id\":\"https:\/\/www.annonces-legales.org\/blog\/charente-libre\/#primaryimage\",\"url\":\"https:\/\/www.annonces-legales.org\/blog\/wp-content\/uploads\/2021\/09\/charente-libre.png\",\"contentUrl\":\"https:\/\/www.annonces-legales.org\/blog\/wp-content\/uploads\/2021\/09\/charente-libre.png\",\"width\":400,\"height\":215},{\"@type\":\"BreadcrumbList\",\"@id\":\"https:\/\/www.annonces-legales.org\/blog\/charente-libre\/#breadcrumb\",\"itemListElement\":[{\"@type\":\"ListItem\",\"position\":1,\"name\":\"Accueil\",\"item\":\"https:\/\/www.annonces-legales.org\/blog\/\"},{\"@type\":\"ListItem\",\"position\":2,\"name\":\"Liste des journaux habilit\u00e9s \u00e0 publier des annonces l\u00e9gales\",\"item\":\"https:\/\/www.annonces-legales.org\/blog\/liste-des-journaux-habilites-a-publier-des-annonces-legales\/\"},{\"@type\":\"ListItem\",\"position\":3,\"name\":\"La Charente Libre\"}]},{\"@type\":\"WebSite\",\"@id\":\"https:\/\/www.annonces-legales.org\/blog\/#website\",\"url\":\"https:\/\/www.annonces-legales.org\/blog\/\",\"name\":\"Actualit\u00e9 des entreprises\",\"description\":\"\",\"publisher\":{\"@id\":\"https:\/\/www.annonces-legales.org\/blog\/#organization\"},\"potentialAction\":[{\"@type\":\"SearchAction\",\"target\":{\"@type\":\"EntryPoint\",\"urlTemplate\":\"https:\/\/www.annonces-legales.org\/blog\/?s={search_term_string}\"},\"query-input\":{\"@type\":\"PropertyValueSpecification\",\"valueRequired\":true,\"valueName\":\"search_term_string\"}}],\"inLanguage\":\"fr-FR\"},{\"@type\":\"Organization\",\"@id\":\"https:\/\/www.annonces-legales.org\/blog\/#organization\",\"name\":\"Actualit\u00e9 des entreprises\",\"url\":\"https:\/\/www.annonces-legales.org\/blog\/\",\"logo\":{\"@type\":\"ImageObject\",\"inLanguage\":\"fr-FR\",\"@id\":\"https:\/\/www.annonces-legales.org\/blog\/#\/schema\/logo\/image\/\",\"url\":\"https:\/\/www.annonces-legales.org\/blog\/wp-content\/uploads\/2023\/08\/annonces-legales.svg\",\"contentUrl\":\"https:\/\/www.annonces-legales.org\/blog\/wp-content\/uploads\/2023\/08\/annonces-legales.svg\",\"caption\":\"Actualit\u00e9 des entreprises\"},\"image\":{\"@id\":\"https:\/\/www.annonces-legales.org\/blog\/#\/schema\/logo\/image\/\"}}]}<\/script>\n<!-- \/ Yoast SEO plugin. -->","yoast_head_json":{"title":"La Charente Libre - Actualit\u00e9 des entreprises","robots":{"index":"index","follow":"follow","max-snippet":"max-snippet:-1","max-image-preview":"max-image-preview:large","max-video-preview":"max-video-preview:-1"},"canonical":"https:\/\/www.annonces-legales.org\/blog\/charente-libre\/","og_locale":"fr_FR","og_type":"article","og_title":"La Charente Libre - Actualit\u00e9 des entreprises","og_description":"La Charente Libre est un quotidien fran\u00e7ais publi\u00e9 uniquement dans le d\u00e9partement de la Charente. Il appartient au groupe Sud [&hellip;]","og_url":"https:\/\/www.annonces-legales.org\/blog\/charente-libre\/","og_site_name":"Actualit\u00e9 des entreprises","article_modified_time":"2022-01-26T10:56:43+00:00","og_image":[{"width":400,"height":215,"url":"https:\/\/www.annonces-legales.org\/blog\/wp-content\/uploads\/2021\/09\/charente-libre.png","type":"image\/png"}],"twitter_card":"summary_large_image","twitter_misc":{"Dur\u00e9e de lecture estim\u00e9e":"3 minutes"},"schema":{"@context":"https:\/\/schema.org","@graph":[{"@type":"WebPage","@id":"https:\/\/www.annonces-legales.org\/blog\/charente-libre\/","url":"https:\/\/www.annonces-legales.org\/blog\/charente-libre\/","name":"La Charente Libre - Actualit\u00e9 des entreprises","isPartOf":{"@id":"https:\/\/www.annonces-legales.org\/blog\/#website"},"primaryImageOfPage":{"@id":"https:\/\/www.annonces-legales.org\/blog\/charente-libre\/#primaryimage"},"image":{"@id":"https:\/\/www.annonces-legales.org\/blog\/charente-libre\/#primaryimage"},"thumbnailUrl":"https:\/\/www.annonces-legales.org\/blog\/wp-content\/uploads\/2021\/09\/charente-libre.png","datePublished":"2021-09-13T18:40:14+00:00","dateModified":"2022-01-26T10:56:43+00:00","breadcrumb":{"@id":"https:\/\/www.annonces-legales.org\/blog\/charente-libre\/#breadcrumb"},"inLanguage":"fr-FR","potentialAction":[{"@type":"ReadAction","target":["https:\/\/www.annonces-legales.org\/blog\/charente-libre\/"]}]},{"@type":"ImageObject","inLanguage":"fr-FR","@id":"https:\/\/www.annonces-legales.org\/blog\/charente-libre\/#primaryimage","url":"https:\/\/www.annonces-legales.org\/blog\/wp-content\/uploads\/2021\/09\/charente-libre.png","contentUrl":"https:\/\/www.annonces-legales.org\/blog\/wp-content\/uploads\/2021\/09\/charente-libre.png","width":400,"height":215},{"@type":"BreadcrumbList","@id":"https:\/\/www.annonces-legales.org\/blog\/charente-libre\/#breadcrumb","itemListElement":[{"@type":"ListItem","position":1,"name":"Accueil","item":"https:\/\/www.annonces-legales.org\/blog\/"},{"@type":"ListItem","position":2,"name":"Liste des journaux habilit\u00e9s \u00e0 publier des annonces l\u00e9gales","item":"https:\/\/www.annonces-legales.org\/blog\/liste-des-journaux-habilites-a-publier-des-annonces-legales\/"},{"@type":"ListItem","position":3,"name":"La Charente Libre"}]},{"@type":"WebSite","@id":"https:\/\/www.annonces-legales.org\/blog\/#website","url":"https:\/\/www.annonces-legales.org\/blog\/","name":"Actualit\u00e9 des entreprises","description":"","publisher":{"@id":"https:\/\/www.annonces-legales.org\/blog\/#organization"},"potentialAction":[{"@type":"SearchAction","target":{"@type":"EntryPoint","urlTemplate":"https:\/\/www.annonces-legales.org\/blog\/?s={search_term_string}"},"query-input":{"@type":"PropertyValueSpecification","valueRequired":true,"valueName":"search_term_string"}}],"inLanguage":"fr-FR"},{"@type":"Organization","@id":"https:\/\/www.annonces-legales.org\/blog\/#organization","name":"Actualit\u00e9 des entreprises","url":"https:\/\/www.annonces-legales.org\/blog\/","logo":{"@type":"ImageObject","inLanguage":"fr-FR","@id":"https:\/\/www.annonces-legales.org\/blog\/#\/schema\/logo\/image\/","url":"https:\/\/www.annonces-legales.org\/blog\/wp-content\/uploads\/2023\/08\/annonces-legales.svg","contentUrl":"https:\/\/www.annonces-legales.org\/blog\/wp-content\/uploads\/2023\/08\/annonces-legales.svg","caption":"Actualit\u00e9 des entreprises"},"image":{"@id":"https:\/\/www.annonces-legales.org\/blog\/#\/schema\/logo\/image\/"}}]}},"_links":{"self":[{"href":"https:\/\/www.annonces-legales.org\/blog\/wp-json\/wp\/v2\/pages\/699","targetHints":{"allow":["GET"]}}],"collection":[{"href":"https:\/\/www.annonces-legales.org\/blog\/wp-json\/wp\/v2\/pages"}],"about":[{"href":"https:\/\/www.annonces-legales.org\/blog\/wp-json\/wp\/v2\/types\/page"}],"author":[{"embeddable":true,"href":"https:\/\/www.annonces-legales.org\/blog\/wp-json\/wp\/v2\/users\/1"}],"replies":[{"embeddable":true,"href":"https:\/\/www.annonces-legales.org\/blog\/wp-json\/wp\/v2\/comments?post=699"}],"version-history":[{"count":6,"href":"https:\/\/www.annonces-legales.org\/blog\/wp-json\/wp\/v2\/pages\/699\/revisions"}],"predecessor-version":[{"id":1307,"href":"https:\/\/www.annonces-legales.org\/blog\/wp-json\/wp\/v2\/pages\/699\/revisions\/1307"}],"up":[{"embeddable":true,"href":"https:\/\/www.annonces-legales.org\/blog\/wp-json\/wp\/v2\/pages\/351"}],"wp:attachment":[{"href":"https:\/\/www.annonces-legales.org\/blog\/wp-json\/wp\/v2\/media?parent=699"}],"curies":[{"name":"wp","href":"https:\/\/api.w.org\/{rel}","templated":true}]}}