{"id":749,"date":"2021-09-15T17:52:54","date_gmt":"2021-09-15T15:52:54","guid":{"rendered":"https:\/\/www.annonces-legales.org\/blog\/?page_id=749"},"modified":"2022-01-26T12:00:06","modified_gmt":"2022-01-26T11:00:06","slug":"voix-du-cantal","status":"publish","type":"page","link":"https:\/\/www.annonces-legales.org\/blog\/voix-du-cantal\/","title":{"rendered":"La Voix du Cantal"},"content":{"rendered":"<p><img loading=\"lazy\" decoding=\"async\" class=\"aligncenter size-full wp-image-801\" src=\"https:\/\/www.annonces-legales.org\/blog\/wp-content\/uploads\/2021\/09\/lavoixducantal.png\" alt=\"\" width=\"610\" height=\"258\" srcset=\"https:\/\/www.annonces-legales.org\/blog\/wp-content\/uploads\/2021\/09\/lavoixducantal.png 610w, https:\/\/www.annonces-legales.org\/blog\/wp-content\/uploads\/2021\/09\/lavoixducantal-300x127.png 300w\" sizes=\"auto, (max-width: 610px) 100vw, 610px\" \/><\/p>\n<p>La <strong>Voix du Cantal est un journal papier hebdomadaire<\/strong> qui para\u00eet tous les jeudis. Son prix de vente est de 1,40 euros pour un exemplaire du journal. Il a un peu plus de 8500 lecteurs chaque semaine. Le r\u00e9dacteur en chef du journal est Nicolas Gastal. Le directeur de la publication est Francis Gaunaud.<\/p>\n<p>La r\u00e9daction du journal se situe au 14, Avenue de la r\u00e9publique \u00e0 Aurillac 15 000. Ce n&rsquo;est pas tr\u00e8s loin du tribunal judiciaire et de la maison d&rsquo;arr\u00eat d&rsquo;Aurillac.<br \/>\nT\u00e9l\u00e9phone du journal : 04 71 48 90 56<\/p>\n<p>Il est possible de s&rsquo;abonner au journal pour 5,20 \u20ac par mois. C&rsquo;est le prix de l&rsquo;abonnement version papier ou version num\u00e9rique. Un abonnement \u00e0 ces 2 supports co\u00fbte 5,60 euros par mois.<\/p>\n<p>Ce journal appartient au groupe de presse PubliHebdos (actu.fr).<\/p>\n<p>&nbsp;<\/p>\n<h2>La Voix du Cantal, le site web ?<\/h2>\n<p><img loading=\"lazy\" decoding=\"async\" class=\"aligncenter size-full wp-image-1308\" src=\"https:\/\/www.annonces-legales.org\/blog\/wp-content\/uploads\/2021\/10\/site-la-voix-du-cantal.jpg\" alt=\"\" width=\"800\" height=\"644\" srcset=\"https:\/\/www.annonces-legales.org\/blog\/wp-content\/uploads\/2021\/10\/site-la-voix-du-cantal.jpg 800w, https:\/\/www.annonces-legales.org\/blog\/wp-content\/uploads\/2021\/10\/site-la-voix-du-cantal-300x242.jpg 300w, https:\/\/www.annonces-legales.org\/blog\/wp-content\/uploads\/2021\/10\/site-la-voix-du-cantal-768x618.jpg 768w\" sizes=\"auto, (max-width: 800px) 100vw, 800px\" \/><\/p>\n<p>Le journal La voix du Cantal ne poss\u00e8de pas r\u00e9ellement de site web. Comme tous les journaux appartenant au groupe actu.fr, le journal a simplement une page sur le site. Si vous allez sur <em>lavoixducantal.fr<\/em> votre navigateur va vous rediriger vers une page de actu.fr<br \/>\nMalheureusement, cette page ressemble \u00e0 toutes les autres du site actu.fr et n&rsquo;utilise m\u00eame pas le logo du journal. Gageons n\u00e9anmoins, sans pouvoir le v\u00e9rifier, que les actualit\u00e9s de la page Cantal sont fournis par l&rsquo;\u00e9quipe de r\u00e9daction de La Voix du Cantal.<\/p>\n<p>&nbsp;<\/p>\n<h2>Annonces l\u00e9gales avec La Voix du Cantal<\/h2>\n<p>Le journal <strong>La Voix du Cantal<\/strong> est autoris\u00e9 \u00e0 faire des annonces l\u00e9gales pour les entreprises ou les entrepreneurs cantaliens.<\/p>\n<p>Une 15\u00e8ne d&rsquo;annonces officielles sont publi\u00e9s chaque semaine dans le journal.<\/p>\n<p>&nbsp;<\/p>\n<h2>Quand une soci\u00e9t\u00e9 Cantali\u00e8nne doit-elle d\u00e9poser des annonces l\u00e9gales ?<\/h2>\n<p>Une entreprise est consid\u00e9r\u00e9e comme Cantali\u00e8nne si elle poss\u00e8de son si\u00e8ge social dans le d\u00e9partement. Si c&rsquo;est le cas, une entreprise va devoir <strong>publier une annonce l\u00e9gale<\/strong> quand elle modifie soit son fonctionnement ou ses caract\u00e9ristiques intrins\u00e8ques (changement de commissaire au compte, augmentation de capital, changement de la forme juridique, changement de l&rsquo;objet social&#8230;).<br \/>\nBien entendu, un entrepreneur cantalous devra \u00e9galement faire un avis officiel (avis de constitution) lors de la cr\u00e9ation de sa soci\u00e9t\u00e9 et avant de d\u00e9poser son dossier au centre de formalit\u00e9s des entreprises (CFE).<br \/>\nM\u00eame chose si l&rsquo;entreprise ferme. Il faut publier un avis de dissolution dans un journal du Cantal.<\/p>\n<p>Pour les fonds de commerce, lorsqu&rsquo;il y a une vente ou un nouveau contrat de bail, il faut \u00e9galement effectuer une parution officielle.<\/p>\n<p>&nbsp;<\/p>\n<h2>Petit rappel des pr\u00e9requis \u00e0 remplir pour qu&rsquo;un journal comme La Voix du Cantal puisse faire des annonces l\u00e9gales officielles<\/h2>\n<p>Seuls les quotidiens \u00e0 dimension r\u00e9gionale ou nationale (mais avec une \u00e9dition locale) peuvent faire une annonce l\u00e9gale et judiciaire dans le Cantal. Il faut donc que le journal publie des articles sur la vie dans le Cantal. C&rsquo;est une commission annuelle qui donne l&rsquo;habilitation aux quotidiens Cantalous en fonction de diff\u00e9rents crit\u00e8res. Tous les ans, le pr\u00e9fet du Cantal octroie des habilitations \u00e0 chaque journal.<\/p>\n<p>&nbsp;<\/p>\n<h2>Quel est le co\u00fbt d&rsquo;une annonce l\u00e9gale dans le journal La Voix Du Cantal ?<\/h2>\n<p>&nbsp;<\/p>\n<p>Pour les cr\u00e9ations d&rsquo;entreprise, La Voix du Cantal respecte les directives du minist\u00e8re de la culture qui a choisis de faire appliquer un tarif forfaitaire pour les annonces de constitution d&rsquo;une soci\u00e9t\u00e9.<br \/>\nLe prix varie donc entre 124 \u20ac (pour une EURL) et 395 euros (pour une SA). Ce sont des prix hors taxe et il faudra bien s\u00fbr ajouter quelques euros de frais de dossier et d&rsquo;envoi du justificatif de parution.<\/p>\n<p>Pour les autres annonces, il n&rsquo;est pas possible de donner de prix. En effet, celui-ci d\u00e9pend du nombre de ligne de l&rsquo;annonce qu&rsquo;il faut multipli\u00e9 par 4,07 \u20ac pour obtenir le tarif minimum final.<\/p>\n<p>&nbsp;<\/p>\n<h2>Le service de publication annonces-legales.org<\/h2>\n<p>Notre service enti\u00e8rement en ligne propose de faire para\u00eetre une annonce dans les journaux homologu\u00e9s du Cantal. Il est possible de choisir entre diff\u00e9rents journaux du d\u00e9partement.<\/p>\n<p>Si notre service est enti\u00e8rement num\u00e9rique, l&rsquo;annonce sera bien publi\u00e9 dans un journal de la presse papier ou en ligne qui a re\u00e7u une habilitation.<br \/>\nNotre service client peut r\u00e9pondre les jours ouvr\u00e9s \u00e0 vos questions au 06 44 60 09 41.<\/p>\n<br\/><br\/><div class=\"entry-content notopmargin\">\n\t<img decoding=\"async\" class=\"img-fluid fleft\" src=\"https:\/\/www.annonces-legales.org\/images\/rapide-economique-tout-departement.png\" alt=\"Journal d'annonce l\u00e9gale Cantalien \"><a href=\"https:\/\/www.annonces-legales.org\/publication-annonce-legale.html\" class=\"button button-desc fright mtop30\"><div>Je publie<br> mon annonce<br> l\u00e9gale<\/div><span>dans un journal Cantalien !<\/span><\/a>\n<\/div><div class=\"clrbth\"><\/div><br\/><br\/>\n<p>&nbsp;<\/p>\n","protected":false},"excerpt":{"rendered":"<p>La Voix du Cantal est un journal papier hebdomadaire qui para\u00eet tous les jeudis. Son prix de vente est de [&hellip;]<\/p>\n","protected":false},"author":1,"featured_media":0,"parent":351,"menu_order":0,"comment_status":"closed","ping_status":"closed","template":"","meta":{"inline_featured_image":false,"footnotes":""},"class_list":["post-749","page","type-page","status-publish","hentry"],"yoast_head":"<!-- This site is optimized with the Yoast SEO plugin v26.8 - https:\/\/yoast.com\/product\/yoast-seo-wordpress\/ -->\n<title>La Voix du Cantal - Actualit\u00e9 des entreprises<\/title>\n<meta name=\"robots\" content=\"index, follow, max-snippet:-1, max-image-preview:large, max-video-preview:-1\" \/>\n<link rel=\"canonical\" href=\"https:\/\/www.annonces-legales.org\/blog\/voix-du-cantal\/\" \/>\n<meta property=\"og:locale\" content=\"fr_FR\" \/>\n<meta property=\"og:type\" content=\"article\" \/>\n<meta property=\"og:title\" content=\"La Voix du Cantal - Actualit\u00e9 des entreprises\" \/>\n<meta property=\"og:description\" content=\"La Voix du Cantal est un journal papier hebdomadaire qui para\u00eet tous les jeudis. Son prix de vente est de [&hellip;]\" \/>\n<meta property=\"og:url\" content=\"https:\/\/www.annonces-legales.org\/blog\/voix-du-cantal\/\" \/>\n<meta property=\"og:site_name\" content=\"Actualit\u00e9 des entreprises\" \/>\n<meta property=\"article:modified_time\" content=\"2022-01-26T11:00:06+00:00\" \/>\n<meta property=\"og:image\" content=\"https:\/\/www.annonces-legales.org\/blog\/wp-content\/uploads\/2021\/09\/lavoixducantal.png\" \/>\n\t<meta property=\"og:image:width\" content=\"610\" \/>\n\t<meta property=\"og:image:height\" content=\"258\" \/>\n\t<meta property=\"og:image:type\" content=\"image\/png\" \/>\n<meta name=\"twitter:card\" content=\"summary_large_image\" \/>\n<meta name=\"twitter:label1\" content=\"Dur\u00e9e de lecture estim\u00e9e\" \/>\n\t<meta name=\"twitter:data1\" content=\"4 minutes\" \/>\n<script type=\"application\/ld+json\" class=\"yoast-schema-graph\">{\"@context\":\"https:\/\/schema.org\",\"@graph\":[{\"@type\":\"WebPage\",\"@id\":\"https:\/\/www.annonces-legales.org\/blog\/voix-du-cantal\/\",\"url\":\"https:\/\/www.annonces-legales.org\/blog\/voix-du-cantal\/\",\"name\":\"La Voix du Cantal - Actualit\u00e9 des entreprises\",\"isPartOf\":{\"@id\":\"https:\/\/www.annonces-legales.org\/blog\/#website\"},\"primaryImageOfPage\":{\"@id\":\"https:\/\/www.annonces-legales.org\/blog\/voix-du-cantal\/#primaryimage\"},\"image\":{\"@id\":\"https:\/\/www.annonces-legales.org\/blog\/voix-du-cantal\/#primaryimage\"},\"thumbnailUrl\":\"https:\/\/www.annonces-legales.org\/blog\/wp-content\/uploads\/2021\/09\/lavoixducantal.png\",\"datePublished\":\"2021-09-15T15:52:54+00:00\",\"dateModified\":\"2022-01-26T11:00:06+00:00\",\"breadcrumb\":{\"@id\":\"https:\/\/www.annonces-legales.org\/blog\/voix-du-cantal\/#breadcrumb\"},\"inLanguage\":\"fr-FR\",\"potentialAction\":[{\"@type\":\"ReadAction\",\"target\":[\"https:\/\/www.annonces-legales.org\/blog\/voix-du-cantal\/\"]}]},{\"@type\":\"ImageObject\",\"inLanguage\":\"fr-FR\",\"@id\":\"https:\/\/www.annonces-legales.org\/blog\/voix-du-cantal\/#primaryimage\",\"url\":\"https:\/\/www.annonces-legales.org\/blog\/wp-content\/uploads\/2021\/09\/lavoixducantal.png\",\"contentUrl\":\"https:\/\/www.annonces-legales.org\/blog\/wp-content\/uploads\/2021\/09\/lavoixducantal.png\",\"width\":610,\"height\":258},{\"@type\":\"BreadcrumbList\",\"@id\":\"https:\/\/www.annonces-legales.org\/blog\/voix-du-cantal\/#breadcrumb\",\"itemListElement\":[{\"@type\":\"ListItem\",\"position\":1,\"name\":\"Accueil\",\"item\":\"https:\/\/www.annonces-legales.org\/blog\/\"},{\"@type\":\"ListItem\",\"position\":2,\"name\":\"Liste des journaux habilit\u00e9s \u00e0 publier des annonces l\u00e9gales\",\"item\":\"https:\/\/www.annonces-legales.org\/blog\/liste-des-journaux-habilites-a-publier-des-annonces-legales\/\"},{\"@type\":\"ListItem\",\"position\":3,\"name\":\"La Voix du Cantal\"}]},{\"@type\":\"WebSite\",\"@id\":\"https:\/\/www.annonces-legales.org\/blog\/#website\",\"url\":\"https:\/\/www.annonces-legales.org\/blog\/\",\"name\":\"Actualit\u00e9 des entreprises\",\"description\":\"\",\"publisher\":{\"@id\":\"https:\/\/www.annonces-legales.org\/blog\/#organization\"},\"potentialAction\":[{\"@type\":\"SearchAction\",\"target\":{\"@type\":\"EntryPoint\",\"urlTemplate\":\"https:\/\/www.annonces-legales.org\/blog\/?s={search_term_string}\"},\"query-input\":{\"@type\":\"PropertyValueSpecification\",\"valueRequired\":true,\"valueName\":\"search_term_string\"}}],\"inLanguage\":\"fr-FR\"},{\"@type\":\"Organization\",\"@id\":\"https:\/\/www.annonces-legales.org\/blog\/#organization\",\"name\":\"Actualit\u00e9 des entreprises\",\"url\":\"https:\/\/www.annonces-legales.org\/blog\/\",\"logo\":{\"@type\":\"ImageObject\",\"inLanguage\":\"fr-FR\",\"@id\":\"https:\/\/www.annonces-legales.org\/blog\/#\/schema\/logo\/image\/\",\"url\":\"https:\/\/www.annonces-legales.org\/blog\/wp-content\/uploads\/2023\/08\/annonces-legales.svg\",\"contentUrl\":\"https:\/\/www.annonces-legales.org\/blog\/wp-content\/uploads\/2023\/08\/annonces-legales.svg\",\"caption\":\"Actualit\u00e9 des entreprises\"},\"image\":{\"@id\":\"https:\/\/www.annonces-legales.org\/blog\/#\/schema\/logo\/image\/\"}}]}<\/script>\n<!-- \/ Yoast SEO plugin. -->","yoast_head_json":{"title":"La Voix du Cantal - Actualit\u00e9 des entreprises","robots":{"index":"index","follow":"follow","max-snippet":"max-snippet:-1","max-image-preview":"max-image-preview:large","max-video-preview":"max-video-preview:-1"},"canonical":"https:\/\/www.annonces-legales.org\/blog\/voix-du-cantal\/","og_locale":"fr_FR","og_type":"article","og_title":"La Voix du Cantal - Actualit\u00e9 des entreprises","og_description":"La Voix du Cantal est un journal papier hebdomadaire qui para\u00eet tous les jeudis. Son prix de vente est de [&hellip;]","og_url":"https:\/\/www.annonces-legales.org\/blog\/voix-du-cantal\/","og_site_name":"Actualit\u00e9 des entreprises","article_modified_time":"2022-01-26T11:00:06+00:00","og_image":[{"width":610,"height":258,"url":"https:\/\/www.annonces-legales.org\/blog\/wp-content\/uploads\/2021\/09\/lavoixducantal.png","type":"image\/png"}],"twitter_card":"summary_large_image","twitter_misc":{"Dur\u00e9e de lecture estim\u00e9e":"4 minutes"},"schema":{"@context":"https:\/\/schema.org","@graph":[{"@type":"WebPage","@id":"https:\/\/www.annonces-legales.org\/blog\/voix-du-cantal\/","url":"https:\/\/www.annonces-legales.org\/blog\/voix-du-cantal\/","name":"La Voix du Cantal - Actualit\u00e9 des entreprises","isPartOf":{"@id":"https:\/\/www.annonces-legales.org\/blog\/#website"},"primaryImageOfPage":{"@id":"https:\/\/www.annonces-legales.org\/blog\/voix-du-cantal\/#primaryimage"},"image":{"@id":"https:\/\/www.annonces-legales.org\/blog\/voix-du-cantal\/#primaryimage"},"thumbnailUrl":"https:\/\/www.annonces-legales.org\/blog\/wp-content\/uploads\/2021\/09\/lavoixducantal.png","datePublished":"2021-09-15T15:52:54+00:00","dateModified":"2022-01-26T11:00:06+00:00","breadcrumb":{"@id":"https:\/\/www.annonces-legales.org\/blog\/voix-du-cantal\/#breadcrumb"},"inLanguage":"fr-FR","potentialAction":[{"@type":"ReadAction","target":["https:\/\/www.annonces-legales.org\/blog\/voix-du-cantal\/"]}]},{"@type":"ImageObject","inLanguage":"fr-FR","@id":"https:\/\/www.annonces-legales.org\/blog\/voix-du-cantal\/#primaryimage","url":"https:\/\/www.annonces-legales.org\/blog\/wp-content\/uploads\/2021\/09\/lavoixducantal.png","contentUrl":"https:\/\/www.annonces-legales.org\/blog\/wp-content\/uploads\/2021\/09\/lavoixducantal.png","width":610,"height":258},{"@type":"BreadcrumbList","@id":"https:\/\/www.annonces-legales.org\/blog\/voix-du-cantal\/#breadcrumb","itemListElement":[{"@type":"ListItem","position":1,"name":"Accueil","item":"https:\/\/www.annonces-legales.org\/blog\/"},{"@type":"ListItem","position":2,"name":"Liste des journaux habilit\u00e9s \u00e0 publier des annonces l\u00e9gales","item":"https:\/\/www.annonces-legales.org\/blog\/liste-des-journaux-habilites-a-publier-des-annonces-legales\/"},{"@type":"ListItem","position":3,"name":"La Voix du Cantal"}]},{"@type":"WebSite","@id":"https:\/\/www.annonces-legales.org\/blog\/#website","url":"https:\/\/www.annonces-legales.org\/blog\/","name":"Actualit\u00e9 des entreprises","description":"","publisher":{"@id":"https:\/\/www.annonces-legales.org\/blog\/#organization"},"potentialAction":[{"@type":"SearchAction","target":{"@type":"EntryPoint","urlTemplate":"https:\/\/www.annonces-legales.org\/blog\/?s={search_term_string}"},"query-input":{"@type":"PropertyValueSpecification","valueRequired":true,"valueName":"search_term_string"}}],"inLanguage":"fr-FR"},{"@type":"Organization","@id":"https:\/\/www.annonces-legales.org\/blog\/#organization","name":"Actualit\u00e9 des entreprises","url":"https:\/\/www.annonces-legales.org\/blog\/","logo":{"@type":"ImageObject","inLanguage":"fr-FR","@id":"https:\/\/www.annonces-legales.org\/blog\/#\/schema\/logo\/image\/","url":"https:\/\/www.annonces-legales.org\/blog\/wp-content\/uploads\/2023\/08\/annonces-legales.svg","contentUrl":"https:\/\/www.annonces-legales.org\/blog\/wp-content\/uploads\/2023\/08\/annonces-legales.svg","caption":"Actualit\u00e9 des entreprises"},"image":{"@id":"https:\/\/www.annonces-legales.org\/blog\/#\/schema\/logo\/image\/"}}]}},"_links":{"self":[{"href":"https:\/\/www.annonces-legales.org\/blog\/wp-json\/wp\/v2\/pages\/749","targetHints":{"allow":["GET"]}}],"collection":[{"href":"https:\/\/www.annonces-legales.org\/blog\/wp-json\/wp\/v2\/pages"}],"about":[{"href":"https:\/\/www.annonces-legales.org\/blog\/wp-json\/wp\/v2\/types\/page"}],"author":[{"embeddable":true,"href":"https:\/\/www.annonces-legales.org\/blog\/wp-json\/wp\/v2\/users\/1"}],"replies":[{"embeddable":true,"href":"https:\/\/www.annonces-legales.org\/blog\/wp-json\/wp\/v2\/comments?post=749"}],"version-history":[{"count":11,"href":"https:\/\/www.annonces-legales.org\/blog\/wp-json\/wp\/v2\/pages\/749\/revisions"}],"predecessor-version":[{"id":1310,"href":"https:\/\/www.annonces-legales.org\/blog\/wp-json\/wp\/v2\/pages\/749\/revisions\/1310"}],"up":[{"embeddable":true,"href":"https:\/\/www.annonces-legales.org\/blog\/wp-json\/wp\/v2\/pages\/351"}],"wp:attachment":[{"href":"https:\/\/www.annonces-legales.org\/blog\/wp-json\/wp\/v2\/media?parent=749"}],"curies":[{"name":"wp","href":"https:\/\/api.w.org\/{rel}","templated":true}]}}