{"id":769,"date":"2021-09-15T18:14:06","date_gmt":"2021-09-15T16:14:06","guid":{"rendered":"https:\/\/www.annonces-legales.org\/blog\/?page_id=769"},"modified":"2022-01-26T12:04:24","modified_gmt":"2022-01-26T11:04:24","slug":"le-littoral-de-la-charente-maritime","status":"publish","type":"page","link":"https:\/\/www.annonces-legales.org\/blog\/le-littoral-de-la-charente-maritime\/","title":{"rendered":"Le littoral de la Charente-Maritime"},"content":{"rendered":"<p><img loading=\"lazy\" decoding=\"async\" class=\"aligncenter size-full wp-image-815\" src=\"https:\/\/www.annonces-legales.org\/blog\/wp-content\/uploads\/2021\/09\/Le-littoral-de-la-Charente-Maritime.png\" alt=\"\" width=\"400\" height=\"99\" srcset=\"https:\/\/www.annonces-legales.org\/blog\/wp-content\/uploads\/2021\/09\/Le-littoral-de-la-Charente-Maritime.png 400w, https:\/\/www.annonces-legales.org\/blog\/wp-content\/uploads\/2021\/09\/Le-littoral-de-la-Charente-Maritime-300x74.png 300w\" sizes=\"auto, (max-width: 400px) 100vw, 400px\" \/><\/p>\n<p>Cet hebdomadaire de la Charente-Maritime propose des informations sur toutes les villes entre la Rochelle et le pays Roannais. Cela comprend donc le bassin de Marennes, l&rsquo;\u00eele d&rsquo;Ol\u00e9ron, le pays Rochefortais, Saintes et la presqu&rsquo;ile d&rsquo;Arvert. Il est plus commun\u00e9ment appel\u00e9 \u00ab\u00a0Le Littoral\u00a0\u00bb.<\/p>\n<p>Un nouveau num\u00e9ro du <strong>Littoral de la Charente-Maritime<\/strong> est publi\u00e9 tous les vendredis au prix de 1,20 euros.<\/p>\n<p>C&rsquo;est un journal hebdomadaire centenaire qui a d\u00e9j\u00e0 d\u00e9pass\u00e9 le num\u00e9ro 5800. Il est possible de s&rsquo;abonner \u00e0 la version papier ou num\u00e9rique du journal le littoral sur le site internet : le-littoral.fr<br \/>\nL&rsquo;abonnement pour un an co\u00fbte 48 \u20ac pour la version papier. La version num\u00e9rique disponible sur ordinateur et tablette co\u00fbte 35 \u20ac. La version du haut qui comprend la version num\u00e9rique la version papier est factur\u00e9e 55 \u20ac.<\/p>\n<p>La r\u00e9daction du journal et la soci\u00e9t\u00e9 \u00e9ditrice du journal (Les \u00e9ditions du phare) se trouve \u00e0 Marennes (17\u00a0320), au 15 rue Dubois Meynardie.<\/p>\n<p>Pour contacter le journal par t\u00e9l\u00e9phone, il faut composer le 05 46 85 15 42.<br \/>\nLa r\u00e9daction est compos\u00e9e de trois journalistes : David Labardin, Ronan Le Goaster et Colin Pradier. La directrice de la publication est Bertille Schmidt.<\/p>\n<p>&nbsp;<\/p>\n<p><strong>Vous souhaitez faire une annonce l\u00e9gale et judiciaire ou un avis de constitution en Charente-Maritime ?<\/strong><\/p>\n<p>Si tel est le cas, il est possible de se servie du journal Le littoral de la Charente-Maritime. Mais de nombreux autres journaux peuvent faire l&rsquo;affaire. Pour cela nous vous invitons \u00e0 utiliser nos services pour trouver le prix le plus bas pour votre annonce.<\/p>\n<br\/><br\/><div class=\"entry-content notopmargin\">\n\t<img decoding=\"async\" class=\"img-fluid fleft\" src=\"https:\/\/www.annonces-legales.org\/images\/rapide-economique-tout-departement.png\" alt=\"Journal d'annonce l\u00e9gale de Charente-Maritime \"><a href=\"https:\/\/www.annonces-legales.org\/publication-annonce-legale.html\" class=\"button button-desc fright mtop30\"><div>Je publie<br> mon annonce<br> l\u00e9gale<\/div><span>dans un journal de Charente-Maritime !<\/span><\/a>\n<\/div><div class=\"clrbth\"><\/div><br\/><br\/>\n","protected":false},"excerpt":{"rendered":"<p>Cet hebdomadaire de la Charente-Maritime propose des informations sur toutes les villes entre la Rochelle et le pays Roannais. Cela [&hellip;]<\/p>\n","protected":false},"author":1,"featured_media":0,"parent":351,"menu_order":0,"comment_status":"closed","ping_status":"closed","template":"","meta":{"inline_featured_image":false,"footnotes":""},"class_list":["post-769","page","type-page","status-publish","hentry"],"yoast_head":"<!-- This site is optimized with the Yoast SEO plugin v26.8 - https:\/\/yoast.com\/product\/yoast-seo-wordpress\/ -->\n<title>Le littoral de la Charente-Maritime - Actualit\u00e9 des entreprises<\/title>\n<meta name=\"robots\" content=\"index, follow, max-snippet:-1, max-image-preview:large, max-video-preview:-1\" \/>\n<link rel=\"canonical\" href=\"https:\/\/www.annonces-legales.org\/blog\/le-littoral-de-la-charente-maritime\/\" \/>\n<meta property=\"og:locale\" content=\"fr_FR\" \/>\n<meta property=\"og:type\" content=\"article\" \/>\n<meta property=\"og:title\" content=\"Le littoral de la Charente-Maritime - Actualit\u00e9 des entreprises\" \/>\n<meta property=\"og:description\" content=\"Cet hebdomadaire de la Charente-Maritime propose des informations sur toutes les villes entre la Rochelle et le pays Roannais. Cela [&hellip;]\" \/>\n<meta property=\"og:url\" content=\"https:\/\/www.annonces-legales.org\/blog\/le-littoral-de-la-charente-maritime\/\" \/>\n<meta property=\"og:site_name\" content=\"Actualit\u00e9 des entreprises\" \/>\n<meta property=\"article:modified_time\" content=\"2022-01-26T11:04:24+00:00\" \/>\n<meta property=\"og:image\" content=\"https:\/\/www.annonces-legales.org\/blog\/wp-content\/uploads\/2021\/09\/Le-littoral-de-la-Charente-Maritime.png\" \/>\n\t<meta property=\"og:image:width\" content=\"400\" \/>\n\t<meta property=\"og:image:height\" content=\"99\" \/>\n\t<meta property=\"og:image:type\" content=\"image\/png\" \/>\n<meta name=\"twitter:card\" content=\"summary_large_image\" \/>\n<meta name=\"twitter:label1\" content=\"Dur\u00e9e de lecture estim\u00e9e\" \/>\n\t<meta name=\"twitter:data1\" content=\"1 minute\" \/>\n<script type=\"application\/ld+json\" class=\"yoast-schema-graph\">{\"@context\":\"https:\/\/schema.org\",\"@graph\":[{\"@type\":\"WebPage\",\"@id\":\"https:\/\/www.annonces-legales.org\/blog\/le-littoral-de-la-charente-maritime\/\",\"url\":\"https:\/\/www.annonces-legales.org\/blog\/le-littoral-de-la-charente-maritime\/\",\"name\":\"Le littoral de la Charente-Maritime - Actualit\u00e9 des entreprises\",\"isPartOf\":{\"@id\":\"https:\/\/www.annonces-legales.org\/blog\/#website\"},\"primaryImageOfPage\":{\"@id\":\"https:\/\/www.annonces-legales.org\/blog\/le-littoral-de-la-charente-maritime\/#primaryimage\"},\"image\":{\"@id\":\"https:\/\/www.annonces-legales.org\/blog\/le-littoral-de-la-charente-maritime\/#primaryimage\"},\"thumbnailUrl\":\"https:\/\/www.annonces-legales.org\/blog\/wp-content\/uploads\/2021\/09\/Le-littoral-de-la-Charente-Maritime.png\",\"datePublished\":\"2021-09-15T16:14:06+00:00\",\"dateModified\":\"2022-01-26T11:04:24+00:00\",\"breadcrumb\":{\"@id\":\"https:\/\/www.annonces-legales.org\/blog\/le-littoral-de-la-charente-maritime\/#breadcrumb\"},\"inLanguage\":\"fr-FR\",\"potentialAction\":[{\"@type\":\"ReadAction\",\"target\":[\"https:\/\/www.annonces-legales.org\/blog\/le-littoral-de-la-charente-maritime\/\"]}]},{\"@type\":\"ImageObject\",\"inLanguage\":\"fr-FR\",\"@id\":\"https:\/\/www.annonces-legales.org\/blog\/le-littoral-de-la-charente-maritime\/#primaryimage\",\"url\":\"https:\/\/www.annonces-legales.org\/blog\/wp-content\/uploads\/2021\/09\/Le-littoral-de-la-Charente-Maritime.png\",\"contentUrl\":\"https:\/\/www.annonces-legales.org\/blog\/wp-content\/uploads\/2021\/09\/Le-littoral-de-la-Charente-Maritime.png\",\"width\":400,\"height\":99},{\"@type\":\"BreadcrumbList\",\"@id\":\"https:\/\/www.annonces-legales.org\/blog\/le-littoral-de-la-charente-maritime\/#breadcrumb\",\"itemListElement\":[{\"@type\":\"ListItem\",\"position\":1,\"name\":\"Accueil\",\"item\":\"https:\/\/www.annonces-legales.org\/blog\/\"},{\"@type\":\"ListItem\",\"position\":2,\"name\":\"Liste des journaux habilit\u00e9s \u00e0 publier des annonces l\u00e9gales\",\"item\":\"https:\/\/www.annonces-legales.org\/blog\/liste-des-journaux-habilites-a-publier-des-annonces-legales\/\"},{\"@type\":\"ListItem\",\"position\":3,\"name\":\"Le littoral de la Charente-Maritime\"}]},{\"@type\":\"WebSite\",\"@id\":\"https:\/\/www.annonces-legales.org\/blog\/#website\",\"url\":\"https:\/\/www.annonces-legales.org\/blog\/\",\"name\":\"Actualit\u00e9 des entreprises\",\"description\":\"\",\"publisher\":{\"@id\":\"https:\/\/www.annonces-legales.org\/blog\/#organization\"},\"potentialAction\":[{\"@type\":\"SearchAction\",\"target\":{\"@type\":\"EntryPoint\",\"urlTemplate\":\"https:\/\/www.annonces-legales.org\/blog\/?s={search_term_string}\"},\"query-input\":{\"@type\":\"PropertyValueSpecification\",\"valueRequired\":true,\"valueName\":\"search_term_string\"}}],\"inLanguage\":\"fr-FR\"},{\"@type\":\"Organization\",\"@id\":\"https:\/\/www.annonces-legales.org\/blog\/#organization\",\"name\":\"Actualit\u00e9 des entreprises\",\"url\":\"https:\/\/www.annonces-legales.org\/blog\/\",\"logo\":{\"@type\":\"ImageObject\",\"inLanguage\":\"fr-FR\",\"@id\":\"https:\/\/www.annonces-legales.org\/blog\/#\/schema\/logo\/image\/\",\"url\":\"https:\/\/www.annonces-legales.org\/blog\/wp-content\/uploads\/2023\/08\/annonces-legales.svg\",\"contentUrl\":\"https:\/\/www.annonces-legales.org\/blog\/wp-content\/uploads\/2023\/08\/annonces-legales.svg\",\"caption\":\"Actualit\u00e9 des entreprises\"},\"image\":{\"@id\":\"https:\/\/www.annonces-legales.org\/blog\/#\/schema\/logo\/image\/\"}}]}<\/script>\n<!-- \/ Yoast SEO plugin. -->","yoast_head_json":{"title":"Le littoral de la Charente-Maritime - Actualit\u00e9 des entreprises","robots":{"index":"index","follow":"follow","max-snippet":"max-snippet:-1","max-image-preview":"max-image-preview:large","max-video-preview":"max-video-preview:-1"},"canonical":"https:\/\/www.annonces-legales.org\/blog\/le-littoral-de-la-charente-maritime\/","og_locale":"fr_FR","og_type":"article","og_title":"Le littoral de la Charente-Maritime - Actualit\u00e9 des entreprises","og_description":"Cet hebdomadaire de la Charente-Maritime propose des informations sur toutes les villes entre la Rochelle et le pays Roannais. Cela [&hellip;]","og_url":"https:\/\/www.annonces-legales.org\/blog\/le-littoral-de-la-charente-maritime\/","og_site_name":"Actualit\u00e9 des entreprises","article_modified_time":"2022-01-26T11:04:24+00:00","og_image":[{"width":400,"height":99,"url":"https:\/\/www.annonces-legales.org\/blog\/wp-content\/uploads\/2021\/09\/Le-littoral-de-la-Charente-Maritime.png","type":"image\/png"}],"twitter_card":"summary_large_image","twitter_misc":{"Dur\u00e9e de lecture estim\u00e9e":"1 minute"},"schema":{"@context":"https:\/\/schema.org","@graph":[{"@type":"WebPage","@id":"https:\/\/www.annonces-legales.org\/blog\/le-littoral-de-la-charente-maritime\/","url":"https:\/\/www.annonces-legales.org\/blog\/le-littoral-de-la-charente-maritime\/","name":"Le littoral de la Charente-Maritime - Actualit\u00e9 des entreprises","isPartOf":{"@id":"https:\/\/www.annonces-legales.org\/blog\/#website"},"primaryImageOfPage":{"@id":"https:\/\/www.annonces-legales.org\/blog\/le-littoral-de-la-charente-maritime\/#primaryimage"},"image":{"@id":"https:\/\/www.annonces-legales.org\/blog\/le-littoral-de-la-charente-maritime\/#primaryimage"},"thumbnailUrl":"https:\/\/www.annonces-legales.org\/blog\/wp-content\/uploads\/2021\/09\/Le-littoral-de-la-Charente-Maritime.png","datePublished":"2021-09-15T16:14:06+00:00","dateModified":"2022-01-26T11:04:24+00:00","breadcrumb":{"@id":"https:\/\/www.annonces-legales.org\/blog\/le-littoral-de-la-charente-maritime\/#breadcrumb"},"inLanguage":"fr-FR","potentialAction":[{"@type":"ReadAction","target":["https:\/\/www.annonces-legales.org\/blog\/le-littoral-de-la-charente-maritime\/"]}]},{"@type":"ImageObject","inLanguage":"fr-FR","@id":"https:\/\/www.annonces-legales.org\/blog\/le-littoral-de-la-charente-maritime\/#primaryimage","url":"https:\/\/www.annonces-legales.org\/blog\/wp-content\/uploads\/2021\/09\/Le-littoral-de-la-Charente-Maritime.png","contentUrl":"https:\/\/www.annonces-legales.org\/blog\/wp-content\/uploads\/2021\/09\/Le-littoral-de-la-Charente-Maritime.png","width":400,"height":99},{"@type":"BreadcrumbList","@id":"https:\/\/www.annonces-legales.org\/blog\/le-littoral-de-la-charente-maritime\/#breadcrumb","itemListElement":[{"@type":"ListItem","position":1,"name":"Accueil","item":"https:\/\/www.annonces-legales.org\/blog\/"},{"@type":"ListItem","position":2,"name":"Liste des journaux habilit\u00e9s \u00e0 publier des annonces l\u00e9gales","item":"https:\/\/www.annonces-legales.org\/blog\/liste-des-journaux-habilites-a-publier-des-annonces-legales\/"},{"@type":"ListItem","position":3,"name":"Le littoral de la Charente-Maritime"}]},{"@type":"WebSite","@id":"https:\/\/www.annonces-legales.org\/blog\/#website","url":"https:\/\/www.annonces-legales.org\/blog\/","name":"Actualit\u00e9 des entreprises","description":"","publisher":{"@id":"https:\/\/www.annonces-legales.org\/blog\/#organization"},"potentialAction":[{"@type":"SearchAction","target":{"@type":"EntryPoint","urlTemplate":"https:\/\/www.annonces-legales.org\/blog\/?s={search_term_string}"},"query-input":{"@type":"PropertyValueSpecification","valueRequired":true,"valueName":"search_term_string"}}],"inLanguage":"fr-FR"},{"@type":"Organization","@id":"https:\/\/www.annonces-legales.org\/blog\/#organization","name":"Actualit\u00e9 des entreprises","url":"https:\/\/www.annonces-legales.org\/blog\/","logo":{"@type":"ImageObject","inLanguage":"fr-FR","@id":"https:\/\/www.annonces-legales.org\/blog\/#\/schema\/logo\/image\/","url":"https:\/\/www.annonces-legales.org\/blog\/wp-content\/uploads\/2023\/08\/annonces-legales.svg","contentUrl":"https:\/\/www.annonces-legales.org\/blog\/wp-content\/uploads\/2023\/08\/annonces-legales.svg","caption":"Actualit\u00e9 des entreprises"},"image":{"@id":"https:\/\/www.annonces-legales.org\/blog\/#\/schema\/logo\/image\/"}}]}},"_links":{"self":[{"href":"https:\/\/www.annonces-legales.org\/blog\/wp-json\/wp\/v2\/pages\/769","targetHints":{"allow":["GET"]}}],"collection":[{"href":"https:\/\/www.annonces-legales.org\/blog\/wp-json\/wp\/v2\/pages"}],"about":[{"href":"https:\/\/www.annonces-legales.org\/blog\/wp-json\/wp\/v2\/types\/page"}],"author":[{"embeddable":true,"href":"https:\/\/www.annonces-legales.org\/blog\/wp-json\/wp\/v2\/users\/1"}],"replies":[{"embeddable":true,"href":"https:\/\/www.annonces-legales.org\/blog\/wp-json\/wp\/v2\/comments?post=769"}],"version-history":[{"count":2,"href":"https:\/\/www.annonces-legales.org\/blog\/wp-json\/wp\/v2\/pages\/769\/revisions"}],"predecessor-version":[{"id":816,"href":"https:\/\/www.annonces-legales.org\/blog\/wp-json\/wp\/v2\/pages\/769\/revisions\/816"}],"up":[{"embeddable":true,"href":"https:\/\/www.annonces-legales.org\/blog\/wp-json\/wp\/v2\/pages\/351"}],"wp:attachment":[{"href":"https:\/\/www.annonces-legales.org\/blog\/wp-json\/wp\/v2\/media?parent=769"}],"curies":[{"name":"wp","href":"https:\/\/api.w.org\/{rel}","templated":true}]}}