{"id":776,"date":"2021-09-15T18:22:42","date_gmt":"2021-09-15T16:22:42","guid":{"rendered":"https:\/\/www.annonces-legales.org\/blog\/?page_id=776"},"modified":"2022-01-26T11:51:41","modified_gmt":"2022-01-26T10:51:41","slug":"information-agricole-du-cher","status":"publish","type":"page","link":"https:\/\/www.annonces-legales.org\/blog\/information-agricole-du-cher\/","title":{"rendered":"Information agricole du Cher"},"content":{"rendered":"<p><img loading=\"lazy\" decoding=\"async\" class=\"aligncenter size-full wp-image-821\" src=\"https:\/\/www.annonces-legales.org\/blog\/wp-content\/uploads\/2021\/09\/Information-agricole-du-Cher.png\" alt=\"\" width=\"350\" height=\"136\" srcset=\"https:\/\/www.annonces-legales.org\/blog\/wp-content\/uploads\/2021\/09\/Information-agricole-du-Cher.png 350w, https:\/\/www.annonces-legales.org\/blog\/wp-content\/uploads\/2021\/09\/Information-agricole-du-Cher-300x117.png 300w\" sizes=\"auto, (max-width: 350px) 100vw, 350px\" \/><\/p>\n<p>L&rsquo;information agricole du Cher est un hebdomadaire qui traite de l&rsquo;actualit\u00e9 de l&rsquo;agriculture et des territoires du d\u00e9partement du Cher. Son jour de parution et le vendredi. Le lectorat du journal est compos\u00e9 principalement d&rsquo;agriculteurs et d&rsquo;\u00e9leveurs du Cher.<br \/>\nLe journal de nombreux partenaires dans la r\u00e9gion notamment la chambre d&rsquo;agriculture du Cher, le cr\u00e9dit agricole centre Loire, l&rsquo;entreprise Groupama, la FDSA, Axereal&#8230;<\/p>\n<p>Le journal poss\u00e8de un site Internet Cher @gri. Il est possible de s&rsquo;abonner pour un an \u00e0 l&rsquo;information agricole du Cher pour 67 \u20ac.<\/p>\n<p>L&rsquo;adresse du journal est 2701 route d&rsquo;Orl\u00e9ans \u00e0 Saint Doulchard 18230. Le num\u00e9ro du journal est le 02 48 23 46 20.<\/p>\n<p>Ce journal publie des annonces l\u00e9gales pour le d\u00e9partement du Cher 18. sur les 10 derni\u00e8res ann\u00e9es il a publi\u00e9 plus de 15\u00a0000 annonces l\u00e9gales d&rsquo;entreprise et de particuliers vivant de le d\u00e9partement du Cher.<\/p>\n<h2>Quelles entreprises du Cher n\u00e9cessitent la publication d&rsquo;une annonce l\u00e9gale ?<\/h2>\n<p>La majorit\u00e9 des entreprises du Cher qui sont de type commerciale ont l&rsquo;imp\u00e9ratif de faire des publications l\u00e9gales.<br \/>\nLes entreprises de taille moyenne et de grandes tailles sont du coup concern\u00e9es. Cela concerne les SA, SAS, SARL, EURL, SCI.<br \/>\nLes petites structures (microentreprise) n&rsquo;auront pas \u00e0 faire cette formalit\u00e9.<\/p>\n<p>&nbsp;<\/p>\n<h2>Comment choisir entre divers journaux d&rsquo;annonces l\u00e9gales ?<\/h2>\n<p>Il n&rsquo;est pas indispensable de se servir d&rsquo;un journal habilit\u00e9 plus connu qu&rsquo;un autre, l&rsquo;aboutissement sera le m\u00eame, \u00e0 savoir la publication de l&rsquo;annonce l\u00e9gale.<br \/>\nBien \u00e9videmment, il faut qu&rsquo;il soit autoris\u00e9 \u00e0 publier au sein du d\u00e9partement o\u00f9 se trouve les locaux de votre structure.<\/p>\n<p>Il faut bien v\u00e9rifier que le journal peut fournir une attestation de publication.<\/p>\n<br\/><br\/><div class=\"entry-content notopmargin\">\n\t<img decoding=\"async\" class=\"img-fluid fleft\" src=\"https:\/\/www.annonces-legales.org\/images\/rapide-economique-tout-departement.png\" alt=\"Journal d'annonce l\u00e9gale habilit\u00e9 du 18 \"><a href=\"https:\/\/www.annonces-legales.org\/publication-annonce-legale.html\" class=\"button button-desc fright mtop30\"><div>Je publie<br> mon annonce<br> l\u00e9gale<\/div><span>dans un journal habilit\u00e9 du 18 !<\/span><\/a>\n<\/div><div class=\"clrbth\"><\/div><br\/><br\/>\n","protected":false},"excerpt":{"rendered":"<p>L&rsquo;information agricole du Cher est un hebdomadaire qui traite de l&rsquo;actualit\u00e9 de l&rsquo;agriculture et des territoires du d\u00e9partement du Cher. [&hellip;]<\/p>\n","protected":false},"author":1,"featured_media":0,"parent":351,"menu_order":0,"comment_status":"closed","ping_status":"closed","template":"","meta":{"inline_featured_image":false,"footnotes":""},"class_list":["post-776","page","type-page","status-publish","hentry"],"yoast_head":"<!-- This site is optimized with the Yoast SEO plugin v26.8 - https:\/\/yoast.com\/product\/yoast-seo-wordpress\/ -->\n<title>Information agricole du Cher - Actualit\u00e9 des entreprises<\/title>\n<meta name=\"robots\" content=\"index, follow, max-snippet:-1, max-image-preview:large, max-video-preview:-1\" \/>\n<link rel=\"canonical\" href=\"https:\/\/www.annonces-legales.org\/blog\/information-agricole-du-cher\/\" \/>\n<meta property=\"og:locale\" content=\"fr_FR\" \/>\n<meta property=\"og:type\" content=\"article\" \/>\n<meta property=\"og:title\" content=\"Information agricole du Cher - Actualit\u00e9 des entreprises\" \/>\n<meta property=\"og:description\" content=\"L&rsquo;information agricole du Cher est un hebdomadaire qui traite de l&rsquo;actualit\u00e9 de l&rsquo;agriculture et des territoires du d\u00e9partement du Cher. [&hellip;]\" \/>\n<meta property=\"og:url\" content=\"https:\/\/www.annonces-legales.org\/blog\/information-agricole-du-cher\/\" \/>\n<meta property=\"og:site_name\" content=\"Actualit\u00e9 des entreprises\" \/>\n<meta property=\"article:modified_time\" content=\"2022-01-26T10:51:41+00:00\" \/>\n<meta property=\"og:image\" content=\"https:\/\/www.annonces-legales.org\/blog\/wp-content\/uploads\/2021\/09\/Information-agricole-du-Cher.png\" \/>\n\t<meta property=\"og:image:width\" content=\"350\" \/>\n\t<meta property=\"og:image:height\" content=\"136\" \/>\n\t<meta property=\"og:image:type\" content=\"image\/png\" \/>\n<meta name=\"twitter:card\" content=\"summary_large_image\" \/>\n<meta name=\"twitter:label1\" content=\"Dur\u00e9e de lecture estim\u00e9e\" \/>\n\t<meta name=\"twitter:data1\" content=\"1 minute\" \/>\n<script type=\"application\/ld+json\" class=\"yoast-schema-graph\">{\"@context\":\"https:\/\/schema.org\",\"@graph\":[{\"@type\":\"WebPage\",\"@id\":\"https:\/\/www.annonces-legales.org\/blog\/information-agricole-du-cher\/\",\"url\":\"https:\/\/www.annonces-legales.org\/blog\/information-agricole-du-cher\/\",\"name\":\"Information agricole du Cher - Actualit\u00e9 des entreprises\",\"isPartOf\":{\"@id\":\"https:\/\/www.annonces-legales.org\/blog\/#website\"},\"primaryImageOfPage\":{\"@id\":\"https:\/\/www.annonces-legales.org\/blog\/information-agricole-du-cher\/#primaryimage\"},\"image\":{\"@id\":\"https:\/\/www.annonces-legales.org\/blog\/information-agricole-du-cher\/#primaryimage\"},\"thumbnailUrl\":\"https:\/\/www.annonces-legales.org\/blog\/wp-content\/uploads\/2021\/09\/Information-agricole-du-Cher.png\",\"datePublished\":\"2021-09-15T16:22:42+00:00\",\"dateModified\":\"2022-01-26T10:51:41+00:00\",\"breadcrumb\":{\"@id\":\"https:\/\/www.annonces-legales.org\/blog\/information-agricole-du-cher\/#breadcrumb\"},\"inLanguage\":\"fr-FR\",\"potentialAction\":[{\"@type\":\"ReadAction\",\"target\":[\"https:\/\/www.annonces-legales.org\/blog\/information-agricole-du-cher\/\"]}]},{\"@type\":\"ImageObject\",\"inLanguage\":\"fr-FR\",\"@id\":\"https:\/\/www.annonces-legales.org\/blog\/information-agricole-du-cher\/#primaryimage\",\"url\":\"https:\/\/www.annonces-legales.org\/blog\/wp-content\/uploads\/2021\/09\/Information-agricole-du-Cher.png\",\"contentUrl\":\"https:\/\/www.annonces-legales.org\/blog\/wp-content\/uploads\/2021\/09\/Information-agricole-du-Cher.png\",\"width\":350,\"height\":136},{\"@type\":\"BreadcrumbList\",\"@id\":\"https:\/\/www.annonces-legales.org\/blog\/information-agricole-du-cher\/#breadcrumb\",\"itemListElement\":[{\"@type\":\"ListItem\",\"position\":1,\"name\":\"Accueil\",\"item\":\"https:\/\/www.annonces-legales.org\/blog\/\"},{\"@type\":\"ListItem\",\"position\":2,\"name\":\"Liste des journaux habilit\u00e9s \u00e0 publier des annonces l\u00e9gales\",\"item\":\"https:\/\/www.annonces-legales.org\/blog\/liste-des-journaux-habilites-a-publier-des-annonces-legales\/\"},{\"@type\":\"ListItem\",\"position\":3,\"name\":\"Information agricole du Cher\"}]},{\"@type\":\"WebSite\",\"@id\":\"https:\/\/www.annonces-legales.org\/blog\/#website\",\"url\":\"https:\/\/www.annonces-legales.org\/blog\/\",\"name\":\"Actualit\u00e9 des entreprises\",\"description\":\"\",\"publisher\":{\"@id\":\"https:\/\/www.annonces-legales.org\/blog\/#organization\"},\"potentialAction\":[{\"@type\":\"SearchAction\",\"target\":{\"@type\":\"EntryPoint\",\"urlTemplate\":\"https:\/\/www.annonces-legales.org\/blog\/?s={search_term_string}\"},\"query-input\":{\"@type\":\"PropertyValueSpecification\",\"valueRequired\":true,\"valueName\":\"search_term_string\"}}],\"inLanguage\":\"fr-FR\"},{\"@type\":\"Organization\",\"@id\":\"https:\/\/www.annonces-legales.org\/blog\/#organization\",\"name\":\"Actualit\u00e9 des entreprises\",\"url\":\"https:\/\/www.annonces-legales.org\/blog\/\",\"logo\":{\"@type\":\"ImageObject\",\"inLanguage\":\"fr-FR\",\"@id\":\"https:\/\/www.annonces-legales.org\/blog\/#\/schema\/logo\/image\/\",\"url\":\"https:\/\/www.annonces-legales.org\/blog\/wp-content\/uploads\/2023\/08\/annonces-legales.svg\",\"contentUrl\":\"https:\/\/www.annonces-legales.org\/blog\/wp-content\/uploads\/2023\/08\/annonces-legales.svg\",\"caption\":\"Actualit\u00e9 des entreprises\"},\"image\":{\"@id\":\"https:\/\/www.annonces-legales.org\/blog\/#\/schema\/logo\/image\/\"}}]}<\/script>\n<!-- \/ Yoast SEO plugin. -->","yoast_head_json":{"title":"Information agricole du Cher - Actualit\u00e9 des entreprises","robots":{"index":"index","follow":"follow","max-snippet":"max-snippet:-1","max-image-preview":"max-image-preview:large","max-video-preview":"max-video-preview:-1"},"canonical":"https:\/\/www.annonces-legales.org\/blog\/information-agricole-du-cher\/","og_locale":"fr_FR","og_type":"article","og_title":"Information agricole du Cher - Actualit\u00e9 des entreprises","og_description":"L&rsquo;information agricole du Cher est un hebdomadaire qui traite de l&rsquo;actualit\u00e9 de l&rsquo;agriculture et des territoires du d\u00e9partement du Cher. [&hellip;]","og_url":"https:\/\/www.annonces-legales.org\/blog\/information-agricole-du-cher\/","og_site_name":"Actualit\u00e9 des entreprises","article_modified_time":"2022-01-26T10:51:41+00:00","og_image":[{"width":350,"height":136,"url":"https:\/\/www.annonces-legales.org\/blog\/wp-content\/uploads\/2021\/09\/Information-agricole-du-Cher.png","type":"image\/png"}],"twitter_card":"summary_large_image","twitter_misc":{"Dur\u00e9e de lecture estim\u00e9e":"1 minute"},"schema":{"@context":"https:\/\/schema.org","@graph":[{"@type":"WebPage","@id":"https:\/\/www.annonces-legales.org\/blog\/information-agricole-du-cher\/","url":"https:\/\/www.annonces-legales.org\/blog\/information-agricole-du-cher\/","name":"Information agricole du Cher - Actualit\u00e9 des entreprises","isPartOf":{"@id":"https:\/\/www.annonces-legales.org\/blog\/#website"},"primaryImageOfPage":{"@id":"https:\/\/www.annonces-legales.org\/blog\/information-agricole-du-cher\/#primaryimage"},"image":{"@id":"https:\/\/www.annonces-legales.org\/blog\/information-agricole-du-cher\/#primaryimage"},"thumbnailUrl":"https:\/\/www.annonces-legales.org\/blog\/wp-content\/uploads\/2021\/09\/Information-agricole-du-Cher.png","datePublished":"2021-09-15T16:22:42+00:00","dateModified":"2022-01-26T10:51:41+00:00","breadcrumb":{"@id":"https:\/\/www.annonces-legales.org\/blog\/information-agricole-du-cher\/#breadcrumb"},"inLanguage":"fr-FR","potentialAction":[{"@type":"ReadAction","target":["https:\/\/www.annonces-legales.org\/blog\/information-agricole-du-cher\/"]}]},{"@type":"ImageObject","inLanguage":"fr-FR","@id":"https:\/\/www.annonces-legales.org\/blog\/information-agricole-du-cher\/#primaryimage","url":"https:\/\/www.annonces-legales.org\/blog\/wp-content\/uploads\/2021\/09\/Information-agricole-du-Cher.png","contentUrl":"https:\/\/www.annonces-legales.org\/blog\/wp-content\/uploads\/2021\/09\/Information-agricole-du-Cher.png","width":350,"height":136},{"@type":"BreadcrumbList","@id":"https:\/\/www.annonces-legales.org\/blog\/information-agricole-du-cher\/#breadcrumb","itemListElement":[{"@type":"ListItem","position":1,"name":"Accueil","item":"https:\/\/www.annonces-legales.org\/blog\/"},{"@type":"ListItem","position":2,"name":"Liste des journaux habilit\u00e9s \u00e0 publier des annonces l\u00e9gales","item":"https:\/\/www.annonces-legales.org\/blog\/liste-des-journaux-habilites-a-publier-des-annonces-legales\/"},{"@type":"ListItem","position":3,"name":"Information agricole du Cher"}]},{"@type":"WebSite","@id":"https:\/\/www.annonces-legales.org\/blog\/#website","url":"https:\/\/www.annonces-legales.org\/blog\/","name":"Actualit\u00e9 des entreprises","description":"","publisher":{"@id":"https:\/\/www.annonces-legales.org\/blog\/#organization"},"potentialAction":[{"@type":"SearchAction","target":{"@type":"EntryPoint","urlTemplate":"https:\/\/www.annonces-legales.org\/blog\/?s={search_term_string}"},"query-input":{"@type":"PropertyValueSpecification","valueRequired":true,"valueName":"search_term_string"}}],"inLanguage":"fr-FR"},{"@type":"Organization","@id":"https:\/\/www.annonces-legales.org\/blog\/#organization","name":"Actualit\u00e9 des entreprises","url":"https:\/\/www.annonces-legales.org\/blog\/","logo":{"@type":"ImageObject","inLanguage":"fr-FR","@id":"https:\/\/www.annonces-legales.org\/blog\/#\/schema\/logo\/image\/","url":"https:\/\/www.annonces-legales.org\/blog\/wp-content\/uploads\/2023\/08\/annonces-legales.svg","contentUrl":"https:\/\/www.annonces-legales.org\/blog\/wp-content\/uploads\/2023\/08\/annonces-legales.svg","caption":"Actualit\u00e9 des entreprises"},"image":{"@id":"https:\/\/www.annonces-legales.org\/blog\/#\/schema\/logo\/image\/"}}]}},"_links":{"self":[{"href":"https:\/\/www.annonces-legales.org\/blog\/wp-json\/wp\/v2\/pages\/776","targetHints":{"allow":["GET"]}}],"collection":[{"href":"https:\/\/www.annonces-legales.org\/blog\/wp-json\/wp\/v2\/pages"}],"about":[{"href":"https:\/\/www.annonces-legales.org\/blog\/wp-json\/wp\/v2\/types\/page"}],"author":[{"embeddable":true,"href":"https:\/\/www.annonces-legales.org\/blog\/wp-json\/wp\/v2\/users\/1"}],"replies":[{"embeddable":true,"href":"https:\/\/www.annonces-legales.org\/blog\/wp-json\/wp\/v2\/comments?post=776"}],"version-history":[{"count":2,"href":"https:\/\/www.annonces-legales.org\/blog\/wp-json\/wp\/v2\/pages\/776\/revisions"}],"predecessor-version":[{"id":822,"href":"https:\/\/www.annonces-legales.org\/blog\/wp-json\/wp\/v2\/pages\/776\/revisions\/822"}],"up":[{"embeddable":true,"href":"https:\/\/www.annonces-legales.org\/blog\/wp-json\/wp\/v2\/pages\/351"}],"wp:attachment":[{"href":"https:\/\/www.annonces-legales.org\/blog\/wp-json\/wp\/v2\/media?parent=776"}],"curies":[{"name":"wp","href":"https:\/\/api.w.org\/{rel}","templated":true}]}}