{"id":791,"date":"2021-09-15T18:36:02","date_gmt":"2021-09-15T16:36:02","guid":{"rendered":"https:\/\/www.annonces-legales.org\/blog\/?page_id=791"},"modified":"2022-01-26T12:05:04","modified_gmt":"2022-01-26T11:05:04","slug":"petit-bleu-des-cotes-darmor","status":"publish","type":"page","link":"https:\/\/www.annonces-legales.org\/blog\/petit-bleu-des-cotes-darmor\/","title":{"rendered":"Le Petit Bleu des C\u00f4tes-d&rsquo;Armor"},"content":{"rendered":"<p><img loading=\"lazy\" decoding=\"async\" class=\"aligncenter size-full wp-image-831\" src=\"https:\/\/www.annonces-legales.org\/blog\/wp-content\/uploads\/2021\/09\/Petit-Bleu-des-Cotes-dArmor.png\" alt=\"\" width=\"409\" height=\"123\" srcset=\"https:\/\/www.annonces-legales.org\/blog\/wp-content\/uploads\/2021\/09\/Petit-Bleu-des-Cotes-dArmor.png 409w, https:\/\/www.annonces-legales.org\/blog\/wp-content\/uploads\/2021\/09\/Petit-Bleu-des-Cotes-dArmor-300x90.png 300w\" sizes=\"auto, (max-width: 409px) 100vw, 409px\" \/><\/p>\n<p>Le journal <strong>Le Petit Bleu des C\u00f4tes d&rsquo;Armor<\/strong> est un hebdomadaire qui propose des actualit\u00e9s locales de Bretagne et plus pr\u00e9cis\u00e9ment autour de Dinan. On l&rsquo;appelle d\u2019ailleurs souvent <strong>Le Petit Bleu de Dinan<\/strong>. Le journal para\u00eet tous les jeudis et peut-\u00eatre trouv\u00e9s dans les cantons d&rsquo;Evran, de Caulnes, de Broons, de Matignon, de Ploubalay, de Pl\u00e9lan le Petit ou encore de Ploubalay.<\/p>\n<p>Le journal est vendu 1,60 \u20ac en version papier et 1,50 \u20ac en version num\u00e9rique. Son jour de parution est le jeudi. Il poss\u00e8de plus de 25 000 lecteurs fid\u00e8les. Le journal Le Petit Bleu des C\u00f4tes d&rsquo;Armor a obtenu une habilitation pour diffuser des annonces judiciaires et l\u00e9gales pour le <strong>d\u00e9partement des C\u00f4tes-d&rsquo;Armor<\/strong>. Il a publi\u00e9 plus de 17\u00a0000 annonces l\u00e9gales depuis 10 ans.<\/p>\n<p>Le journal le petit bleu des C\u00f4tes-d&rsquo;Armor a \u00e9t\u00e9 cr\u00e9\u00e9 en mars 1946. Il s&rsquo;est nomm\u00e9 tout d&rsquo;abord \u00ab le petit bleu des C\u00f4tes-d&rsquo;Armor \u00e9dition de Dinan \u00bb. C&rsquo;est Ren\u00e9 Pleven, garde des sceaux sous Georges Pompidou, qui a r\u00e9alis\u00e9 tous les \u00e9ditoriaux du journal jusqu&rsquo;en 1986.<\/p>\n<p>L&rsquo;\u00e9quipe actuelle du journal est compos\u00e9e d&rsquo;Agn\u00e8s Esteves-Dasilva, de Christian Bouzols, de Pascal Cayeux et de Pierre-Yves Gaudart.<\/p>\n<p>Aujourd&rsquo;hui, le journal appartient \u00e0 la soci\u00e9t\u00e9 PubliHebdos SAS. PubliHebdos SAS est un acteur majeur des m\u00e9dia en France avec plus de 90 titres de presse. Il met son expertise et ses \u00e9conomie d&rsquo;\u00e9chelle au service de la presse r\u00e9gionale.<\/p>\n<br\/><br\/><div class=\"entry-content notopmargin\">\n\t<img decoding=\"async\" class=\"img-fluid fleft\" src=\"https:\/\/www.annonces-legales.org\/images\/rapide-economique-tout-departement.png\" alt=\"Journal d'annonce l\u00e9gale <strong>des C\u00f4tes d'Armor<\/strong> \"><a href=\"https:\/\/www.annonces-legales.org\/publication-annonce-legale.html\" class=\"button button-desc fright mtop30\"><div>Je publie<br> mon annonce<br> l\u00e9gale<\/div><span>dans un journal <strong>des C\u00f4tes d'Armor<\/strong> !<\/span><\/a>\n<\/div><div class=\"clrbth\"><\/div><br\/><br\/>\n<p>&nbsp;<\/p>\n<h2>Comment publier une annonce dans Le Petit Bleu des C\u00f4tes-d&rsquo;Armor ?<\/h2>\n<p>&nbsp;<\/p>\n<p>Pour faire diffuser une annonce l\u00e9gale dans l&rsquo;hebdomadaire Petit Bleu des C\u00f4tes-d&rsquo;Armor et de Dinan, il est n\u00e9cessaire d&rsquo;utiliser les outils fournis par le journal sur son site internet.<br \/>\nMais saviez-vous qu&rsquo;il existe plusieurs journaux habilit\u00e9s \u00e0 faire des annonces officielles pour le d\u00e9partement des c\u00f4tes d&rsquo;Armor ?<\/p>\n<p>Pour obtenir le meilleurs prix, vous pouvez comparer les tarifs des annonces l\u00e9gales sur plusieurs journaux en utilisant notre service d\u00e9di\u00e9.<\/p>\n<p>&nbsp;<\/p>\n<h2>Combien co\u00fbte une annonce l\u00e9gale dans le d\u00e9partement des c\u00f4tes d&rsquo;Armor ?<\/h2>\n<p>Les <a href=\"https:\/\/www.annonces-legales.org\/blog\/avis-de-constitution\/\">avis de constitution<\/a> auront un prix similaire quelque soit le journal choisis.<br \/>\nPour les annonces de modification (g\u00e9rant, capital, commissaire aux compte&#8230;), le prix sur le journal Le Petit Bleu des C\u00f4tes-d&rsquo;Armor sera diff\u00e9rent des autres journaux. Il sera parfois moins cher, parfois plus cher. Le mieux est de faire un devis en ligne !<\/p>\n","protected":false},"excerpt":{"rendered":"<p>Le journal Le Petit Bleu des C\u00f4tes d&rsquo;Armor est un hebdomadaire qui propose des actualit\u00e9s locales de Bretagne et plus [&hellip;]<\/p>\n","protected":false},"author":1,"featured_media":0,"parent":351,"menu_order":0,"comment_status":"closed","ping_status":"closed","template":"","meta":{"inline_featured_image":false,"footnotes":""},"class_list":["post-791","page","type-page","status-publish","hentry"],"yoast_head":"<!-- This site is optimized with the Yoast SEO plugin v26.8 - https:\/\/yoast.com\/product\/yoast-seo-wordpress\/ -->\n<title>Le Petit Bleu des C\u00f4tes-d&#039;Armor - Actualit\u00e9 des entreprises<\/title>\n<meta name=\"robots\" content=\"index, follow, max-snippet:-1, max-image-preview:large, max-video-preview:-1\" \/>\n<link rel=\"canonical\" href=\"https:\/\/www.annonces-legales.org\/blog\/petit-bleu-des-cotes-darmor\/\" \/>\n<meta property=\"og:locale\" content=\"fr_FR\" \/>\n<meta property=\"og:type\" content=\"article\" \/>\n<meta property=\"og:title\" content=\"Le Petit Bleu des C\u00f4tes-d&#039;Armor - Actualit\u00e9 des entreprises\" \/>\n<meta property=\"og:description\" content=\"Le journal Le Petit Bleu des C\u00f4tes d&rsquo;Armor est un hebdomadaire qui propose des actualit\u00e9s locales de Bretagne et plus [&hellip;]\" \/>\n<meta property=\"og:url\" content=\"https:\/\/www.annonces-legales.org\/blog\/petit-bleu-des-cotes-darmor\/\" \/>\n<meta property=\"og:site_name\" content=\"Actualit\u00e9 des entreprises\" \/>\n<meta property=\"article:modified_time\" content=\"2022-01-26T11:05:04+00:00\" \/>\n<meta property=\"og:image\" content=\"https:\/\/www.annonces-legales.org\/blog\/wp-content\/uploads\/2021\/09\/Petit-Bleu-des-Cotes-dArmor.png\" \/>\n\t<meta property=\"og:image:width\" content=\"409\" \/>\n\t<meta property=\"og:image:height\" content=\"123\" \/>\n\t<meta property=\"og:image:type\" content=\"image\/png\" \/>\n<meta name=\"twitter:card\" content=\"summary_large_image\" \/>\n<meta name=\"twitter:label1\" content=\"Dur\u00e9e de lecture estim\u00e9e\" \/>\n\t<meta name=\"twitter:data1\" content=\"2 minutes\" \/>\n<script type=\"application\/ld+json\" class=\"yoast-schema-graph\">{\"@context\":\"https:\/\/schema.org\",\"@graph\":[{\"@type\":\"WebPage\",\"@id\":\"https:\/\/www.annonces-legales.org\/blog\/petit-bleu-des-cotes-darmor\/\",\"url\":\"https:\/\/www.annonces-legales.org\/blog\/petit-bleu-des-cotes-darmor\/\",\"name\":\"Le Petit Bleu des C\u00f4tes-d'Armor - Actualit\u00e9 des entreprises\",\"isPartOf\":{\"@id\":\"https:\/\/www.annonces-legales.org\/blog\/#website\"},\"primaryImageOfPage\":{\"@id\":\"https:\/\/www.annonces-legales.org\/blog\/petit-bleu-des-cotes-darmor\/#primaryimage\"},\"image\":{\"@id\":\"https:\/\/www.annonces-legales.org\/blog\/petit-bleu-des-cotes-darmor\/#primaryimage\"},\"thumbnailUrl\":\"https:\/\/www.annonces-legales.org\/blog\/wp-content\/uploads\/2021\/09\/Petit-Bleu-des-Cotes-dArmor.png\",\"datePublished\":\"2021-09-15T16:36:02+00:00\",\"dateModified\":\"2022-01-26T11:05:04+00:00\",\"breadcrumb\":{\"@id\":\"https:\/\/www.annonces-legales.org\/blog\/petit-bleu-des-cotes-darmor\/#breadcrumb\"},\"inLanguage\":\"fr-FR\",\"potentialAction\":[{\"@type\":\"ReadAction\",\"target\":[\"https:\/\/www.annonces-legales.org\/blog\/petit-bleu-des-cotes-darmor\/\"]}]},{\"@type\":\"ImageObject\",\"inLanguage\":\"fr-FR\",\"@id\":\"https:\/\/www.annonces-legales.org\/blog\/petit-bleu-des-cotes-darmor\/#primaryimage\",\"url\":\"https:\/\/www.annonces-legales.org\/blog\/wp-content\/uploads\/2021\/09\/Petit-Bleu-des-Cotes-dArmor.png\",\"contentUrl\":\"https:\/\/www.annonces-legales.org\/blog\/wp-content\/uploads\/2021\/09\/Petit-Bleu-des-Cotes-dArmor.png\",\"width\":409,\"height\":123},{\"@type\":\"BreadcrumbList\",\"@id\":\"https:\/\/www.annonces-legales.org\/blog\/petit-bleu-des-cotes-darmor\/#breadcrumb\",\"itemListElement\":[{\"@type\":\"ListItem\",\"position\":1,\"name\":\"Accueil\",\"item\":\"https:\/\/www.annonces-legales.org\/blog\/\"},{\"@type\":\"ListItem\",\"position\":2,\"name\":\"Liste des journaux habilit\u00e9s \u00e0 publier des annonces l\u00e9gales\",\"item\":\"https:\/\/www.annonces-legales.org\/blog\/liste-des-journaux-habilites-a-publier-des-annonces-legales\/\"},{\"@type\":\"ListItem\",\"position\":3,\"name\":\"Le Petit Bleu des C\u00f4tes-d&rsquo;Armor\"}]},{\"@type\":\"WebSite\",\"@id\":\"https:\/\/www.annonces-legales.org\/blog\/#website\",\"url\":\"https:\/\/www.annonces-legales.org\/blog\/\",\"name\":\"Actualit\u00e9 des entreprises\",\"description\":\"\",\"publisher\":{\"@id\":\"https:\/\/www.annonces-legales.org\/blog\/#organization\"},\"potentialAction\":[{\"@type\":\"SearchAction\",\"target\":{\"@type\":\"EntryPoint\",\"urlTemplate\":\"https:\/\/www.annonces-legales.org\/blog\/?s={search_term_string}\"},\"query-input\":{\"@type\":\"PropertyValueSpecification\",\"valueRequired\":true,\"valueName\":\"search_term_string\"}}],\"inLanguage\":\"fr-FR\"},{\"@type\":\"Organization\",\"@id\":\"https:\/\/www.annonces-legales.org\/blog\/#organization\",\"name\":\"Actualit\u00e9 des entreprises\",\"url\":\"https:\/\/www.annonces-legales.org\/blog\/\",\"logo\":{\"@type\":\"ImageObject\",\"inLanguage\":\"fr-FR\",\"@id\":\"https:\/\/www.annonces-legales.org\/blog\/#\/schema\/logo\/image\/\",\"url\":\"https:\/\/www.annonces-legales.org\/blog\/wp-content\/uploads\/2023\/08\/annonces-legales.svg\",\"contentUrl\":\"https:\/\/www.annonces-legales.org\/blog\/wp-content\/uploads\/2023\/08\/annonces-legales.svg\",\"caption\":\"Actualit\u00e9 des entreprises\"},\"image\":{\"@id\":\"https:\/\/www.annonces-legales.org\/blog\/#\/schema\/logo\/image\/\"}}]}<\/script>\n<!-- \/ Yoast SEO plugin. -->","yoast_head_json":{"title":"Le Petit Bleu des C\u00f4tes-d'Armor - Actualit\u00e9 des entreprises","robots":{"index":"index","follow":"follow","max-snippet":"max-snippet:-1","max-image-preview":"max-image-preview:large","max-video-preview":"max-video-preview:-1"},"canonical":"https:\/\/www.annonces-legales.org\/blog\/petit-bleu-des-cotes-darmor\/","og_locale":"fr_FR","og_type":"article","og_title":"Le Petit Bleu des C\u00f4tes-d'Armor - Actualit\u00e9 des entreprises","og_description":"Le journal Le Petit Bleu des C\u00f4tes d&rsquo;Armor est un hebdomadaire qui propose des actualit\u00e9s locales de Bretagne et plus [&hellip;]","og_url":"https:\/\/www.annonces-legales.org\/blog\/petit-bleu-des-cotes-darmor\/","og_site_name":"Actualit\u00e9 des entreprises","article_modified_time":"2022-01-26T11:05:04+00:00","og_image":[{"width":409,"height":123,"url":"https:\/\/www.annonces-legales.org\/blog\/wp-content\/uploads\/2021\/09\/Petit-Bleu-des-Cotes-dArmor.png","type":"image\/png"}],"twitter_card":"summary_large_image","twitter_misc":{"Dur\u00e9e de lecture estim\u00e9e":"2 minutes"},"schema":{"@context":"https:\/\/schema.org","@graph":[{"@type":"WebPage","@id":"https:\/\/www.annonces-legales.org\/blog\/petit-bleu-des-cotes-darmor\/","url":"https:\/\/www.annonces-legales.org\/blog\/petit-bleu-des-cotes-darmor\/","name":"Le Petit Bleu des C\u00f4tes-d'Armor - Actualit\u00e9 des entreprises","isPartOf":{"@id":"https:\/\/www.annonces-legales.org\/blog\/#website"},"primaryImageOfPage":{"@id":"https:\/\/www.annonces-legales.org\/blog\/petit-bleu-des-cotes-darmor\/#primaryimage"},"image":{"@id":"https:\/\/www.annonces-legales.org\/blog\/petit-bleu-des-cotes-darmor\/#primaryimage"},"thumbnailUrl":"https:\/\/www.annonces-legales.org\/blog\/wp-content\/uploads\/2021\/09\/Petit-Bleu-des-Cotes-dArmor.png","datePublished":"2021-09-15T16:36:02+00:00","dateModified":"2022-01-26T11:05:04+00:00","breadcrumb":{"@id":"https:\/\/www.annonces-legales.org\/blog\/petit-bleu-des-cotes-darmor\/#breadcrumb"},"inLanguage":"fr-FR","potentialAction":[{"@type":"ReadAction","target":["https:\/\/www.annonces-legales.org\/blog\/petit-bleu-des-cotes-darmor\/"]}]},{"@type":"ImageObject","inLanguage":"fr-FR","@id":"https:\/\/www.annonces-legales.org\/blog\/petit-bleu-des-cotes-darmor\/#primaryimage","url":"https:\/\/www.annonces-legales.org\/blog\/wp-content\/uploads\/2021\/09\/Petit-Bleu-des-Cotes-dArmor.png","contentUrl":"https:\/\/www.annonces-legales.org\/blog\/wp-content\/uploads\/2021\/09\/Petit-Bleu-des-Cotes-dArmor.png","width":409,"height":123},{"@type":"BreadcrumbList","@id":"https:\/\/www.annonces-legales.org\/blog\/petit-bleu-des-cotes-darmor\/#breadcrumb","itemListElement":[{"@type":"ListItem","position":1,"name":"Accueil","item":"https:\/\/www.annonces-legales.org\/blog\/"},{"@type":"ListItem","position":2,"name":"Liste des journaux habilit\u00e9s \u00e0 publier des annonces l\u00e9gales","item":"https:\/\/www.annonces-legales.org\/blog\/liste-des-journaux-habilites-a-publier-des-annonces-legales\/"},{"@type":"ListItem","position":3,"name":"Le Petit Bleu des C\u00f4tes-d&rsquo;Armor"}]},{"@type":"WebSite","@id":"https:\/\/www.annonces-legales.org\/blog\/#website","url":"https:\/\/www.annonces-legales.org\/blog\/","name":"Actualit\u00e9 des entreprises","description":"","publisher":{"@id":"https:\/\/www.annonces-legales.org\/blog\/#organization"},"potentialAction":[{"@type":"SearchAction","target":{"@type":"EntryPoint","urlTemplate":"https:\/\/www.annonces-legales.org\/blog\/?s={search_term_string}"},"query-input":{"@type":"PropertyValueSpecification","valueRequired":true,"valueName":"search_term_string"}}],"inLanguage":"fr-FR"},{"@type":"Organization","@id":"https:\/\/www.annonces-legales.org\/blog\/#organization","name":"Actualit\u00e9 des entreprises","url":"https:\/\/www.annonces-legales.org\/blog\/","logo":{"@type":"ImageObject","inLanguage":"fr-FR","@id":"https:\/\/www.annonces-legales.org\/blog\/#\/schema\/logo\/image\/","url":"https:\/\/www.annonces-legales.org\/blog\/wp-content\/uploads\/2023\/08\/annonces-legales.svg","contentUrl":"https:\/\/www.annonces-legales.org\/blog\/wp-content\/uploads\/2023\/08\/annonces-legales.svg","caption":"Actualit\u00e9 des entreprises"},"image":{"@id":"https:\/\/www.annonces-legales.org\/blog\/#\/schema\/logo\/image\/"}}]}},"_links":{"self":[{"href":"https:\/\/www.annonces-legales.org\/blog\/wp-json\/wp\/v2\/pages\/791","targetHints":{"allow":["GET"]}}],"collection":[{"href":"https:\/\/www.annonces-legales.org\/blog\/wp-json\/wp\/v2\/pages"}],"about":[{"href":"https:\/\/www.annonces-legales.org\/blog\/wp-json\/wp\/v2\/types\/page"}],"author":[{"embeddable":true,"href":"https:\/\/www.annonces-legales.org\/blog\/wp-json\/wp\/v2\/users\/1"}],"replies":[{"embeddable":true,"href":"https:\/\/www.annonces-legales.org\/blog\/wp-json\/wp\/v2\/comments?post=791"}],"version-history":[{"count":8,"href":"https:\/\/www.annonces-legales.org\/blog\/wp-json\/wp\/v2\/pages\/791\/revisions"}],"predecessor-version":[{"id":1532,"href":"https:\/\/www.annonces-legales.org\/blog\/wp-json\/wp\/v2\/pages\/791\/revisions\/1532"}],"up":[{"embeddable":true,"href":"https:\/\/www.annonces-legales.org\/blog\/wp-json\/wp\/v2\/pages\/351"}],"wp:attachment":[{"href":"https:\/\/www.annonces-legales.org\/blog\/wp-json\/wp\/v2\/media?parent=791"}],"curies":[{"name":"wp","href":"https:\/\/api.w.org\/{rel}","templated":true}]}}