{"id":843,"date":"2021-09-15T19:09:13","date_gmt":"2021-09-15T17:09:13","guid":{"rendered":"https:\/\/www.annonces-legales.org\/blog\/?page_id=843"},"modified":"2022-01-26T12:00:12","modified_gmt":"2022-01-26T11:00:12","slug":"voix-du-gers","status":"publish","type":"page","link":"https:\/\/www.annonces-legales.org\/blog\/voix-du-gers\/","title":{"rendered":"La Voix du Gers"},"content":{"rendered":"<p>La Voix du Gers est un journal hebdomadaire qui para\u00eet tous les vendredis dans le d\u00e9partement.<br \/>\nIl est vendu 0,50 \u20ac et propose des informations \u00e9conomiques et juridiques aux habitants et aux entreprises du Gers.<br \/>\nIl est diffus\u00e9 \u00e0 environ 2000 exemplaires. Le directeur de la publication est Francis Gaunaud. le r\u00e9dacteur en chef est Rapha\u00ebl Motte.<\/p>\n<p>Le journal appartient \u00e0 la soci\u00e9t\u00e9 d&rsquo;\u00e9dition de presse r\u00e9gionale (SEPR). Parmi les autres journaux qui appartiennent \u00e0 cette soci\u00e9t\u00e9, on peut citer l&rsquo;Echo du Tarn, la Croix du Nord, la Croix du Midi, la Voix du Jura, la Voix du Midi.<\/p>\n<p>Le journal \u00e0 ses locaux \u00e0 Toulouse (31\u00a0200) au 28, rue Th\u00e9ron de Montaug\u00e9. Il est possible de contacter le journal par t\u00e9l\u00e9phone aux 05 61 99 44 44.<\/p>\n<p>C&rsquo;est un journal officiel. Il a obtenu, de la part de la pr\u00e9fecture du Gers, l&rsquo;autorisation pour ins\u00e9rer des annonces l\u00e9gales et judiciaires pour les entreprises et les particuliers vivants dans le d\u00e9partement. Il publie g\u00e9n\u00e9ralement entre 20 et 40 annonces l\u00e9gales chaque semaine.<\/p>\n<p>La voie du Gers n&rsquo;est pas le seul et unique journal qui peut publier des annonces officielles. Il y a \u00e9galement la d\u00e9p\u00eache du Midi (\u00e9ditions du Gers), le petit journal (\u00e9ditions du Gers) et Presselib.<\/p>\n<p>&nbsp;<\/p>\n<h2>Vous souhaitez publier une ou plusieurs annonces l\u00e9gales dans le d\u00e9partement du Gers (32) ?<\/h2>\n<p>Vous pouvez utiliser nos services pour obtenir une annonce l\u00e9gale pas ch\u00e8re tr\u00e8s facilement. Pour cela il faut se rendre sur la page de formulaire, choisir le bon formulaire puis le compl\u00e9ter. Vous choisirez le d\u00e9partement du Gers et vous pourrez obtenir une page de devis avec plusieurs prix. Vous pourrez choisir parmi nos journaux partenaires du Gers, le prix pouvant \u00eatre diff\u00e9rent pour chaque journal.<br \/>\nBien s\u00fbr l&rsquo;annonce restera la m\u00eame.<br \/>\nEn ce qui concerne les annonces de cr\u00e9ation d&rsquo;entreprise (avis de constitution), un seul journal vous sera g\u00e9n\u00e9ralement propos\u00e9 car le prix de ses avis et forfaitaires.<\/p>\n<p>&nbsp;<\/p>\n<h2>Comment un journal du Gers obtient-t-il une habilitation pour faire des annonces l\u00e9gales ?<\/h2>\n<p>Chaque journal habilit\u00e9 est s\u00e9lectionn\u00e9 par la pr\u00e9fecture du Gers. Celle-ci va v\u00e9rifier Le journal est bien un journal payant et qui le propose de nombreuses actualit\u00e9s en rapport avec le Gers. si le journal respecte ses crit\u00e8res et bien d&rsquo;autres, la pr\u00e9fecture lui d\u00e9livre une habilitation. Cette habilitation dure un an et doit donc \u00eatre renouvel\u00e9e r\u00e9guli\u00e8rement.<\/p>\n","protected":false},"excerpt":{"rendered":"<p>La Voix du Gers est un journal hebdomadaire qui para\u00eet tous les vendredis dans le d\u00e9partement. Il est vendu 0,50 [&hellip;]<\/p>\n","protected":false},"author":1,"featured_media":0,"parent":351,"menu_order":0,"comment_status":"closed","ping_status":"closed","template":"","meta":{"inline_featured_image":false,"footnotes":""},"class_list":["post-843","page","type-page","status-publish","hentry"],"yoast_head":"<!-- This site is optimized with the Yoast SEO plugin v26.8 - https:\/\/yoast.com\/product\/yoast-seo-wordpress\/ -->\n<title>La Voix du Gers - Actualit\u00e9 des entreprises<\/title>\n<meta name=\"robots\" content=\"index, follow, max-snippet:-1, max-image-preview:large, max-video-preview:-1\" \/>\n<link rel=\"canonical\" href=\"https:\/\/www.annonces-legales.org\/blog\/voix-du-gers\/\" \/>\n<meta property=\"og:locale\" content=\"fr_FR\" \/>\n<meta property=\"og:type\" content=\"article\" \/>\n<meta property=\"og:title\" content=\"La Voix du Gers - Actualit\u00e9 des entreprises\" \/>\n<meta property=\"og:description\" content=\"La Voix du Gers est un journal hebdomadaire qui para\u00eet tous les vendredis dans le d\u00e9partement. Il est vendu 0,50 [&hellip;]\" \/>\n<meta property=\"og:url\" content=\"https:\/\/www.annonces-legales.org\/blog\/voix-du-gers\/\" \/>\n<meta property=\"og:site_name\" content=\"Actualit\u00e9 des entreprises\" \/>\n<meta property=\"article:modified_time\" content=\"2022-01-26T11:00:12+00:00\" \/>\n<meta name=\"twitter:card\" content=\"summary_large_image\" \/>\n<meta name=\"twitter:label1\" content=\"Dur\u00e9e de lecture estim\u00e9e\" \/>\n\t<meta name=\"twitter:data1\" content=\"2 minutes\" \/>\n<script type=\"application\/ld+json\" class=\"yoast-schema-graph\">{\"@context\":\"https:\/\/schema.org\",\"@graph\":[{\"@type\":\"WebPage\",\"@id\":\"https:\/\/www.annonces-legales.org\/blog\/voix-du-gers\/\",\"url\":\"https:\/\/www.annonces-legales.org\/blog\/voix-du-gers\/\",\"name\":\"La Voix du Gers - Actualit\u00e9 des entreprises\",\"isPartOf\":{\"@id\":\"https:\/\/www.annonces-legales.org\/blog\/#website\"},\"datePublished\":\"2021-09-15T17:09:13+00:00\",\"dateModified\":\"2022-01-26T11:00:12+00:00\",\"breadcrumb\":{\"@id\":\"https:\/\/www.annonces-legales.org\/blog\/voix-du-gers\/#breadcrumb\"},\"inLanguage\":\"fr-FR\",\"potentialAction\":[{\"@type\":\"ReadAction\",\"target\":[\"https:\/\/www.annonces-legales.org\/blog\/voix-du-gers\/\"]}]},{\"@type\":\"BreadcrumbList\",\"@id\":\"https:\/\/www.annonces-legales.org\/blog\/voix-du-gers\/#breadcrumb\",\"itemListElement\":[{\"@type\":\"ListItem\",\"position\":1,\"name\":\"Accueil\",\"item\":\"https:\/\/www.annonces-legales.org\/blog\/\"},{\"@type\":\"ListItem\",\"position\":2,\"name\":\"Liste des journaux habilit\u00e9s \u00e0 publier des annonces l\u00e9gales\",\"item\":\"https:\/\/www.annonces-legales.org\/blog\/liste-des-journaux-habilites-a-publier-des-annonces-legales\/\"},{\"@type\":\"ListItem\",\"position\":3,\"name\":\"La Voix du Gers\"}]},{\"@type\":\"WebSite\",\"@id\":\"https:\/\/www.annonces-legales.org\/blog\/#website\",\"url\":\"https:\/\/www.annonces-legales.org\/blog\/\",\"name\":\"Actualit\u00e9 des entreprises\",\"description\":\"\",\"publisher\":{\"@id\":\"https:\/\/www.annonces-legales.org\/blog\/#organization\"},\"potentialAction\":[{\"@type\":\"SearchAction\",\"target\":{\"@type\":\"EntryPoint\",\"urlTemplate\":\"https:\/\/www.annonces-legales.org\/blog\/?s={search_term_string}\"},\"query-input\":{\"@type\":\"PropertyValueSpecification\",\"valueRequired\":true,\"valueName\":\"search_term_string\"}}],\"inLanguage\":\"fr-FR\"},{\"@type\":\"Organization\",\"@id\":\"https:\/\/www.annonces-legales.org\/blog\/#organization\",\"name\":\"Actualit\u00e9 des entreprises\",\"url\":\"https:\/\/www.annonces-legales.org\/blog\/\",\"logo\":{\"@type\":\"ImageObject\",\"inLanguage\":\"fr-FR\",\"@id\":\"https:\/\/www.annonces-legales.org\/blog\/#\/schema\/logo\/image\/\",\"url\":\"https:\/\/www.annonces-legales.org\/blog\/wp-content\/uploads\/2023\/08\/annonces-legales.svg\",\"contentUrl\":\"https:\/\/www.annonces-legales.org\/blog\/wp-content\/uploads\/2023\/08\/annonces-legales.svg\",\"caption\":\"Actualit\u00e9 des entreprises\"},\"image\":{\"@id\":\"https:\/\/www.annonces-legales.org\/blog\/#\/schema\/logo\/image\/\"}}]}<\/script>\n<!-- \/ Yoast SEO plugin. -->","yoast_head_json":{"title":"La Voix du Gers - Actualit\u00e9 des entreprises","robots":{"index":"index","follow":"follow","max-snippet":"max-snippet:-1","max-image-preview":"max-image-preview:large","max-video-preview":"max-video-preview:-1"},"canonical":"https:\/\/www.annonces-legales.org\/blog\/voix-du-gers\/","og_locale":"fr_FR","og_type":"article","og_title":"La Voix du Gers - Actualit\u00e9 des entreprises","og_description":"La Voix du Gers est un journal hebdomadaire qui para\u00eet tous les vendredis dans le d\u00e9partement. Il est vendu 0,50 [&hellip;]","og_url":"https:\/\/www.annonces-legales.org\/blog\/voix-du-gers\/","og_site_name":"Actualit\u00e9 des entreprises","article_modified_time":"2022-01-26T11:00:12+00:00","twitter_card":"summary_large_image","twitter_misc":{"Dur\u00e9e de lecture estim\u00e9e":"2 minutes"},"schema":{"@context":"https:\/\/schema.org","@graph":[{"@type":"WebPage","@id":"https:\/\/www.annonces-legales.org\/blog\/voix-du-gers\/","url":"https:\/\/www.annonces-legales.org\/blog\/voix-du-gers\/","name":"La Voix du Gers - Actualit\u00e9 des entreprises","isPartOf":{"@id":"https:\/\/www.annonces-legales.org\/blog\/#website"},"datePublished":"2021-09-15T17:09:13+00:00","dateModified":"2022-01-26T11:00:12+00:00","breadcrumb":{"@id":"https:\/\/www.annonces-legales.org\/blog\/voix-du-gers\/#breadcrumb"},"inLanguage":"fr-FR","potentialAction":[{"@type":"ReadAction","target":["https:\/\/www.annonces-legales.org\/blog\/voix-du-gers\/"]}]},{"@type":"BreadcrumbList","@id":"https:\/\/www.annonces-legales.org\/blog\/voix-du-gers\/#breadcrumb","itemListElement":[{"@type":"ListItem","position":1,"name":"Accueil","item":"https:\/\/www.annonces-legales.org\/blog\/"},{"@type":"ListItem","position":2,"name":"Liste des journaux habilit\u00e9s \u00e0 publier des annonces l\u00e9gales","item":"https:\/\/www.annonces-legales.org\/blog\/liste-des-journaux-habilites-a-publier-des-annonces-legales\/"},{"@type":"ListItem","position":3,"name":"La Voix du Gers"}]},{"@type":"WebSite","@id":"https:\/\/www.annonces-legales.org\/blog\/#website","url":"https:\/\/www.annonces-legales.org\/blog\/","name":"Actualit\u00e9 des entreprises","description":"","publisher":{"@id":"https:\/\/www.annonces-legales.org\/blog\/#organization"},"potentialAction":[{"@type":"SearchAction","target":{"@type":"EntryPoint","urlTemplate":"https:\/\/www.annonces-legales.org\/blog\/?s={search_term_string}"},"query-input":{"@type":"PropertyValueSpecification","valueRequired":true,"valueName":"search_term_string"}}],"inLanguage":"fr-FR"},{"@type":"Organization","@id":"https:\/\/www.annonces-legales.org\/blog\/#organization","name":"Actualit\u00e9 des entreprises","url":"https:\/\/www.annonces-legales.org\/blog\/","logo":{"@type":"ImageObject","inLanguage":"fr-FR","@id":"https:\/\/www.annonces-legales.org\/blog\/#\/schema\/logo\/image\/","url":"https:\/\/www.annonces-legales.org\/blog\/wp-content\/uploads\/2023\/08\/annonces-legales.svg","contentUrl":"https:\/\/www.annonces-legales.org\/blog\/wp-content\/uploads\/2023\/08\/annonces-legales.svg","caption":"Actualit\u00e9 des entreprises"},"image":{"@id":"https:\/\/www.annonces-legales.org\/blog\/#\/schema\/logo\/image\/"}}]}},"_links":{"self":[{"href":"https:\/\/www.annonces-legales.org\/blog\/wp-json\/wp\/v2\/pages\/843","targetHints":{"allow":["GET"]}}],"collection":[{"href":"https:\/\/www.annonces-legales.org\/blog\/wp-json\/wp\/v2\/pages"}],"about":[{"href":"https:\/\/www.annonces-legales.org\/blog\/wp-json\/wp\/v2\/types\/page"}],"author":[{"embeddable":true,"href":"https:\/\/www.annonces-legales.org\/blog\/wp-json\/wp\/v2\/users\/1"}],"replies":[{"embeddable":true,"href":"https:\/\/www.annonces-legales.org\/blog\/wp-json\/wp\/v2\/comments?post=843"}],"version-history":[{"count":2,"href":"https:\/\/www.annonces-legales.org\/blog\/wp-json\/wp\/v2\/pages\/843\/revisions"}],"predecessor-version":[{"id":845,"href":"https:\/\/www.annonces-legales.org\/blog\/wp-json\/wp\/v2\/pages\/843\/revisions\/845"}],"up":[{"embeddable":true,"href":"https:\/\/www.annonces-legales.org\/blog\/wp-json\/wp\/v2\/pages\/351"}],"wp:attachment":[{"href":"https:\/\/www.annonces-legales.org\/blog\/wp-json\/wp\/v2\/media?parent=843"}],"curies":[{"name":"wp","href":"https:\/\/api.w.org\/{rel}","templated":true}]}}