{"id":884,"date":"2021-09-21T16:58:43","date_gmt":"2021-09-21T14:58:43","guid":{"rendered":"https:\/\/www.annonces-legales.org\/blog\/?page_id=884"},"modified":"2022-01-26T11:37:53","modified_gmt":"2022-01-26T10:37:53","slug":"democrate-independant","status":"publish","type":"page","link":"https:\/\/www.annonces-legales.org\/blog\/democrate-independant\/","title":{"rendered":"D\u00e9mocrate Ind\u00e9pendant"},"content":{"rendered":"<p><img loading=\"lazy\" decoding=\"async\" class=\"aligncenter size-full wp-image-885\" src=\"https:\/\/www.annonces-legales.org\/blog\/wp-content\/uploads\/2021\/09\/democrate-Independant.png\" alt=\"\" width=\"350\" height=\"128\" srcset=\"https:\/\/www.annonces-legales.org\/blog\/wp-content\/uploads\/2021\/09\/democrate-Independant.png 350w, https:\/\/www.annonces-legales.org\/blog\/wp-content\/uploads\/2021\/09\/democrate-Independant-300x110.png 300w\" sizes=\"auto, (max-width: 350px) 100vw, 350px\" \/><\/p>\n<p>Le D\u00e9mocrate Ind\u00e9pendant appel\u00e9s parfois le <strong>D\u00e9mocrate de Bergerac<\/strong> ou encore le journal de Bergerac, est un hebdomadaire vendu 1,30 euros dans le d\u00e9partement de la <strong>Dordogne<\/strong>.<br \/>\nIl est diffus\u00e9 dans la ville de Bergerac mais aussi \u00e0 Prigonrieux et dans la r\u00e9gion du Bergera\u00e7ois au sud-ouest de la Dordogne.<\/p>\n<p>Le journal poss\u00e8de un site Internet situ\u00e9 \u00e0 l&rsquo;adresse suivante : <em>ledemocratedebergerac.fr<\/em><br \/>\nSur le site, on retrouve des informations locales diff\u00e9rentes de celles pr\u00e9sentes dans le journal. Un abonnement pour un an est possible pour 62,40 \u20ac.<\/p>\n<p>L&rsquo;hebdomadaire <strong>Le D\u00e9mocrate Ind\u00e9pendant<\/strong> poss\u00e8de une habilitation pour faire des annonces l\u00e9gales dans le d\u00e9partement de la Dordogne (24).<\/p>\n<p>&nbsp;<\/p>\n<br\/><br\/><div class=\"entry-content notopmargin\">\n\t<img decoding=\"async\" class=\"img-fluid fleft\" src=\"https:\/\/www.annonces-legales.org\/images\/rapide-economique-tout-departement.png\" alt=\"Journal d'annonce l\u00e9gale du 24 \"><a href=\"https:\/\/www.annonces-legales.org\/publication-annonce-legale.html\" class=\"button button-desc fright mtop30\"><div>Je publie<br> mon annonce<br> l\u00e9gale<\/div><span>dans un journal du 24 !<\/span><\/a>\n<\/div><div class=\"clrbth\"><\/div><br\/><br\/>\n<p>&nbsp;<\/p>\n<h2>Publier une annonce officielle avec Annonces-legales.org en Dordogne 24<\/h2>\n<p>Notre plateforme Annonces-legales.org permet de diffuser vos annonces judiciaires et l\u00e9gales dans n&rsquo;importe quel d\u00e9partements au co\u00fbt le plus bas possible. Vous pouvez consulter les tarifs sur divers journaux homologu\u00e9s de votre d\u00e9partement tr\u00e8s rapidement et sans frais cach\u00e9s en demandant un devis en ligne.<\/p>\n<p>&nbsp;<\/p>\n<h2>Quels sont les journaux d&rsquo;annonces l\u00e9gales de la Dordogne ?<\/h2>\n<p>La pr\u00e9fecture de la Dordogne a d\u00e9cid\u00e9, apr\u00e8s avoir r\u00e9uni une commission extraordinaire, que les journaux papiers qui seraient habilit\u00e9s \u00e0 faire des annonces l\u00e9gales en Dordogne pour 2021 sont les suivants:<\/p>\n<ul>\n<li>Sud Ouest, \u00c9dition de la Dordogne<\/li>\n<li>Le Courrier Fran\u00e7ais, \u00c9dition de la Dordogne<\/li>\n<li><a href=\"https:\/\/www.annonces-legales.org\/blog\/vie-economique-du-sud-ouest\/\">La Vie \u00e9conomique du sud ouest<\/a><\/li>\n<li><strong>Le D\u00e9mocrate ind\u00e9pendant<\/strong><\/li>\n<li><a href=\"https:\/\/www.annonces-legales.org\/blog\/essor-sarladais\/\">L&rsquo; Essor Sarladais <\/a><\/li>\n<li><a href=\"https:\/\/www.annonces-legales.org\/blog\/reussir-le-perigord\/\">R\u00e9ussir le P\u00e9rigord<\/a><\/li>\n<\/ul>\n<p>&nbsp;<\/p>\n<h2>Quels sont les services de presse en ligne habilit\u00e9s \u00e0 faire des annonces l\u00e9gales pour le d\u00e9partement 24 ?<\/h2>\n<p>La commission pr\u00e9fectorale a \u00e9galement nomm\u00e9e les diff\u00e9rents services de presse en ligne suivant pour la publication d&rsquo;annonces officielles:<\/p>\n<ul>\n<li><em>Dordognelibre.fr <\/em><\/li>\n<li><em>actu.fr <\/em><\/li>\n<li><em>vie-economique.com <\/em><\/li>\n<li><em>20minutes.fr <\/em><\/li>\n<li><em>reussirleperigord.fr<\/em><\/li>\n<li><em>sudouest.fr <\/em><\/li>\n<li><em>Courrier-fran\u00e7ais.com<\/em><\/li>\n<\/ul>\n","protected":false},"excerpt":{"rendered":"<p>Le D\u00e9mocrate Ind\u00e9pendant appel\u00e9s parfois le D\u00e9mocrate de Bergerac ou encore le journal de Bergerac, est un hebdomadaire vendu 1,30 [&hellip;]<\/p>\n","protected":false},"author":1,"featured_media":0,"parent":351,"menu_order":0,"comment_status":"closed","ping_status":"closed","template":"","meta":{"inline_featured_image":false,"footnotes":""},"class_list":["post-884","page","type-page","status-publish","hentry"],"yoast_head":"<!-- This site is optimized with the Yoast SEO plugin v26.8 - https:\/\/yoast.com\/product\/yoast-seo-wordpress\/ -->\n<title>D\u00e9mocrate Ind\u00e9pendant - Actualit\u00e9 des entreprises<\/title>\n<meta name=\"robots\" content=\"index, follow, max-snippet:-1, max-image-preview:large, max-video-preview:-1\" \/>\n<link rel=\"canonical\" href=\"https:\/\/www.annonces-legales.org\/blog\/democrate-independant\/\" \/>\n<meta property=\"og:locale\" content=\"fr_FR\" \/>\n<meta property=\"og:type\" content=\"article\" \/>\n<meta property=\"og:title\" content=\"D\u00e9mocrate Ind\u00e9pendant - Actualit\u00e9 des entreprises\" \/>\n<meta property=\"og:description\" content=\"Le D\u00e9mocrate Ind\u00e9pendant appel\u00e9s parfois le D\u00e9mocrate de Bergerac ou encore le journal de Bergerac, est un hebdomadaire vendu 1,30 [&hellip;]\" \/>\n<meta property=\"og:url\" content=\"https:\/\/www.annonces-legales.org\/blog\/democrate-independant\/\" \/>\n<meta property=\"og:site_name\" content=\"Actualit\u00e9 des entreprises\" \/>\n<meta property=\"article:modified_time\" content=\"2022-01-26T10:37:53+00:00\" \/>\n<meta property=\"og:image\" content=\"https:\/\/www.annonces-legales.org\/blog\/wp-content\/uploads\/2021\/09\/democrate-Independant.png\" \/>\n\t<meta property=\"og:image:width\" content=\"350\" \/>\n\t<meta property=\"og:image:height\" content=\"128\" \/>\n\t<meta property=\"og:image:type\" content=\"image\/png\" \/>\n<meta name=\"twitter:card\" content=\"summary_large_image\" \/>\n<meta name=\"twitter:label1\" content=\"Dur\u00e9e de lecture estim\u00e9e\" \/>\n\t<meta name=\"twitter:data1\" content=\"2 minutes\" \/>\n<script type=\"application\/ld+json\" class=\"yoast-schema-graph\">{\"@context\":\"https:\/\/schema.org\",\"@graph\":[{\"@type\":\"WebPage\",\"@id\":\"https:\/\/www.annonces-legales.org\/blog\/democrate-independant\/\",\"url\":\"https:\/\/www.annonces-legales.org\/blog\/democrate-independant\/\",\"name\":\"D\u00e9mocrate Ind\u00e9pendant - Actualit\u00e9 des entreprises\",\"isPartOf\":{\"@id\":\"https:\/\/www.annonces-legales.org\/blog\/#website\"},\"primaryImageOfPage\":{\"@id\":\"https:\/\/www.annonces-legales.org\/blog\/democrate-independant\/#primaryimage\"},\"image\":{\"@id\":\"https:\/\/www.annonces-legales.org\/blog\/democrate-independant\/#primaryimage\"},\"thumbnailUrl\":\"https:\/\/www.annonces-legales.org\/blog\/wp-content\/uploads\/2021\/09\/democrate-Independant.png\",\"datePublished\":\"2021-09-21T14:58:43+00:00\",\"dateModified\":\"2022-01-26T10:37:53+00:00\",\"breadcrumb\":{\"@id\":\"https:\/\/www.annonces-legales.org\/blog\/democrate-independant\/#breadcrumb\"},\"inLanguage\":\"fr-FR\",\"potentialAction\":[{\"@type\":\"ReadAction\",\"target\":[\"https:\/\/www.annonces-legales.org\/blog\/democrate-independant\/\"]}]},{\"@type\":\"ImageObject\",\"inLanguage\":\"fr-FR\",\"@id\":\"https:\/\/www.annonces-legales.org\/blog\/democrate-independant\/#primaryimage\",\"url\":\"https:\/\/www.annonces-legales.org\/blog\/wp-content\/uploads\/2021\/09\/democrate-Independant.png\",\"contentUrl\":\"https:\/\/www.annonces-legales.org\/blog\/wp-content\/uploads\/2021\/09\/democrate-Independant.png\",\"width\":350,\"height\":128},{\"@type\":\"BreadcrumbList\",\"@id\":\"https:\/\/www.annonces-legales.org\/blog\/democrate-independant\/#breadcrumb\",\"itemListElement\":[{\"@type\":\"ListItem\",\"position\":1,\"name\":\"Accueil\",\"item\":\"https:\/\/www.annonces-legales.org\/blog\/\"},{\"@type\":\"ListItem\",\"position\":2,\"name\":\"Liste des journaux habilit\u00e9s \u00e0 publier des annonces l\u00e9gales\",\"item\":\"https:\/\/www.annonces-legales.org\/blog\/liste-des-journaux-habilites-a-publier-des-annonces-legales\/\"},{\"@type\":\"ListItem\",\"position\":3,\"name\":\"D\u00e9mocrate Ind\u00e9pendant\"}]},{\"@type\":\"WebSite\",\"@id\":\"https:\/\/www.annonces-legales.org\/blog\/#website\",\"url\":\"https:\/\/www.annonces-legales.org\/blog\/\",\"name\":\"Actualit\u00e9 des entreprises\",\"description\":\"\",\"publisher\":{\"@id\":\"https:\/\/www.annonces-legales.org\/blog\/#organization\"},\"potentialAction\":[{\"@type\":\"SearchAction\",\"target\":{\"@type\":\"EntryPoint\",\"urlTemplate\":\"https:\/\/www.annonces-legales.org\/blog\/?s={search_term_string}\"},\"query-input\":{\"@type\":\"PropertyValueSpecification\",\"valueRequired\":true,\"valueName\":\"search_term_string\"}}],\"inLanguage\":\"fr-FR\"},{\"@type\":\"Organization\",\"@id\":\"https:\/\/www.annonces-legales.org\/blog\/#organization\",\"name\":\"Actualit\u00e9 des entreprises\",\"url\":\"https:\/\/www.annonces-legales.org\/blog\/\",\"logo\":{\"@type\":\"ImageObject\",\"inLanguage\":\"fr-FR\",\"@id\":\"https:\/\/www.annonces-legales.org\/blog\/#\/schema\/logo\/image\/\",\"url\":\"https:\/\/www.annonces-legales.org\/blog\/wp-content\/uploads\/2023\/08\/annonces-legales.svg\",\"contentUrl\":\"https:\/\/www.annonces-legales.org\/blog\/wp-content\/uploads\/2023\/08\/annonces-legales.svg\",\"caption\":\"Actualit\u00e9 des entreprises\"},\"image\":{\"@id\":\"https:\/\/www.annonces-legales.org\/blog\/#\/schema\/logo\/image\/\"}}]}<\/script>\n<!-- \/ Yoast SEO plugin. -->","yoast_head_json":{"title":"D\u00e9mocrate Ind\u00e9pendant - Actualit\u00e9 des entreprises","robots":{"index":"index","follow":"follow","max-snippet":"max-snippet:-1","max-image-preview":"max-image-preview:large","max-video-preview":"max-video-preview:-1"},"canonical":"https:\/\/www.annonces-legales.org\/blog\/democrate-independant\/","og_locale":"fr_FR","og_type":"article","og_title":"D\u00e9mocrate Ind\u00e9pendant - Actualit\u00e9 des entreprises","og_description":"Le D\u00e9mocrate Ind\u00e9pendant appel\u00e9s parfois le D\u00e9mocrate de Bergerac ou encore le journal de Bergerac, est un hebdomadaire vendu 1,30 [&hellip;]","og_url":"https:\/\/www.annonces-legales.org\/blog\/democrate-independant\/","og_site_name":"Actualit\u00e9 des entreprises","article_modified_time":"2022-01-26T10:37:53+00:00","og_image":[{"width":350,"height":128,"url":"https:\/\/www.annonces-legales.org\/blog\/wp-content\/uploads\/2021\/09\/democrate-Independant.png","type":"image\/png"}],"twitter_card":"summary_large_image","twitter_misc":{"Dur\u00e9e de lecture estim\u00e9e":"2 minutes"},"schema":{"@context":"https:\/\/schema.org","@graph":[{"@type":"WebPage","@id":"https:\/\/www.annonces-legales.org\/blog\/democrate-independant\/","url":"https:\/\/www.annonces-legales.org\/blog\/democrate-independant\/","name":"D\u00e9mocrate Ind\u00e9pendant - Actualit\u00e9 des entreprises","isPartOf":{"@id":"https:\/\/www.annonces-legales.org\/blog\/#website"},"primaryImageOfPage":{"@id":"https:\/\/www.annonces-legales.org\/blog\/democrate-independant\/#primaryimage"},"image":{"@id":"https:\/\/www.annonces-legales.org\/blog\/democrate-independant\/#primaryimage"},"thumbnailUrl":"https:\/\/www.annonces-legales.org\/blog\/wp-content\/uploads\/2021\/09\/democrate-Independant.png","datePublished":"2021-09-21T14:58:43+00:00","dateModified":"2022-01-26T10:37:53+00:00","breadcrumb":{"@id":"https:\/\/www.annonces-legales.org\/blog\/democrate-independant\/#breadcrumb"},"inLanguage":"fr-FR","potentialAction":[{"@type":"ReadAction","target":["https:\/\/www.annonces-legales.org\/blog\/democrate-independant\/"]}]},{"@type":"ImageObject","inLanguage":"fr-FR","@id":"https:\/\/www.annonces-legales.org\/blog\/democrate-independant\/#primaryimage","url":"https:\/\/www.annonces-legales.org\/blog\/wp-content\/uploads\/2021\/09\/democrate-Independant.png","contentUrl":"https:\/\/www.annonces-legales.org\/blog\/wp-content\/uploads\/2021\/09\/democrate-Independant.png","width":350,"height":128},{"@type":"BreadcrumbList","@id":"https:\/\/www.annonces-legales.org\/blog\/democrate-independant\/#breadcrumb","itemListElement":[{"@type":"ListItem","position":1,"name":"Accueil","item":"https:\/\/www.annonces-legales.org\/blog\/"},{"@type":"ListItem","position":2,"name":"Liste des journaux habilit\u00e9s \u00e0 publier des annonces l\u00e9gales","item":"https:\/\/www.annonces-legales.org\/blog\/liste-des-journaux-habilites-a-publier-des-annonces-legales\/"},{"@type":"ListItem","position":3,"name":"D\u00e9mocrate Ind\u00e9pendant"}]},{"@type":"WebSite","@id":"https:\/\/www.annonces-legales.org\/blog\/#website","url":"https:\/\/www.annonces-legales.org\/blog\/","name":"Actualit\u00e9 des entreprises","description":"","publisher":{"@id":"https:\/\/www.annonces-legales.org\/blog\/#organization"},"potentialAction":[{"@type":"SearchAction","target":{"@type":"EntryPoint","urlTemplate":"https:\/\/www.annonces-legales.org\/blog\/?s={search_term_string}"},"query-input":{"@type":"PropertyValueSpecification","valueRequired":true,"valueName":"search_term_string"}}],"inLanguage":"fr-FR"},{"@type":"Organization","@id":"https:\/\/www.annonces-legales.org\/blog\/#organization","name":"Actualit\u00e9 des entreprises","url":"https:\/\/www.annonces-legales.org\/blog\/","logo":{"@type":"ImageObject","inLanguage":"fr-FR","@id":"https:\/\/www.annonces-legales.org\/blog\/#\/schema\/logo\/image\/","url":"https:\/\/www.annonces-legales.org\/blog\/wp-content\/uploads\/2023\/08\/annonces-legales.svg","contentUrl":"https:\/\/www.annonces-legales.org\/blog\/wp-content\/uploads\/2023\/08\/annonces-legales.svg","caption":"Actualit\u00e9 des entreprises"},"image":{"@id":"https:\/\/www.annonces-legales.org\/blog\/#\/schema\/logo\/image\/"}}]}},"_links":{"self":[{"href":"https:\/\/www.annonces-legales.org\/blog\/wp-json\/wp\/v2\/pages\/884","targetHints":{"allow":["GET"]}}],"collection":[{"href":"https:\/\/www.annonces-legales.org\/blog\/wp-json\/wp\/v2\/pages"}],"about":[{"href":"https:\/\/www.annonces-legales.org\/blog\/wp-json\/wp\/v2\/types\/page"}],"author":[{"embeddable":true,"href":"https:\/\/www.annonces-legales.org\/blog\/wp-json\/wp\/v2\/users\/1"}],"replies":[{"embeddable":true,"href":"https:\/\/www.annonces-legales.org\/blog\/wp-json\/wp\/v2\/comments?post=884"}],"version-history":[{"count":4,"href":"https:\/\/www.annonces-legales.org\/blog\/wp-json\/wp\/v2\/pages\/884\/revisions"}],"predecessor-version":[{"id":1466,"href":"https:\/\/www.annonces-legales.org\/blog\/wp-json\/wp\/v2\/pages\/884\/revisions\/1466"}],"up":[{"embeddable":true,"href":"https:\/\/www.annonces-legales.org\/blog\/wp-json\/wp\/v2\/pages\/351"}],"wp:attachment":[{"href":"https:\/\/www.annonces-legales.org\/blog\/wp-json\/wp\/v2\/media?parent=884"}],"curies":[{"name":"wp","href":"https:\/\/api.w.org\/{rel}","templated":true}]}}