{"id":909,"date":"2021-09-21T17:15:07","date_gmt":"2021-09-21T15:15:07","guid":{"rendered":"https:\/\/www.annonces-legales.org\/blog\/?page_id=909"},"modified":"2022-01-26T12:11:14","modified_gmt":"2022-01-26T11:11:14","slug":"peuple-libre-drome-hebdo","status":"publish","type":"page","link":"https:\/\/www.annonces-legales.org\/blog\/peuple-libre-drome-hebdo\/","title":{"rendered":"Peuple Libre Dr\u00f4me Hebdo"},"content":{"rendered":"<p><img loading=\"lazy\" decoding=\"async\" class=\"aligncenter size-full wp-image-910\" src=\"https:\/\/www.annonces-legales.org\/blog\/wp-content\/uploads\/2021\/09\/Peuple-Libre-Drome-Hebdo.png\" alt=\"\" width=\"450\" height=\"163\" srcset=\"https:\/\/www.annonces-legales.org\/blog\/wp-content\/uploads\/2021\/09\/Peuple-Libre-Drome-Hebdo.png 450w, https:\/\/www.annonces-legales.org\/blog\/wp-content\/uploads\/2021\/09\/Peuple-Libre-Drome-Hebdo-300x109.png 300w\" sizes=\"auto, (max-width: 450px) 100vw, 450px\" \/><\/p>\n<p>Le journal hebdomadaire <strong>Peuple Libre Dr\u00f4me Hebdo<\/strong> est un journal d&rsquo;annonce l\u00e9gale du d\u00e9partement de la Dr\u00f4me qui publie des informations g\u00e9n\u00e9ralistes sur le d\u00e9partement. Son jour de parution est le vendredi. Il est possible de l&rsquo;acheter en version papier ou en version num\u00e9rique sur le site web du journal. Le journal poss\u00e8de une diffusion totale d&rsquo;environ 2000 selon l&rsquo;agence pour les chiffres de la presse et des m\u00e9dias (ACPM).<\/p>\n<p>Le journal est vendu 1,60 \u20ac en kiosque. Il a \u00e9t\u00e9 cr\u00e9\u00e9 en 1947, peu de temps apr\u00e8s la lib\u00e9ration. A l&rsquo;\u00e9poque, le journal \u00e9tait appel\u00e9 \u00ab peuple libre \u00bb. Il fut cr\u00e9\u00e9 par l&rsquo;abb\u00e9 Vignon, le p\u00e8re Chalamet et \u00c9douard Duserre. C&rsquo;\u00e9tait tout d&rsquo;abord un journal catholique qui est depuis devenu un journal g\u00e9n\u00e9raliste.<\/p>\n<p>Le journal appartient \u00e0 la <strong>soci\u00e9t\u00e9 HCR<\/strong> qui poss\u00e8de d&rsquo;autres journaux g\u00e9n\u00e9ralistes ou catholiques comme par exemple les journaux le <a href=\"https:\/\/www.annonces-legales.org\/blog\/reveil-du-vivarais\/\">r\u00e9veil du Vivarais<\/a> ou encore la <a href=\"https:\/\/www.annonces-legales.org\/blog\/la-voix-de-lain\/\">voix de l&rsquo;Ain<\/a>.<\/p>\n<p>L&rsquo;adresse du journal et 7, Avenue de Verdun \u00e0 Valence en Rh\u00f4ne Alpes. Son num\u00e9ro de t\u00e9l\u00e9phone est les 04 75 86 20 00.<\/p>\n","protected":false},"excerpt":{"rendered":"<p>Le journal hebdomadaire Peuple Libre Dr\u00f4me Hebdo est un journal d&rsquo;annonce l\u00e9gale du d\u00e9partement de la Dr\u00f4me qui publie des [&hellip;]<\/p>\n","protected":false},"author":1,"featured_media":0,"parent":351,"menu_order":0,"comment_status":"closed","ping_status":"closed","template":"","meta":{"inline_featured_image":false,"footnotes":""},"class_list":["post-909","page","type-page","status-publish","hentry"],"yoast_head":"<!-- This site is optimized with the Yoast SEO plugin v26.8 - https:\/\/yoast.com\/product\/yoast-seo-wordpress\/ -->\n<title>Peuple Libre Dr\u00f4me Hebdo - Actualit\u00e9 des entreprises<\/title>\n<meta name=\"robots\" content=\"index, follow, max-snippet:-1, max-image-preview:large, max-video-preview:-1\" \/>\n<link rel=\"canonical\" href=\"https:\/\/www.annonces-legales.org\/blog\/peuple-libre-drome-hebdo\/\" \/>\n<meta property=\"og:locale\" content=\"fr_FR\" \/>\n<meta property=\"og:type\" content=\"article\" \/>\n<meta property=\"og:title\" content=\"Peuple Libre Dr\u00f4me Hebdo - Actualit\u00e9 des entreprises\" \/>\n<meta property=\"og:description\" content=\"Le journal hebdomadaire Peuple Libre Dr\u00f4me Hebdo est un journal d&rsquo;annonce l\u00e9gale du d\u00e9partement de la Dr\u00f4me qui publie des [&hellip;]\" \/>\n<meta property=\"og:url\" content=\"https:\/\/www.annonces-legales.org\/blog\/peuple-libre-drome-hebdo\/\" \/>\n<meta property=\"og:site_name\" content=\"Actualit\u00e9 des entreprises\" \/>\n<meta property=\"article:modified_time\" content=\"2022-01-26T11:11:14+00:00\" \/>\n<meta property=\"og:image\" content=\"https:\/\/www.annonces-legales.org\/blog\/wp-content\/uploads\/2021\/09\/Peuple-Libre-Drome-Hebdo.png\" \/>\n\t<meta property=\"og:image:width\" content=\"450\" \/>\n\t<meta property=\"og:image:height\" content=\"163\" \/>\n\t<meta property=\"og:image:type\" content=\"image\/png\" \/>\n<meta name=\"twitter:card\" content=\"summary_large_image\" \/>\n<meta name=\"twitter:label1\" content=\"Dur\u00e9e de lecture estim\u00e9e\" \/>\n\t<meta name=\"twitter:data1\" content=\"1 minute\" \/>\n<script type=\"application\/ld+json\" class=\"yoast-schema-graph\">{\"@context\":\"https:\/\/schema.org\",\"@graph\":[{\"@type\":\"WebPage\",\"@id\":\"https:\/\/www.annonces-legales.org\/blog\/peuple-libre-drome-hebdo\/\",\"url\":\"https:\/\/www.annonces-legales.org\/blog\/peuple-libre-drome-hebdo\/\",\"name\":\"Peuple Libre Dr\u00f4me Hebdo - Actualit\u00e9 des entreprises\",\"isPartOf\":{\"@id\":\"https:\/\/www.annonces-legales.org\/blog\/#website\"},\"primaryImageOfPage\":{\"@id\":\"https:\/\/www.annonces-legales.org\/blog\/peuple-libre-drome-hebdo\/#primaryimage\"},\"image\":{\"@id\":\"https:\/\/www.annonces-legales.org\/blog\/peuple-libre-drome-hebdo\/#primaryimage\"},\"thumbnailUrl\":\"https:\/\/www.annonces-legales.org\/blog\/wp-content\/uploads\/2021\/09\/Peuple-Libre-Drome-Hebdo.png\",\"datePublished\":\"2021-09-21T15:15:07+00:00\",\"dateModified\":\"2022-01-26T11:11:14+00:00\",\"breadcrumb\":{\"@id\":\"https:\/\/www.annonces-legales.org\/blog\/peuple-libre-drome-hebdo\/#breadcrumb\"},\"inLanguage\":\"fr-FR\",\"potentialAction\":[{\"@type\":\"ReadAction\",\"target\":[\"https:\/\/www.annonces-legales.org\/blog\/peuple-libre-drome-hebdo\/\"]}]},{\"@type\":\"ImageObject\",\"inLanguage\":\"fr-FR\",\"@id\":\"https:\/\/www.annonces-legales.org\/blog\/peuple-libre-drome-hebdo\/#primaryimage\",\"url\":\"https:\/\/www.annonces-legales.org\/blog\/wp-content\/uploads\/2021\/09\/Peuple-Libre-Drome-Hebdo.png\",\"contentUrl\":\"https:\/\/www.annonces-legales.org\/blog\/wp-content\/uploads\/2021\/09\/Peuple-Libre-Drome-Hebdo.png\",\"width\":450,\"height\":163},{\"@type\":\"BreadcrumbList\",\"@id\":\"https:\/\/www.annonces-legales.org\/blog\/peuple-libre-drome-hebdo\/#breadcrumb\",\"itemListElement\":[{\"@type\":\"ListItem\",\"position\":1,\"name\":\"Accueil\",\"item\":\"https:\/\/www.annonces-legales.org\/blog\/\"},{\"@type\":\"ListItem\",\"position\":2,\"name\":\"Liste des journaux habilit\u00e9s \u00e0 publier des annonces l\u00e9gales\",\"item\":\"https:\/\/www.annonces-legales.org\/blog\/liste-des-journaux-habilites-a-publier-des-annonces-legales\/\"},{\"@type\":\"ListItem\",\"position\":3,\"name\":\"Peuple Libre Dr\u00f4me Hebdo\"}]},{\"@type\":\"WebSite\",\"@id\":\"https:\/\/www.annonces-legales.org\/blog\/#website\",\"url\":\"https:\/\/www.annonces-legales.org\/blog\/\",\"name\":\"Actualit\u00e9 des entreprises\",\"description\":\"\",\"publisher\":{\"@id\":\"https:\/\/www.annonces-legales.org\/blog\/#organization\"},\"potentialAction\":[{\"@type\":\"SearchAction\",\"target\":{\"@type\":\"EntryPoint\",\"urlTemplate\":\"https:\/\/www.annonces-legales.org\/blog\/?s={search_term_string}\"},\"query-input\":{\"@type\":\"PropertyValueSpecification\",\"valueRequired\":true,\"valueName\":\"search_term_string\"}}],\"inLanguage\":\"fr-FR\"},{\"@type\":\"Organization\",\"@id\":\"https:\/\/www.annonces-legales.org\/blog\/#organization\",\"name\":\"Actualit\u00e9 des entreprises\",\"url\":\"https:\/\/www.annonces-legales.org\/blog\/\",\"logo\":{\"@type\":\"ImageObject\",\"inLanguage\":\"fr-FR\",\"@id\":\"https:\/\/www.annonces-legales.org\/blog\/#\/schema\/logo\/image\/\",\"url\":\"https:\/\/www.annonces-legales.org\/blog\/wp-content\/uploads\/2023\/08\/annonces-legales.svg\",\"contentUrl\":\"https:\/\/www.annonces-legales.org\/blog\/wp-content\/uploads\/2023\/08\/annonces-legales.svg\",\"caption\":\"Actualit\u00e9 des entreprises\"},\"image\":{\"@id\":\"https:\/\/www.annonces-legales.org\/blog\/#\/schema\/logo\/image\/\"}}]}<\/script>\n<!-- \/ Yoast SEO plugin. -->","yoast_head_json":{"title":"Peuple Libre Dr\u00f4me Hebdo - Actualit\u00e9 des entreprises","robots":{"index":"index","follow":"follow","max-snippet":"max-snippet:-1","max-image-preview":"max-image-preview:large","max-video-preview":"max-video-preview:-1"},"canonical":"https:\/\/www.annonces-legales.org\/blog\/peuple-libre-drome-hebdo\/","og_locale":"fr_FR","og_type":"article","og_title":"Peuple Libre Dr\u00f4me Hebdo - Actualit\u00e9 des entreprises","og_description":"Le journal hebdomadaire Peuple Libre Dr\u00f4me Hebdo est un journal d&rsquo;annonce l\u00e9gale du d\u00e9partement de la Dr\u00f4me qui publie des [&hellip;]","og_url":"https:\/\/www.annonces-legales.org\/blog\/peuple-libre-drome-hebdo\/","og_site_name":"Actualit\u00e9 des entreprises","article_modified_time":"2022-01-26T11:11:14+00:00","og_image":[{"width":450,"height":163,"url":"https:\/\/www.annonces-legales.org\/blog\/wp-content\/uploads\/2021\/09\/Peuple-Libre-Drome-Hebdo.png","type":"image\/png"}],"twitter_card":"summary_large_image","twitter_misc":{"Dur\u00e9e de lecture estim\u00e9e":"1 minute"},"schema":{"@context":"https:\/\/schema.org","@graph":[{"@type":"WebPage","@id":"https:\/\/www.annonces-legales.org\/blog\/peuple-libre-drome-hebdo\/","url":"https:\/\/www.annonces-legales.org\/blog\/peuple-libre-drome-hebdo\/","name":"Peuple Libre Dr\u00f4me Hebdo - Actualit\u00e9 des entreprises","isPartOf":{"@id":"https:\/\/www.annonces-legales.org\/blog\/#website"},"primaryImageOfPage":{"@id":"https:\/\/www.annonces-legales.org\/blog\/peuple-libre-drome-hebdo\/#primaryimage"},"image":{"@id":"https:\/\/www.annonces-legales.org\/blog\/peuple-libre-drome-hebdo\/#primaryimage"},"thumbnailUrl":"https:\/\/www.annonces-legales.org\/blog\/wp-content\/uploads\/2021\/09\/Peuple-Libre-Drome-Hebdo.png","datePublished":"2021-09-21T15:15:07+00:00","dateModified":"2022-01-26T11:11:14+00:00","breadcrumb":{"@id":"https:\/\/www.annonces-legales.org\/blog\/peuple-libre-drome-hebdo\/#breadcrumb"},"inLanguage":"fr-FR","potentialAction":[{"@type":"ReadAction","target":["https:\/\/www.annonces-legales.org\/blog\/peuple-libre-drome-hebdo\/"]}]},{"@type":"ImageObject","inLanguage":"fr-FR","@id":"https:\/\/www.annonces-legales.org\/blog\/peuple-libre-drome-hebdo\/#primaryimage","url":"https:\/\/www.annonces-legales.org\/blog\/wp-content\/uploads\/2021\/09\/Peuple-Libre-Drome-Hebdo.png","contentUrl":"https:\/\/www.annonces-legales.org\/blog\/wp-content\/uploads\/2021\/09\/Peuple-Libre-Drome-Hebdo.png","width":450,"height":163},{"@type":"BreadcrumbList","@id":"https:\/\/www.annonces-legales.org\/blog\/peuple-libre-drome-hebdo\/#breadcrumb","itemListElement":[{"@type":"ListItem","position":1,"name":"Accueil","item":"https:\/\/www.annonces-legales.org\/blog\/"},{"@type":"ListItem","position":2,"name":"Liste des journaux habilit\u00e9s \u00e0 publier des annonces l\u00e9gales","item":"https:\/\/www.annonces-legales.org\/blog\/liste-des-journaux-habilites-a-publier-des-annonces-legales\/"},{"@type":"ListItem","position":3,"name":"Peuple Libre Dr\u00f4me Hebdo"}]},{"@type":"WebSite","@id":"https:\/\/www.annonces-legales.org\/blog\/#website","url":"https:\/\/www.annonces-legales.org\/blog\/","name":"Actualit\u00e9 des entreprises","description":"","publisher":{"@id":"https:\/\/www.annonces-legales.org\/blog\/#organization"},"potentialAction":[{"@type":"SearchAction","target":{"@type":"EntryPoint","urlTemplate":"https:\/\/www.annonces-legales.org\/blog\/?s={search_term_string}"},"query-input":{"@type":"PropertyValueSpecification","valueRequired":true,"valueName":"search_term_string"}}],"inLanguage":"fr-FR"},{"@type":"Organization","@id":"https:\/\/www.annonces-legales.org\/blog\/#organization","name":"Actualit\u00e9 des entreprises","url":"https:\/\/www.annonces-legales.org\/blog\/","logo":{"@type":"ImageObject","inLanguage":"fr-FR","@id":"https:\/\/www.annonces-legales.org\/blog\/#\/schema\/logo\/image\/","url":"https:\/\/www.annonces-legales.org\/blog\/wp-content\/uploads\/2023\/08\/annonces-legales.svg","contentUrl":"https:\/\/www.annonces-legales.org\/blog\/wp-content\/uploads\/2023\/08\/annonces-legales.svg","caption":"Actualit\u00e9 des entreprises"},"image":{"@id":"https:\/\/www.annonces-legales.org\/blog\/#\/schema\/logo\/image\/"}}]}},"_links":{"self":[{"href":"https:\/\/www.annonces-legales.org\/blog\/wp-json\/wp\/v2\/pages\/909","targetHints":{"allow":["GET"]}}],"collection":[{"href":"https:\/\/www.annonces-legales.org\/blog\/wp-json\/wp\/v2\/pages"}],"about":[{"href":"https:\/\/www.annonces-legales.org\/blog\/wp-json\/wp\/v2\/types\/page"}],"author":[{"embeddable":true,"href":"https:\/\/www.annonces-legales.org\/blog\/wp-json\/wp\/v2\/users\/1"}],"replies":[{"embeddable":true,"href":"https:\/\/www.annonces-legales.org\/blog\/wp-json\/wp\/v2\/comments?post=909"}],"version-history":[{"count":1,"href":"https:\/\/www.annonces-legales.org\/blog\/wp-json\/wp\/v2\/pages\/909\/revisions"}],"predecessor-version":[{"id":911,"href":"https:\/\/www.annonces-legales.org\/blog\/wp-json\/wp\/v2\/pages\/909\/revisions\/911"}],"up":[{"embeddable":true,"href":"https:\/\/www.annonces-legales.org\/blog\/wp-json\/wp\/v2\/pages\/351"}],"wp:attachment":[{"href":"https:\/\/www.annonces-legales.org\/blog\/wp-json\/wp\/v2\/media?parent=909"}],"curies":[{"name":"wp","href":"https:\/\/api.w.org\/{rel}","templated":true}]}}