{"id":912,"date":"2021-09-21T17:16:11","date_gmt":"2021-09-21T15:16:11","guid":{"rendered":"https:\/\/www.annonces-legales.org\/blog\/?page_id=912"},"modified":"2022-01-26T12:01:04","modified_gmt":"2022-01-26T11:01:04","slug":"courrier-de-leure","status":"publish","type":"page","link":"https:\/\/www.annonces-legales.org\/blog\/courrier-de-leure\/","title":{"rendered":"Le Courrier de l&rsquo;Eure"},"content":{"rendered":"<p><img loading=\"lazy\" decoding=\"async\" class=\"aligncenter size-full wp-image-913\" src=\"https:\/\/www.annonces-legales.org\/blog\/wp-content\/uploads\/2021\/09\/Courrier-de-lEure.png\" alt=\"\" width=\"399\" height=\"126\" srcset=\"https:\/\/www.annonces-legales.org\/blog\/wp-content\/uploads\/2021\/09\/Courrier-de-lEure.png 399w, https:\/\/www.annonces-legales.org\/blog\/wp-content\/uploads\/2021\/09\/Courrier-de-lEure-300x95.png 300w\" sizes=\"auto, (max-width: 399px) 100vw, 399px\" \/><\/p>\n<p>Tous les mercredis, l&rsquo;hebdomadaire <strong>Le Courrier de l&rsquo;Eure<\/strong> est vendu au prix de 1,50 euros. Il a une audience d&rsquo;environ 23\u00a0000 lecteurs.<\/p>\n<p>Le r\u00e9dacteur en chef du journal est Pierre Choisney. Le directeur de la publication se nomme Francis Guanaud.<br \/>\nL&rsquo;adresse du journal est 54 rue de la r\u00e9publique \u00e0 Le Neubourg (27110).<\/p>\n<p>Le journal appartient \u00e0 l&rsquo;entreprise PubliHebdos. Le groupe PubliHebdos poss\u00e8de environ 50 journaux r\u00e9gionaux payants ou gratuit.<\/p>\n<p>&nbsp;<\/p>\n<h2>Origines de l&rsquo;hebdomadaire Le Courrier de l&rsquo;Eure<\/h2>\n<p>L&rsquo;origine du journal remonte \u00e0 1877. Charles Branchard, un imprimeur de la ville de Dupont de l&rsquo;Eure d\u00e9cide de lancer un journal r\u00e9publicain qu&rsquo;il nomme \u00ab la <strong>Mercuriale du Neubourg<\/strong>\u00ab\u00a0. Le journal deviendra tr\u00e8s rapidement \u00ab\u00a0Le journal de Neubourg\u00a0\u00bb. le journal a beaucoup de succ\u00e8s et est imprim\u00e9e \u00e0 plus de 2000 exemplaires.<br \/>\nLe journal est ensuite repris par Ernest Dumont au d\u00e9but du XXe si\u00e8cle. Il va d\u00e9velopper le journal dans les nombreux cantons aux alentours.<br \/>\nEn 1945, le journal change de nom pour <strong>Le Courrier de l&rsquo;Eure<\/strong>.<\/p>\n<p>En 1973, le journal est achet\u00e9 par le groupe Hersant, puis par <strong>PubliHebdos<\/strong> en 2007.<\/p>\n<p>&nbsp;<\/p>\n<h2>La Courrier de l&rsquo;Eure, JAL de l&rsquo;Eure<\/h2>\n<p>Le journal a \u00e9t\u00e9 habilit\u00e9 \u00e0 faire para\u00eetre des annonces judiciaires et l\u00e9gales pour le d\u00e9partement de l&rsquo;<strong>Eure (27)<\/strong>.<\/p>\n<p>Pour la publication d&rsquo;annonces officielles dans le d\u00e9partement de l&rsquo;Eure, faites confiance \u00e0 annonces-legales.org !<\/p>\n<br\/><br\/><div class=\"entry-content notopmargin\">\n\t<img decoding=\"async\" class=\"img-fluid fleft\" src=\"https:\/\/www.annonces-legales.org\/images\/rapide-economique-tout-departement.png\" alt=\"Journal d'annonce l\u00e9gale du 27 \"><a href=\"https:\/\/www.annonces-legales.org\/publication-annonce-legale.html\" class=\"button button-desc fright mtop30\"><div>Je publie<br> mon annonce<br> l\u00e9gale<\/div><span>dans un journal du 27 !<\/span><\/a>\n<\/div><div class=\"clrbth\"><\/div><br\/><br\/>\n<p>&nbsp;<\/p>\n<h2>Quels sont les avantages \u00e0 ins\u00e9rer une annonce avec Annonces-legales.org ?<\/h2>\n<p>Annonces-legales.org collabore directement avec plusieurs quotidiens et hebdomadaires. Il permet ainsi de publier dans l&rsquo;Eure et dans tout le pays.<\/p>\n<p>De plus, il est possible de comparer les prix d&rsquo;un grand nombre de journaux officiels du d\u00e9partement de votre soci\u00e9t\u00e9 en remplissant un seul formulaire.<\/p>\n<p>Pour vous faire faire des \u00e9conomies sur vos formalit\u00e9s officielles de changement, notre syst\u00e8me diminue automatiquement le nombre de lignes de l&rsquo;annonce (sauf pour les avis de cr\u00e9ation qui ont un prix forfaitaire). Ainsi, vous pouvez \u00e9conomiser jusqu&rsquo;\u00e0 50% sur les tarifs pratiqu\u00e9s.<\/p>\n<p>&nbsp;<\/p>\n<p>&nbsp;<\/p>\n","protected":false},"excerpt":{"rendered":"<p>Tous les mercredis, l&rsquo;hebdomadaire Le Courrier de l&rsquo;Eure est vendu au prix de 1,50 euros. Il a une audience d&rsquo;environ [&hellip;]<\/p>\n","protected":false},"author":1,"featured_media":0,"parent":351,"menu_order":0,"comment_status":"closed","ping_status":"closed","template":"","meta":{"inline_featured_image":false,"footnotes":""},"class_list":["post-912","page","type-page","status-publish","hentry"],"yoast_head":"<!-- This site is optimized with the Yoast SEO plugin v26.8 - https:\/\/yoast.com\/product\/yoast-seo-wordpress\/ -->\n<title>Le Courrier de l&#039;Eure - Actualit\u00e9 des entreprises<\/title>\n<meta name=\"robots\" content=\"index, follow, max-snippet:-1, max-image-preview:large, max-video-preview:-1\" \/>\n<link rel=\"canonical\" href=\"https:\/\/www.annonces-legales.org\/blog\/courrier-de-leure\/\" \/>\n<meta property=\"og:locale\" content=\"fr_FR\" \/>\n<meta property=\"og:type\" content=\"article\" \/>\n<meta property=\"og:title\" content=\"Le Courrier de l&#039;Eure - Actualit\u00e9 des entreprises\" \/>\n<meta property=\"og:description\" content=\"Tous les mercredis, l&rsquo;hebdomadaire Le Courrier de l&rsquo;Eure est vendu au prix de 1,50 euros. Il a une audience d&rsquo;environ [&hellip;]\" \/>\n<meta property=\"og:url\" content=\"https:\/\/www.annonces-legales.org\/blog\/courrier-de-leure\/\" \/>\n<meta property=\"og:site_name\" content=\"Actualit\u00e9 des entreprises\" \/>\n<meta property=\"article:modified_time\" content=\"2022-01-26T11:01:04+00:00\" \/>\n<meta property=\"og:image\" content=\"https:\/\/www.annonces-legales.org\/blog\/wp-content\/uploads\/2021\/09\/Courrier-de-lEure.png\" \/>\n\t<meta property=\"og:image:width\" content=\"399\" \/>\n\t<meta property=\"og:image:height\" content=\"126\" \/>\n\t<meta property=\"og:image:type\" content=\"image\/png\" \/>\n<meta name=\"twitter:card\" content=\"summary_large_image\" \/>\n<meta name=\"twitter:label1\" content=\"Dur\u00e9e de lecture estim\u00e9e\" \/>\n\t<meta name=\"twitter:data1\" content=\"2 minutes\" \/>\n<script type=\"application\/ld+json\" class=\"yoast-schema-graph\">{\"@context\":\"https:\/\/schema.org\",\"@graph\":[{\"@type\":\"WebPage\",\"@id\":\"https:\/\/www.annonces-legales.org\/blog\/courrier-de-leure\/\",\"url\":\"https:\/\/www.annonces-legales.org\/blog\/courrier-de-leure\/\",\"name\":\"Le Courrier de l'Eure - Actualit\u00e9 des entreprises\",\"isPartOf\":{\"@id\":\"https:\/\/www.annonces-legales.org\/blog\/#website\"},\"primaryImageOfPage\":{\"@id\":\"https:\/\/www.annonces-legales.org\/blog\/courrier-de-leure\/#primaryimage\"},\"image\":{\"@id\":\"https:\/\/www.annonces-legales.org\/blog\/courrier-de-leure\/#primaryimage\"},\"thumbnailUrl\":\"https:\/\/www.annonces-legales.org\/blog\/wp-content\/uploads\/2021\/09\/Courrier-de-lEure.png\",\"datePublished\":\"2021-09-21T15:16:11+00:00\",\"dateModified\":\"2022-01-26T11:01:04+00:00\",\"breadcrumb\":{\"@id\":\"https:\/\/www.annonces-legales.org\/blog\/courrier-de-leure\/#breadcrumb\"},\"inLanguage\":\"fr-FR\",\"potentialAction\":[{\"@type\":\"ReadAction\",\"target\":[\"https:\/\/www.annonces-legales.org\/blog\/courrier-de-leure\/\"]}]},{\"@type\":\"ImageObject\",\"inLanguage\":\"fr-FR\",\"@id\":\"https:\/\/www.annonces-legales.org\/blog\/courrier-de-leure\/#primaryimage\",\"url\":\"https:\/\/www.annonces-legales.org\/blog\/wp-content\/uploads\/2021\/09\/Courrier-de-lEure.png\",\"contentUrl\":\"https:\/\/www.annonces-legales.org\/blog\/wp-content\/uploads\/2021\/09\/Courrier-de-lEure.png\",\"width\":399,\"height\":126},{\"@type\":\"BreadcrumbList\",\"@id\":\"https:\/\/www.annonces-legales.org\/blog\/courrier-de-leure\/#breadcrumb\",\"itemListElement\":[{\"@type\":\"ListItem\",\"position\":1,\"name\":\"Accueil\",\"item\":\"https:\/\/www.annonces-legales.org\/blog\/\"},{\"@type\":\"ListItem\",\"position\":2,\"name\":\"Liste des journaux habilit\u00e9s \u00e0 publier des annonces l\u00e9gales\",\"item\":\"https:\/\/www.annonces-legales.org\/blog\/liste-des-journaux-habilites-a-publier-des-annonces-legales\/\"},{\"@type\":\"ListItem\",\"position\":3,\"name\":\"Le Courrier de l&rsquo;Eure\"}]},{\"@type\":\"WebSite\",\"@id\":\"https:\/\/www.annonces-legales.org\/blog\/#website\",\"url\":\"https:\/\/www.annonces-legales.org\/blog\/\",\"name\":\"Actualit\u00e9 des entreprises\",\"description\":\"\",\"publisher\":{\"@id\":\"https:\/\/www.annonces-legales.org\/blog\/#organization\"},\"potentialAction\":[{\"@type\":\"SearchAction\",\"target\":{\"@type\":\"EntryPoint\",\"urlTemplate\":\"https:\/\/www.annonces-legales.org\/blog\/?s={search_term_string}\"},\"query-input\":{\"@type\":\"PropertyValueSpecification\",\"valueRequired\":true,\"valueName\":\"search_term_string\"}}],\"inLanguage\":\"fr-FR\"},{\"@type\":\"Organization\",\"@id\":\"https:\/\/www.annonces-legales.org\/blog\/#organization\",\"name\":\"Actualit\u00e9 des entreprises\",\"url\":\"https:\/\/www.annonces-legales.org\/blog\/\",\"logo\":{\"@type\":\"ImageObject\",\"inLanguage\":\"fr-FR\",\"@id\":\"https:\/\/www.annonces-legales.org\/blog\/#\/schema\/logo\/image\/\",\"url\":\"https:\/\/www.annonces-legales.org\/blog\/wp-content\/uploads\/2023\/08\/annonces-legales.svg\",\"contentUrl\":\"https:\/\/www.annonces-legales.org\/blog\/wp-content\/uploads\/2023\/08\/annonces-legales.svg\",\"caption\":\"Actualit\u00e9 des entreprises\"},\"image\":{\"@id\":\"https:\/\/www.annonces-legales.org\/blog\/#\/schema\/logo\/image\/\"}}]}<\/script>\n<!-- \/ Yoast SEO plugin. -->","yoast_head_json":{"title":"Le Courrier de l'Eure - Actualit\u00e9 des entreprises","robots":{"index":"index","follow":"follow","max-snippet":"max-snippet:-1","max-image-preview":"max-image-preview:large","max-video-preview":"max-video-preview:-1"},"canonical":"https:\/\/www.annonces-legales.org\/blog\/courrier-de-leure\/","og_locale":"fr_FR","og_type":"article","og_title":"Le Courrier de l'Eure - Actualit\u00e9 des entreprises","og_description":"Tous les mercredis, l&rsquo;hebdomadaire Le Courrier de l&rsquo;Eure est vendu au prix de 1,50 euros. Il a une audience d&rsquo;environ [&hellip;]","og_url":"https:\/\/www.annonces-legales.org\/blog\/courrier-de-leure\/","og_site_name":"Actualit\u00e9 des entreprises","article_modified_time":"2022-01-26T11:01:04+00:00","og_image":[{"width":399,"height":126,"url":"https:\/\/www.annonces-legales.org\/blog\/wp-content\/uploads\/2021\/09\/Courrier-de-lEure.png","type":"image\/png"}],"twitter_card":"summary_large_image","twitter_misc":{"Dur\u00e9e de lecture estim\u00e9e":"2 minutes"},"schema":{"@context":"https:\/\/schema.org","@graph":[{"@type":"WebPage","@id":"https:\/\/www.annonces-legales.org\/blog\/courrier-de-leure\/","url":"https:\/\/www.annonces-legales.org\/blog\/courrier-de-leure\/","name":"Le Courrier de l'Eure - Actualit\u00e9 des entreprises","isPartOf":{"@id":"https:\/\/www.annonces-legales.org\/blog\/#website"},"primaryImageOfPage":{"@id":"https:\/\/www.annonces-legales.org\/blog\/courrier-de-leure\/#primaryimage"},"image":{"@id":"https:\/\/www.annonces-legales.org\/blog\/courrier-de-leure\/#primaryimage"},"thumbnailUrl":"https:\/\/www.annonces-legales.org\/blog\/wp-content\/uploads\/2021\/09\/Courrier-de-lEure.png","datePublished":"2021-09-21T15:16:11+00:00","dateModified":"2022-01-26T11:01:04+00:00","breadcrumb":{"@id":"https:\/\/www.annonces-legales.org\/blog\/courrier-de-leure\/#breadcrumb"},"inLanguage":"fr-FR","potentialAction":[{"@type":"ReadAction","target":["https:\/\/www.annonces-legales.org\/blog\/courrier-de-leure\/"]}]},{"@type":"ImageObject","inLanguage":"fr-FR","@id":"https:\/\/www.annonces-legales.org\/blog\/courrier-de-leure\/#primaryimage","url":"https:\/\/www.annonces-legales.org\/blog\/wp-content\/uploads\/2021\/09\/Courrier-de-lEure.png","contentUrl":"https:\/\/www.annonces-legales.org\/blog\/wp-content\/uploads\/2021\/09\/Courrier-de-lEure.png","width":399,"height":126},{"@type":"BreadcrumbList","@id":"https:\/\/www.annonces-legales.org\/blog\/courrier-de-leure\/#breadcrumb","itemListElement":[{"@type":"ListItem","position":1,"name":"Accueil","item":"https:\/\/www.annonces-legales.org\/blog\/"},{"@type":"ListItem","position":2,"name":"Liste des journaux habilit\u00e9s \u00e0 publier des annonces l\u00e9gales","item":"https:\/\/www.annonces-legales.org\/blog\/liste-des-journaux-habilites-a-publier-des-annonces-legales\/"},{"@type":"ListItem","position":3,"name":"Le Courrier de l&rsquo;Eure"}]},{"@type":"WebSite","@id":"https:\/\/www.annonces-legales.org\/blog\/#website","url":"https:\/\/www.annonces-legales.org\/blog\/","name":"Actualit\u00e9 des entreprises","description":"","publisher":{"@id":"https:\/\/www.annonces-legales.org\/blog\/#organization"},"potentialAction":[{"@type":"SearchAction","target":{"@type":"EntryPoint","urlTemplate":"https:\/\/www.annonces-legales.org\/blog\/?s={search_term_string}"},"query-input":{"@type":"PropertyValueSpecification","valueRequired":true,"valueName":"search_term_string"}}],"inLanguage":"fr-FR"},{"@type":"Organization","@id":"https:\/\/www.annonces-legales.org\/blog\/#organization","name":"Actualit\u00e9 des entreprises","url":"https:\/\/www.annonces-legales.org\/blog\/","logo":{"@type":"ImageObject","inLanguage":"fr-FR","@id":"https:\/\/www.annonces-legales.org\/blog\/#\/schema\/logo\/image\/","url":"https:\/\/www.annonces-legales.org\/blog\/wp-content\/uploads\/2023\/08\/annonces-legales.svg","contentUrl":"https:\/\/www.annonces-legales.org\/blog\/wp-content\/uploads\/2023\/08\/annonces-legales.svg","caption":"Actualit\u00e9 des entreprises"},"image":{"@id":"https:\/\/www.annonces-legales.org\/blog\/#\/schema\/logo\/image\/"}}]}},"_links":{"self":[{"href":"https:\/\/www.annonces-legales.org\/blog\/wp-json\/wp\/v2\/pages\/912","targetHints":{"allow":["GET"]}}],"collection":[{"href":"https:\/\/www.annonces-legales.org\/blog\/wp-json\/wp\/v2\/pages"}],"about":[{"href":"https:\/\/www.annonces-legales.org\/blog\/wp-json\/wp\/v2\/types\/page"}],"author":[{"embeddable":true,"href":"https:\/\/www.annonces-legales.org\/blog\/wp-json\/wp\/v2\/users\/1"}],"replies":[{"embeddable":true,"href":"https:\/\/www.annonces-legales.org\/blog\/wp-json\/wp\/v2\/comments?post=912"}],"version-history":[{"count":6,"href":"https:\/\/www.annonces-legales.org\/blog\/wp-json\/wp\/v2\/pages\/912\/revisions"}],"predecessor-version":[{"id":1442,"href":"https:\/\/www.annonces-legales.org\/blog\/wp-json\/wp\/v2\/pages\/912\/revisions\/1442"}],"up":[{"embeddable":true,"href":"https:\/\/www.annonces-legales.org\/blog\/wp-json\/wp\/v2\/pages\/351"}],"wp:attachment":[{"href":"https:\/\/www.annonces-legales.org\/blog\/wp-json\/wp\/v2\/media?parent=912"}],"curies":[{"name":"wp","href":"https:\/\/api.w.org\/{rel}","templated":true}]}}