{"id":926,"date":"2021-09-21T17:23:24","date_gmt":"2021-09-21T15:23:24","guid":{"rendered":"https:\/\/www.annonces-legales.org\/blog\/?page_id=926"},"modified":"2022-01-26T11:48:43","modified_gmt":"2022-01-26T10:48:43","slug":"eure-agricole-et-rurale","status":"publish","type":"page","link":"https:\/\/www.annonces-legales.org\/blog\/eure-agricole-et-rurale\/","title":{"rendered":"Eure agricole et rurale"},"content":{"rendered":"<p><img loading=\"lazy\" decoding=\"async\" class=\"aligncenter size-full wp-image-927\" src=\"https:\/\/www.annonces-legales.org\/blog\/wp-content\/uploads\/2021\/09\/Eure-agricole-et-rurale.png\" alt=\"\" width=\"341\" height=\"146\" srcset=\"https:\/\/www.annonces-legales.org\/blog\/wp-content\/uploads\/2021\/09\/Eure-agricole-et-rurale.png 341w, https:\/\/www.annonces-legales.org\/blog\/wp-content\/uploads\/2021\/09\/Eure-agricole-et-rurale-300x128.png 300w\" sizes=\"auto, (max-width: 341px) 100vw, 341px\" \/><\/p>\n<p>Le <strong>journal Eure agricole et rurale<\/strong> est un hebdomadaire qui informe ses lecteurs sur l&rsquo;actualit\u00e9 agricole de la r\u00e9gion de l&rsquo;Eure. Il est publi\u00e9 chaque jeudi au prix de 3,26 \u20ac. On retrouve des articles sur la production v\u00e9g\u00e9tale et la production animale dans l&rsquo;Eure au niveau r\u00e9gional, national et m\u00eame europ\u00e9en.<br \/>\nCet hebdomadaire sort 50 num\u00e9ros par an et a un tirage moyen de 2650.Il est rattach\u00e9 au syndicat de presse agricole et rurale SNPAR.<\/p>\n<p>L&rsquo;adresse du journal est 2, espace de la garenne \u2013 Guichainville \u00e0 \u00c9vreux (27032).Son t\u00e9l\u00e9phone est les 02 32 23 77 77.<\/p>\n<p>Le journal appartient \u00e0 la soci\u00e9t\u00e9 sp\u00e9cialis\u00e9e dans la presse agricole <strong>R\u00e9ussir<\/strong>. L&rsquo;Eure agricole et rurale est homologu\u00e9 pour <strong>d\u00e9poser des annonces l\u00e9gales dans le d\u00e9partement de l&rsquo;Eure<\/strong>.<\/p>\n<p>&nbsp;<\/p>\n<br\/><br\/><div class=\"entry-content notopmargin\">\n\t<img decoding=\"async\" class=\"img-fluid fleft\" src=\"https:\/\/www.annonces-legales.org\/images\/rapide-economique-tout-departement.png\" alt=\"Journal d'annonce l\u00e9gale de l'Eure \"><a href=\"https:\/\/www.annonces-legales.org\/publication-annonce-legale.html\" class=\"button button-desc fright mtop30\"><div>Je publie<br> mon annonce<br> l\u00e9gale<\/div><span>dans un journal de l'Eure !<\/span><\/a>\n<\/div><div class=\"clrbth\"><\/div><br\/><br\/>\n<p>&nbsp;<\/p>\n<h2>Combien co\u00fbte une annonce l\u00e9gale sur le JAL Eure agricole et rurale ?<\/h2>\n<p>Une publication officielle de constitution est la plus ch\u00e8re de toutes les annonces l\u00e9gales et judiciaires. Son tarif est r\u00e9glement\u00e9 au niveau national. Ainsi, son prix sera similaire dans l&rsquo;Eure Agricole et Rurale ou dans n&rsquo;importe quel autre <strong>journal eur\u00e9sien<\/strong>.<\/p>\n<p>Pour le reste des annonces l\u00e9gales, le tarif de base par ligne peut changer tous les ans mais il diff\u00e8re assez peu. Il varie entre 4 et 6 euros hors-taxes. En 20211, il est de 4,63 euro HT pour l&rsquo;Eure.A ce prix de base les journaux peuvent ajouter leur marge, \u00e0 leur convenance. On se retrouve donc avec des prix qui peuvent varier de beaucoup entre diff\u00e9rents journaux.\u00a0 Afin d&rsquo;\u00eatre s\u00fbr de d\u00e9penser le moins d&rsquo;argent, il est n\u00e9cessaire de demander une estimation aupr\u00e8s de divers journaux. Cela devrait vous prendre quelques heures&#8230;<\/p>\n<p>C&rsquo;est la raison pour laquelle nous vous invitons \u00e0 faire une demande de devis pour votre annonce l\u00e9gale sur notre plateforme.<\/p>\n<p>&nbsp;<\/p>\n<h2>Pourquoi vous allez \u00e9conomiser et gagner du temps avec notre site ?<\/h2>\n<p>Vous pouvez comparer les prix de diff\u00e9rents journaux directement sur notre site en remplissant un seul formulaire.<br \/>\nVous pouvez ainsi \u00e9conomiser en trouvant en quelques minutes le meilleurs prix pour votre annonce judiciaire et l\u00e9gale.<\/p>\n<p>&nbsp;<\/p>\n<p>&nbsp;<\/p>\n<p>&nbsp;<\/p>\n","protected":false},"excerpt":{"rendered":"<p>Le journal Eure agricole et rurale est un hebdomadaire qui informe ses lecteurs sur l&rsquo;actualit\u00e9 agricole de la r\u00e9gion de [&hellip;]<\/p>\n","protected":false},"author":1,"featured_media":0,"parent":351,"menu_order":0,"comment_status":"closed","ping_status":"closed","template":"","meta":{"inline_featured_image":false,"footnotes":""},"class_list":["post-926","page","type-page","status-publish","hentry"],"yoast_head":"<!-- This site is optimized with the Yoast SEO plugin v26.8 - https:\/\/yoast.com\/product\/yoast-seo-wordpress\/ -->\n<title>Eure agricole et rurale - Actualit\u00e9 des entreprises<\/title>\n<meta name=\"robots\" content=\"index, follow, max-snippet:-1, max-image-preview:large, max-video-preview:-1\" \/>\n<link rel=\"canonical\" href=\"https:\/\/www.annonces-legales.org\/blog\/eure-agricole-et-rurale\/\" \/>\n<meta property=\"og:locale\" content=\"fr_FR\" \/>\n<meta property=\"og:type\" content=\"article\" \/>\n<meta property=\"og:title\" content=\"Eure agricole et rurale - Actualit\u00e9 des entreprises\" \/>\n<meta property=\"og:description\" content=\"Le journal Eure agricole et rurale est un hebdomadaire qui informe ses lecteurs sur l&rsquo;actualit\u00e9 agricole de la r\u00e9gion de [&hellip;]\" \/>\n<meta property=\"og:url\" content=\"https:\/\/www.annonces-legales.org\/blog\/eure-agricole-et-rurale\/\" \/>\n<meta property=\"og:site_name\" content=\"Actualit\u00e9 des entreprises\" \/>\n<meta property=\"article:modified_time\" content=\"2022-01-26T10:48:43+00:00\" \/>\n<meta property=\"og:image\" content=\"https:\/\/www.annonces-legales.org\/blog\/wp-content\/uploads\/2021\/09\/Eure-agricole-et-rurale.png\" \/>\n\t<meta property=\"og:image:width\" content=\"341\" \/>\n\t<meta property=\"og:image:height\" content=\"146\" \/>\n\t<meta property=\"og:image:type\" content=\"image\/png\" \/>\n<meta name=\"twitter:card\" content=\"summary_large_image\" \/>\n<meta name=\"twitter:label1\" content=\"Dur\u00e9e de lecture estim\u00e9e\" \/>\n\t<meta name=\"twitter:data1\" content=\"2 minutes\" \/>\n<script type=\"application\/ld+json\" class=\"yoast-schema-graph\">{\"@context\":\"https:\/\/schema.org\",\"@graph\":[{\"@type\":\"WebPage\",\"@id\":\"https:\/\/www.annonces-legales.org\/blog\/eure-agricole-et-rurale\/\",\"url\":\"https:\/\/www.annonces-legales.org\/blog\/eure-agricole-et-rurale\/\",\"name\":\"Eure agricole et rurale - Actualit\u00e9 des entreprises\",\"isPartOf\":{\"@id\":\"https:\/\/www.annonces-legales.org\/blog\/#website\"},\"primaryImageOfPage\":{\"@id\":\"https:\/\/www.annonces-legales.org\/blog\/eure-agricole-et-rurale\/#primaryimage\"},\"image\":{\"@id\":\"https:\/\/www.annonces-legales.org\/blog\/eure-agricole-et-rurale\/#primaryimage\"},\"thumbnailUrl\":\"https:\/\/www.annonces-legales.org\/blog\/wp-content\/uploads\/2021\/09\/Eure-agricole-et-rurale.png\",\"datePublished\":\"2021-09-21T15:23:24+00:00\",\"dateModified\":\"2022-01-26T10:48:43+00:00\",\"breadcrumb\":{\"@id\":\"https:\/\/www.annonces-legales.org\/blog\/eure-agricole-et-rurale\/#breadcrumb\"},\"inLanguage\":\"fr-FR\",\"potentialAction\":[{\"@type\":\"ReadAction\",\"target\":[\"https:\/\/www.annonces-legales.org\/blog\/eure-agricole-et-rurale\/\"]}]},{\"@type\":\"ImageObject\",\"inLanguage\":\"fr-FR\",\"@id\":\"https:\/\/www.annonces-legales.org\/blog\/eure-agricole-et-rurale\/#primaryimage\",\"url\":\"https:\/\/www.annonces-legales.org\/blog\/wp-content\/uploads\/2021\/09\/Eure-agricole-et-rurale.png\",\"contentUrl\":\"https:\/\/www.annonces-legales.org\/blog\/wp-content\/uploads\/2021\/09\/Eure-agricole-et-rurale.png\",\"width\":341,\"height\":146},{\"@type\":\"BreadcrumbList\",\"@id\":\"https:\/\/www.annonces-legales.org\/blog\/eure-agricole-et-rurale\/#breadcrumb\",\"itemListElement\":[{\"@type\":\"ListItem\",\"position\":1,\"name\":\"Accueil\",\"item\":\"https:\/\/www.annonces-legales.org\/blog\/\"},{\"@type\":\"ListItem\",\"position\":2,\"name\":\"Liste des journaux habilit\u00e9s \u00e0 publier des annonces l\u00e9gales\",\"item\":\"https:\/\/www.annonces-legales.org\/blog\/liste-des-journaux-habilites-a-publier-des-annonces-legales\/\"},{\"@type\":\"ListItem\",\"position\":3,\"name\":\"Eure agricole et rurale\"}]},{\"@type\":\"WebSite\",\"@id\":\"https:\/\/www.annonces-legales.org\/blog\/#website\",\"url\":\"https:\/\/www.annonces-legales.org\/blog\/\",\"name\":\"Actualit\u00e9 des entreprises\",\"description\":\"\",\"publisher\":{\"@id\":\"https:\/\/www.annonces-legales.org\/blog\/#organization\"},\"potentialAction\":[{\"@type\":\"SearchAction\",\"target\":{\"@type\":\"EntryPoint\",\"urlTemplate\":\"https:\/\/www.annonces-legales.org\/blog\/?s={search_term_string}\"},\"query-input\":{\"@type\":\"PropertyValueSpecification\",\"valueRequired\":true,\"valueName\":\"search_term_string\"}}],\"inLanguage\":\"fr-FR\"},{\"@type\":\"Organization\",\"@id\":\"https:\/\/www.annonces-legales.org\/blog\/#organization\",\"name\":\"Actualit\u00e9 des entreprises\",\"url\":\"https:\/\/www.annonces-legales.org\/blog\/\",\"logo\":{\"@type\":\"ImageObject\",\"inLanguage\":\"fr-FR\",\"@id\":\"https:\/\/www.annonces-legales.org\/blog\/#\/schema\/logo\/image\/\",\"url\":\"https:\/\/www.annonces-legales.org\/blog\/wp-content\/uploads\/2023\/08\/annonces-legales.svg\",\"contentUrl\":\"https:\/\/www.annonces-legales.org\/blog\/wp-content\/uploads\/2023\/08\/annonces-legales.svg\",\"caption\":\"Actualit\u00e9 des entreprises\"},\"image\":{\"@id\":\"https:\/\/www.annonces-legales.org\/blog\/#\/schema\/logo\/image\/\"}}]}<\/script>\n<!-- \/ Yoast SEO plugin. -->","yoast_head_json":{"title":"Eure agricole et rurale - Actualit\u00e9 des entreprises","robots":{"index":"index","follow":"follow","max-snippet":"max-snippet:-1","max-image-preview":"max-image-preview:large","max-video-preview":"max-video-preview:-1"},"canonical":"https:\/\/www.annonces-legales.org\/blog\/eure-agricole-et-rurale\/","og_locale":"fr_FR","og_type":"article","og_title":"Eure agricole et rurale - Actualit\u00e9 des entreprises","og_description":"Le journal Eure agricole et rurale est un hebdomadaire qui informe ses lecteurs sur l&rsquo;actualit\u00e9 agricole de la r\u00e9gion de [&hellip;]","og_url":"https:\/\/www.annonces-legales.org\/blog\/eure-agricole-et-rurale\/","og_site_name":"Actualit\u00e9 des entreprises","article_modified_time":"2022-01-26T10:48:43+00:00","og_image":[{"width":341,"height":146,"url":"https:\/\/www.annonces-legales.org\/blog\/wp-content\/uploads\/2021\/09\/Eure-agricole-et-rurale.png","type":"image\/png"}],"twitter_card":"summary_large_image","twitter_misc":{"Dur\u00e9e de lecture estim\u00e9e":"2 minutes"},"schema":{"@context":"https:\/\/schema.org","@graph":[{"@type":"WebPage","@id":"https:\/\/www.annonces-legales.org\/blog\/eure-agricole-et-rurale\/","url":"https:\/\/www.annonces-legales.org\/blog\/eure-agricole-et-rurale\/","name":"Eure agricole et rurale - Actualit\u00e9 des entreprises","isPartOf":{"@id":"https:\/\/www.annonces-legales.org\/blog\/#website"},"primaryImageOfPage":{"@id":"https:\/\/www.annonces-legales.org\/blog\/eure-agricole-et-rurale\/#primaryimage"},"image":{"@id":"https:\/\/www.annonces-legales.org\/blog\/eure-agricole-et-rurale\/#primaryimage"},"thumbnailUrl":"https:\/\/www.annonces-legales.org\/blog\/wp-content\/uploads\/2021\/09\/Eure-agricole-et-rurale.png","datePublished":"2021-09-21T15:23:24+00:00","dateModified":"2022-01-26T10:48:43+00:00","breadcrumb":{"@id":"https:\/\/www.annonces-legales.org\/blog\/eure-agricole-et-rurale\/#breadcrumb"},"inLanguage":"fr-FR","potentialAction":[{"@type":"ReadAction","target":["https:\/\/www.annonces-legales.org\/blog\/eure-agricole-et-rurale\/"]}]},{"@type":"ImageObject","inLanguage":"fr-FR","@id":"https:\/\/www.annonces-legales.org\/blog\/eure-agricole-et-rurale\/#primaryimage","url":"https:\/\/www.annonces-legales.org\/blog\/wp-content\/uploads\/2021\/09\/Eure-agricole-et-rurale.png","contentUrl":"https:\/\/www.annonces-legales.org\/blog\/wp-content\/uploads\/2021\/09\/Eure-agricole-et-rurale.png","width":341,"height":146},{"@type":"BreadcrumbList","@id":"https:\/\/www.annonces-legales.org\/blog\/eure-agricole-et-rurale\/#breadcrumb","itemListElement":[{"@type":"ListItem","position":1,"name":"Accueil","item":"https:\/\/www.annonces-legales.org\/blog\/"},{"@type":"ListItem","position":2,"name":"Liste des journaux habilit\u00e9s \u00e0 publier des annonces l\u00e9gales","item":"https:\/\/www.annonces-legales.org\/blog\/liste-des-journaux-habilites-a-publier-des-annonces-legales\/"},{"@type":"ListItem","position":3,"name":"Eure agricole et rurale"}]},{"@type":"WebSite","@id":"https:\/\/www.annonces-legales.org\/blog\/#website","url":"https:\/\/www.annonces-legales.org\/blog\/","name":"Actualit\u00e9 des entreprises","description":"","publisher":{"@id":"https:\/\/www.annonces-legales.org\/blog\/#organization"},"potentialAction":[{"@type":"SearchAction","target":{"@type":"EntryPoint","urlTemplate":"https:\/\/www.annonces-legales.org\/blog\/?s={search_term_string}"},"query-input":{"@type":"PropertyValueSpecification","valueRequired":true,"valueName":"search_term_string"}}],"inLanguage":"fr-FR"},{"@type":"Organization","@id":"https:\/\/www.annonces-legales.org\/blog\/#organization","name":"Actualit\u00e9 des entreprises","url":"https:\/\/www.annonces-legales.org\/blog\/","logo":{"@type":"ImageObject","inLanguage":"fr-FR","@id":"https:\/\/www.annonces-legales.org\/blog\/#\/schema\/logo\/image\/","url":"https:\/\/www.annonces-legales.org\/blog\/wp-content\/uploads\/2023\/08\/annonces-legales.svg","contentUrl":"https:\/\/www.annonces-legales.org\/blog\/wp-content\/uploads\/2023\/08\/annonces-legales.svg","caption":"Actualit\u00e9 des entreprises"},"image":{"@id":"https:\/\/www.annonces-legales.org\/blog\/#\/schema\/logo\/image\/"}}]}},"_links":{"self":[{"href":"https:\/\/www.annonces-legales.org\/blog\/wp-json\/wp\/v2\/pages\/926","targetHints":{"allow":["GET"]}}],"collection":[{"href":"https:\/\/www.annonces-legales.org\/blog\/wp-json\/wp\/v2\/pages"}],"about":[{"href":"https:\/\/www.annonces-legales.org\/blog\/wp-json\/wp\/v2\/types\/page"}],"author":[{"embeddable":true,"href":"https:\/\/www.annonces-legales.org\/blog\/wp-json\/wp\/v2\/users\/1"}],"replies":[{"embeddable":true,"href":"https:\/\/www.annonces-legales.org\/blog\/wp-json\/wp\/v2\/comments?post=926"}],"version-history":[{"count":4,"href":"https:\/\/www.annonces-legales.org\/blog\/wp-json\/wp\/v2\/pages\/926\/revisions"}],"predecessor-version":[{"id":1472,"href":"https:\/\/www.annonces-legales.org\/blog\/wp-json\/wp\/v2\/pages\/926\/revisions\/1472"}],"up":[{"embeddable":true,"href":"https:\/\/www.annonces-legales.org\/blog\/wp-json\/wp\/v2\/pages\/351"}],"wp:attachment":[{"href":"https:\/\/www.annonces-legales.org\/blog\/wp-json\/wp\/v2\/media?parent=926"}],"curies":[{"name":"wp","href":"https:\/\/api.w.org\/{rel}","templated":true}]}}