{"id":998,"date":"2021-10-01T17:11:16","date_gmt":"2021-10-01T15:11:16","guid":{"rendered":"https:\/\/www.annonces-legales.org\/blog\/?page_id=998"},"modified":"2022-01-26T11:53:14","modified_gmt":"2022-01-26T10:53:14","slug":"journal-du-medoc","status":"publish","type":"page","link":"https:\/\/www.annonces-legales.org\/blog\/journal-du-medoc\/","title":{"rendered":"Journal du M\u00e9doc"},"content":{"rendered":"<p><img loading=\"lazy\" decoding=\"async\" class=\"aligncenter size-full wp-image-1000\" src=\"https:\/\/www.annonces-legales.org\/blog\/wp-content\/uploads\/2021\/10\/journal-du-medoc.png\" alt=\"\" width=\"267\" height=\"120\" \/><\/p>\n<p>Le <strong>journal du M\u00e9doc<\/strong> est un hebdomadaire de la r\u00e9gion girondine qui para\u00eet le vendredi.<br \/>\nCet hebdomadaire est vendu 1,70 euros. Il offre des informations sur les communes de la r\u00e9gion, avec des dossiers, des portraits et des enqu\u00eates ainsi qu&rsquo;une rubrique sortie et loisirs. Le journal publie \u00e9galement le billet de Mouquirouse. Mouquirouse est une personnalit\u00e9 embl\u00e9matique de la r\u00e9gion.<br \/>\nTous les \u00e9t\u00e9s, l&rsquo;hebdomadaire publie un hors-s\u00e9rie \u00ab\u00a0M\u00e9doc Mag\u00a0\u00bb qui propose des informations Gastronomique, culturel, et touristique sur la r\u00e9gion.<\/p>\n<p>Le journal est disponible dans 109 points de vente. On peut l&rsquo;acheter dans les communes suivantes : Lacanau, Le Porge, Sainte-H\u00e9l\u00e8ne, Arsac, Carcans, Castelnau de M\u00e9doc, Saint-Laurent du M\u00e9doc, Soulac sur mer, Naujac sur Mer, Hourtin, Avensan, Pauillac, Salaunes, Saint-Aubin de M\u00e9doc, le pian M\u00e9doc, Valeyrac&#8230;<\/p>\n<p>Ce journal a \u00e9t\u00e9 cr\u00e9\u00e9 en 1997 par Jean-Pierre Gauffre. Depuis 2016, il appartient au groupe \u00ab\u00a0Presse et M\u00e9dias du Sud-Ouest\u00a0\u00bb (PMSO).<br \/>\nLe journal du M\u00e9doc est r\u00e9guli\u00e8rement habilit\u00e9 \u00e0 publier des annonces judiciaires l\u00e9gales.<\/p>\n<p>L&rsquo;adresse du journal et 14 \u2013 16, Rue Camille Maumet \u00e0 Saint Laurent M\u00e9doc (33112).<\/p>\n<br\/><br\/><div class=\"entry-content notopmargin\">\n\t<img decoding=\"async\" class=\"img-fluid fleft\" src=\"https:\/\/www.annonces-legales.org\/images\/rapide-economique-tout-departement.png\" alt=\"Journal d'annonce l\u00e9gale de Gironde \"><a href=\"https:\/\/www.annonces-legales.org\/publication-annonce-legale.html\" class=\"button button-desc fright mtop30\"><div>Je publie<br> mon annonce<br> l\u00e9gale<\/div><span>dans un journal de Gironde !<\/span><\/a>\n<\/div><div class=\"clrbth\"><\/div><br\/><br\/>\n<h2>Annonce l\u00e9gale dans le 33<\/h2>\n<p>Pour faire para\u00eetre une annonce l\u00e9gale dans le d\u00e9partement 33, il est obligatoire d&rsquo;utiliser un journal d&rsquo;annonce l\u00e9gale ou un service de presse en ligne qui a obtenu une habilitation. La pr\u00e9fecture de la Gironde octroie chaque ann\u00e9e une habilitation \u00e0 certains journaux. cette habilitation leur donne le droit de r\u00e9aliser des annonces l\u00e9gales pour les entreprises les personnes physiques vivant en Gironde.<\/p>\n<p>Afin de publier des annonces l\u00e9gales dans les 33, il est conseill\u00e9 d&rsquo;effectuer plusieurs demandes de prix aupr\u00e8s de nombreux journaux pour \u00eatre certain de payer le moins cher. Pour gagner du temps, il est possible d&rsquo;utiliser les services d&rsquo;annonces-legales.org. Ils permettent d&rsquo;obtenir un devis pour plusieurs journaux.<\/p>\n","protected":false},"excerpt":{"rendered":"<p>Le journal du M\u00e9doc est un hebdomadaire de la r\u00e9gion girondine qui para\u00eet le vendredi. Cet hebdomadaire est vendu 1,70 [&hellip;]<\/p>\n","protected":false},"author":1,"featured_media":0,"parent":351,"menu_order":0,"comment_status":"closed","ping_status":"closed","template":"","meta":{"inline_featured_image":false,"footnotes":""},"class_list":["post-998","page","type-page","status-publish","hentry"],"yoast_head":"<!-- This site is optimized with the Yoast SEO plugin v26.8 - https:\/\/yoast.com\/product\/yoast-seo-wordpress\/ -->\n<title>Journal du M\u00e9doc - Actualit\u00e9 des entreprises<\/title>\n<meta name=\"robots\" content=\"index, follow, max-snippet:-1, max-image-preview:large, max-video-preview:-1\" \/>\n<link rel=\"canonical\" href=\"https:\/\/www.annonces-legales.org\/blog\/journal-du-medoc\/\" \/>\n<meta property=\"og:locale\" content=\"fr_FR\" \/>\n<meta property=\"og:type\" content=\"article\" \/>\n<meta property=\"og:title\" content=\"Journal du M\u00e9doc - Actualit\u00e9 des entreprises\" \/>\n<meta property=\"og:description\" content=\"Le journal du M\u00e9doc est un hebdomadaire de la r\u00e9gion girondine qui para\u00eet le vendredi. Cet hebdomadaire est vendu 1,70 [&hellip;]\" \/>\n<meta property=\"og:url\" content=\"https:\/\/www.annonces-legales.org\/blog\/journal-du-medoc\/\" \/>\n<meta property=\"og:site_name\" content=\"Actualit\u00e9 des entreprises\" \/>\n<meta property=\"article:modified_time\" content=\"2022-01-26T10:53:14+00:00\" \/>\n<meta property=\"og:image\" content=\"https:\/\/www.annonces-legales.org\/blog\/wp-content\/uploads\/2021\/10\/journal-du-medoc.png\" \/>\n\t<meta property=\"og:image:width\" content=\"267\" \/>\n\t<meta property=\"og:image:height\" content=\"120\" \/>\n\t<meta property=\"og:image:type\" content=\"image\/png\" \/>\n<meta name=\"twitter:card\" content=\"summary_large_image\" \/>\n<meta name=\"twitter:label1\" content=\"Dur\u00e9e de lecture estim\u00e9e\" \/>\n\t<meta name=\"twitter:data1\" content=\"2 minutes\" \/>\n<script type=\"application\/ld+json\" class=\"yoast-schema-graph\">{\"@context\":\"https:\/\/schema.org\",\"@graph\":[{\"@type\":\"WebPage\",\"@id\":\"https:\/\/www.annonces-legales.org\/blog\/journal-du-medoc\/\",\"url\":\"https:\/\/www.annonces-legales.org\/blog\/journal-du-medoc\/\",\"name\":\"Journal du M\u00e9doc - Actualit\u00e9 des entreprises\",\"isPartOf\":{\"@id\":\"https:\/\/www.annonces-legales.org\/blog\/#website\"},\"primaryImageOfPage\":{\"@id\":\"https:\/\/www.annonces-legales.org\/blog\/journal-du-medoc\/#primaryimage\"},\"image\":{\"@id\":\"https:\/\/www.annonces-legales.org\/blog\/journal-du-medoc\/#primaryimage\"},\"thumbnailUrl\":\"https:\/\/www.annonces-legales.org\/blog\/wp-content\/uploads\/2021\/10\/journal-du-medoc.png\",\"datePublished\":\"2021-10-01T15:11:16+00:00\",\"dateModified\":\"2022-01-26T10:53:14+00:00\",\"breadcrumb\":{\"@id\":\"https:\/\/www.annonces-legales.org\/blog\/journal-du-medoc\/#breadcrumb\"},\"inLanguage\":\"fr-FR\",\"potentialAction\":[{\"@type\":\"ReadAction\",\"target\":[\"https:\/\/www.annonces-legales.org\/blog\/journal-du-medoc\/\"]}]},{\"@type\":\"ImageObject\",\"inLanguage\":\"fr-FR\",\"@id\":\"https:\/\/www.annonces-legales.org\/blog\/journal-du-medoc\/#primaryimage\",\"url\":\"https:\/\/www.annonces-legales.org\/blog\/wp-content\/uploads\/2021\/10\/journal-du-medoc.png\",\"contentUrl\":\"https:\/\/www.annonces-legales.org\/blog\/wp-content\/uploads\/2021\/10\/journal-du-medoc.png\",\"width\":267,\"height\":120},{\"@type\":\"BreadcrumbList\",\"@id\":\"https:\/\/www.annonces-legales.org\/blog\/journal-du-medoc\/#breadcrumb\",\"itemListElement\":[{\"@type\":\"ListItem\",\"position\":1,\"name\":\"Accueil\",\"item\":\"https:\/\/www.annonces-legales.org\/blog\/\"},{\"@type\":\"ListItem\",\"position\":2,\"name\":\"Liste des journaux habilit\u00e9s \u00e0 publier des annonces l\u00e9gales\",\"item\":\"https:\/\/www.annonces-legales.org\/blog\/liste-des-journaux-habilites-a-publier-des-annonces-legales\/\"},{\"@type\":\"ListItem\",\"position\":3,\"name\":\"Journal du M\u00e9doc\"}]},{\"@type\":\"WebSite\",\"@id\":\"https:\/\/www.annonces-legales.org\/blog\/#website\",\"url\":\"https:\/\/www.annonces-legales.org\/blog\/\",\"name\":\"Actualit\u00e9 des entreprises\",\"description\":\"\",\"publisher\":{\"@id\":\"https:\/\/www.annonces-legales.org\/blog\/#organization\"},\"potentialAction\":[{\"@type\":\"SearchAction\",\"target\":{\"@type\":\"EntryPoint\",\"urlTemplate\":\"https:\/\/www.annonces-legales.org\/blog\/?s={search_term_string}\"},\"query-input\":{\"@type\":\"PropertyValueSpecification\",\"valueRequired\":true,\"valueName\":\"search_term_string\"}}],\"inLanguage\":\"fr-FR\"},{\"@type\":\"Organization\",\"@id\":\"https:\/\/www.annonces-legales.org\/blog\/#organization\",\"name\":\"Actualit\u00e9 des entreprises\",\"url\":\"https:\/\/www.annonces-legales.org\/blog\/\",\"logo\":{\"@type\":\"ImageObject\",\"inLanguage\":\"fr-FR\",\"@id\":\"https:\/\/www.annonces-legales.org\/blog\/#\/schema\/logo\/image\/\",\"url\":\"https:\/\/www.annonces-legales.org\/blog\/wp-content\/uploads\/2023\/08\/annonces-legales.svg\",\"contentUrl\":\"https:\/\/www.annonces-legales.org\/blog\/wp-content\/uploads\/2023\/08\/annonces-legales.svg\",\"caption\":\"Actualit\u00e9 des entreprises\"},\"image\":{\"@id\":\"https:\/\/www.annonces-legales.org\/blog\/#\/schema\/logo\/image\/\"}}]}<\/script>\n<!-- \/ Yoast SEO plugin. -->","yoast_head_json":{"title":"Journal du M\u00e9doc - Actualit\u00e9 des entreprises","robots":{"index":"index","follow":"follow","max-snippet":"max-snippet:-1","max-image-preview":"max-image-preview:large","max-video-preview":"max-video-preview:-1"},"canonical":"https:\/\/www.annonces-legales.org\/blog\/journal-du-medoc\/","og_locale":"fr_FR","og_type":"article","og_title":"Journal du M\u00e9doc - Actualit\u00e9 des entreprises","og_description":"Le journal du M\u00e9doc est un hebdomadaire de la r\u00e9gion girondine qui para\u00eet le vendredi. Cet hebdomadaire est vendu 1,70 [&hellip;]","og_url":"https:\/\/www.annonces-legales.org\/blog\/journal-du-medoc\/","og_site_name":"Actualit\u00e9 des entreprises","article_modified_time":"2022-01-26T10:53:14+00:00","og_image":[{"width":267,"height":120,"url":"https:\/\/www.annonces-legales.org\/blog\/wp-content\/uploads\/2021\/10\/journal-du-medoc.png","type":"image\/png"}],"twitter_card":"summary_large_image","twitter_misc":{"Dur\u00e9e de lecture estim\u00e9e":"2 minutes"},"schema":{"@context":"https:\/\/schema.org","@graph":[{"@type":"WebPage","@id":"https:\/\/www.annonces-legales.org\/blog\/journal-du-medoc\/","url":"https:\/\/www.annonces-legales.org\/blog\/journal-du-medoc\/","name":"Journal du M\u00e9doc - Actualit\u00e9 des entreprises","isPartOf":{"@id":"https:\/\/www.annonces-legales.org\/blog\/#website"},"primaryImageOfPage":{"@id":"https:\/\/www.annonces-legales.org\/blog\/journal-du-medoc\/#primaryimage"},"image":{"@id":"https:\/\/www.annonces-legales.org\/blog\/journal-du-medoc\/#primaryimage"},"thumbnailUrl":"https:\/\/www.annonces-legales.org\/blog\/wp-content\/uploads\/2021\/10\/journal-du-medoc.png","datePublished":"2021-10-01T15:11:16+00:00","dateModified":"2022-01-26T10:53:14+00:00","breadcrumb":{"@id":"https:\/\/www.annonces-legales.org\/blog\/journal-du-medoc\/#breadcrumb"},"inLanguage":"fr-FR","potentialAction":[{"@type":"ReadAction","target":["https:\/\/www.annonces-legales.org\/blog\/journal-du-medoc\/"]}]},{"@type":"ImageObject","inLanguage":"fr-FR","@id":"https:\/\/www.annonces-legales.org\/blog\/journal-du-medoc\/#primaryimage","url":"https:\/\/www.annonces-legales.org\/blog\/wp-content\/uploads\/2021\/10\/journal-du-medoc.png","contentUrl":"https:\/\/www.annonces-legales.org\/blog\/wp-content\/uploads\/2021\/10\/journal-du-medoc.png","width":267,"height":120},{"@type":"BreadcrumbList","@id":"https:\/\/www.annonces-legales.org\/blog\/journal-du-medoc\/#breadcrumb","itemListElement":[{"@type":"ListItem","position":1,"name":"Accueil","item":"https:\/\/www.annonces-legales.org\/blog\/"},{"@type":"ListItem","position":2,"name":"Liste des journaux habilit\u00e9s \u00e0 publier des annonces l\u00e9gales","item":"https:\/\/www.annonces-legales.org\/blog\/liste-des-journaux-habilites-a-publier-des-annonces-legales\/"},{"@type":"ListItem","position":3,"name":"Journal du M\u00e9doc"}]},{"@type":"WebSite","@id":"https:\/\/www.annonces-legales.org\/blog\/#website","url":"https:\/\/www.annonces-legales.org\/blog\/","name":"Actualit\u00e9 des entreprises","description":"","publisher":{"@id":"https:\/\/www.annonces-legales.org\/blog\/#organization"},"potentialAction":[{"@type":"SearchAction","target":{"@type":"EntryPoint","urlTemplate":"https:\/\/www.annonces-legales.org\/blog\/?s={search_term_string}"},"query-input":{"@type":"PropertyValueSpecification","valueRequired":true,"valueName":"search_term_string"}}],"inLanguage":"fr-FR"},{"@type":"Organization","@id":"https:\/\/www.annonces-legales.org\/blog\/#organization","name":"Actualit\u00e9 des entreprises","url":"https:\/\/www.annonces-legales.org\/blog\/","logo":{"@type":"ImageObject","inLanguage":"fr-FR","@id":"https:\/\/www.annonces-legales.org\/blog\/#\/schema\/logo\/image\/","url":"https:\/\/www.annonces-legales.org\/blog\/wp-content\/uploads\/2023\/08\/annonces-legales.svg","contentUrl":"https:\/\/www.annonces-legales.org\/blog\/wp-content\/uploads\/2023\/08\/annonces-legales.svg","caption":"Actualit\u00e9 des entreprises"},"image":{"@id":"https:\/\/www.annonces-legales.org\/blog\/#\/schema\/logo\/image\/"}}]}},"_links":{"self":[{"href":"https:\/\/www.annonces-legales.org\/blog\/wp-json\/wp\/v2\/pages\/998","targetHints":{"allow":["GET"]}}],"collection":[{"href":"https:\/\/www.annonces-legales.org\/blog\/wp-json\/wp\/v2\/pages"}],"about":[{"href":"https:\/\/www.annonces-legales.org\/blog\/wp-json\/wp\/v2\/types\/page"}],"author":[{"embeddable":true,"href":"https:\/\/www.annonces-legales.org\/blog\/wp-json\/wp\/v2\/users\/1"}],"replies":[{"embeddable":true,"href":"https:\/\/www.annonces-legales.org\/blog\/wp-json\/wp\/v2\/comments?post=998"}],"version-history":[{"count":2,"href":"https:\/\/www.annonces-legales.org\/blog\/wp-json\/wp\/v2\/pages\/998\/revisions"}],"predecessor-version":[{"id":1001,"href":"https:\/\/www.annonces-legales.org\/blog\/wp-json\/wp\/v2\/pages\/998\/revisions\/1001"}],"up":[{"embeddable":true,"href":"https:\/\/www.annonces-legales.org\/blog\/wp-json\/wp\/v2\/pages\/351"}],"wp:attachment":[{"href":"https:\/\/www.annonces-legales.org\/blog\/wp-json\/wp\/v2\/media?parent=998"}],"curies":[{"name":"wp","href":"https:\/\/api.w.org\/{rel}","templated":true}]}}